--
-- Host: localhost    Database: gibbon_db
-- ------------------------------------------------------


--
-- Table structure for table `gibbonAction`
--

CREATE TABLE `gibbonAction` (
  `gibbonActionID` int(7) unsigned zerofill NOT NULL AUTO_INCREMENT,
  `gibbonModuleID` int(4) unsigned zerofill NOT NULL,
  `name` varchar(50) NOT NULL COMMENT 'The action name should be unqiue to the module that it is related to',
  `precedence` int(2) NOT NULL,
  `category` varchar(20) NOT NULL,
  `description` varchar(255) NOT NULL,
  `helpURL` varchar(255) DEFAULT NULL,
  `URLList` text NOT NULL COMMENT 'Comma seperated list of all URLs that make up this action',
  `entryURL` varchar(255) NOT NULL,
  `entrySidebar` enum('Y','N') NOT NULL DEFAULT 'Y',
  `menuShow` enum('Y','N') NOT NULL DEFAULT 'Y',
  `defaultPermissionAdmin` enum('N','Y') NOT NULL DEFAULT 'N',
  `defaultPermissionTeacher` enum('N','Y') NOT NULL DEFAULT 'N',
  `defaultPermissionStudent` enum('N','Y') NOT NULL DEFAULT 'N',
  `defaultPermissionParent` enum('N','Y') NOT NULL DEFAULT 'N',
  `defaultPermissionSupport` enum('N','Y') NOT NULL DEFAULT 'N',
  `categoryPermissionStaff` enum('Y','N') NOT NULL DEFAULT 'Y',
  `categoryPermissionStudent` enum('Y','N') NOT NULL DEFAULT 'Y',
  `categoryPermissionParent` enum('Y','N') NOT NULL DEFAULT 'Y',
  `categoryPermissionOther` enum('Y','N') NOT NULL DEFAULT 'Y',
  PRIMARY KEY (`gibbonActionID`),
  UNIQUE KEY `moduleActionName` (`name`,`gibbonModuleID`),
  KEY `gibbonModuleID` (`gibbonModuleID`)
) ENGINE=InnoDB AUTO_INCREMENT=999 DEFAULT CHARSET=utf8mb3 COLLATE=utf8mb3_general_ci;

--
-- Dumping data for table `gibbonAction`
--

INSERT INTO `gibbonAction` VALUES (0000001,0002,'Application Form Settings',0,'Student Management','Allows admins to control the application form','administrators/getting-started/getting-started-with-gibbon/#admissions','applicationFormSettings.php','applicationFormSettings.php','Y','Y','N','N','N','N','N','Y','N','N','N'),(0000002,0002,'Manage Users_editDelete',1,'User Management','Edit any user within the system','administrators/getting-started/getting-started-with-gibbon/#users','user_manage.php, user_manage_add.php, user_manage_edit.php, user_manage_delete.php, user_manage_password.php','user_manage.php','Y','Y','Y','N','N','N','N','Y','N','N','N'),(0000003,0001,'Manage School Years',0,'Years, Days & Times','Allows user to control the definition of academic years within the system','administrators/getting-started/getting-started-with-gibbon/#years-days-times','schoolYear_manage.php,schoolYear_manage_edit.php,schoolYear_manage_delete.php,schoolYear_manage_add.php','schoolYear_manage.php','Y','Y','Y','N','N','N','N','Y','N','N','N'),(0000004,0145,'Student Enrolment',0,'Current Students','Allows user to control student enrolment in the current year',NULL,'studentEnrolment_manage.php,studentEnrolment_manage_add.php,studentEnrolment_manage_edit.php,studentEnrolment_manage_delete.php','studentEnrolment_manage.php','Y','Y','Y','N','N','N','N','Y','N','N','N'),(0000005,0003,'System Settings',0,'Settings','Main system settings',NULL,'systemSettings.php','systemSettings.php','Y','Y','Y','N','N','N','N','Y','N','N','N'),(0000006,0001,'Manage Year Groups',0,'Groupings','',NULL,'yearGroup_manage.php,yearGroup_manage_edit.php,yearGroup_manage_add.php,yearGroup_manage_delete.php','yearGroup_manage.php','Y','Y','Y','N','N','N','N','Y','N','N','N'),(0000007,0001,'Manage Form Groups',0,'Groupings','',NULL,'formGroup_manage.php,formGroup_manage_edit.php,formGroup_manage_add.php,formGroup_manage_delete.php','formGroup_manage.php','Y','Y','Y','N','N','N','N','Y','N','N','N'),(0000008,0001,'Manage Houses',0,'Groupings','',NULL,'house_manage.php,house_manage_edit.php,house_manage_add.php,house_manage_delete.php,house_manage_assign.php','house_manage.php','Y','Y','Y','N','N','N','N','Y','N','N','N'),(0000009,0002,'Manage Roles_all',1,'User Management','','administrators/getting-started/getting-started-with-gibbon/#user-management-access','role_manage.php,role_manage_add.php,role_manage_edit.php,role_manage_delete.php,role_manage_duplicate.php,role_manage_view.php','role_manage.php','Y','Y','Y','N','N','N','N','Y','N','N','N'),(0000010,0003,'Manage Modules',0,'Extend & Update','',NULL,'module_manage.php,module_manage_install.php,module_manage_edit.php,module_manage_uninstall.php,module_manage_update.php','module_manage.php','Y','Y','Y','N','N','N','N','Y','N','N','N'),(0000011,0005,'Emergency SMS by Year Group',0,'Reports','Output all parental first mobile numbers by year group: if there are no details, then show emergency details.',NULL,'report_emergencySMS_byYearGroup.php','report_emergencySMS_byYearGroup.php','Y','Y','Y','N','N','N','N','Y','Y','Y','Y'),(0000012,0002,'Manage Permissions',0,'User Management','','administrators/getting-started/getting-started-with-gibbon/#user-management-access','permission_manage.php,permission_manage_edit.php','permission_manage.php','N','Y','Y','N','N','N','N','Y','N','N','N'),(0000013,0001,'Days of the Week',0,'Years, Days & Times','','administrators/getting-started/getting-started-with-gibbon/#years-days-times','daysOfWeek_manage.php','daysOfWeek_manage.php','Y','Y','Y','N','N','N','N','Y','N','N','N'),(0000014,0008,'Update Personal Data_family',0,'Request Updates','Allows users to update personal information for themselves and their family members',NULL,'data_personal.php','data_personal.php','Y','Y','N','Y','N','Y','Y','Y','Y','Y','Y'),(0000015,0001,'Manage Terms',0,'Years, Days & Times','','administrators/getting-started/getting-started-with-gibbon/#years-days-times','schoolYearTerm_manage.php,schoolYearTerm_manage_add.php,schoolYearTerm_manage_edit.php,schoolYearTerm_manage_delete.php','schoolYearTerm_manage.php','Y','Y','Y','N','N','N','N','Y','N','N','N'),(0000016,0001,'Manage Special Days',0,'Years, Days & Times','','administrators/getting-started/getting-started-with-gibbon/#years-days-times','schoolYearSpecialDay_manage.php,schoolYearSpecialDay_manage_add.php,schoolYearSpecialDay_manage_edit.php,schoolYearSpecialDay_manage_delete.php','schoolYearSpecialDay_manage.php','Y','Y','Y','N','N','N','N','Y','N','N','N'),(0000017,0013,'Manage Courses & Classes',0,'Courses & Classes','',NULL,'course_manage.php,course_manage_add.php,course_manage_edit.php,course_manage_delete.php,course_manage_class_add.php,course_manage_class_edit.phpcourse_manage_class_delete.php','course_manage.php','Y','Y','Y','N','N','N','N','Y','N','N','N'),(0000018,0013,'Course Enrolment by Class',0,'Courses & Classes','',NULL,'courseEnrolment_manage.php,courseEnrolment_manage_class_edit.php,courseEnrolment_manage_class_edit_edit.php,courseEnrolment_manage_class_edit_delete.php','courseEnrolment_manage.php','Y','Y','Y','N','N','N','N','Y','N','N','N'),(0000019,0002,'Manage Families',0,'User Management','',NULL,'family_manage.php,family_manage_add.php,family_manage_edit.php,family_manage_delete.php,family_manage_edit_editChild.php,family_manage_edit_deleteChild.php,family_manage_edit_editAdult.php,family_manage_edit_deleteAdult.php','family_manage.php','Y','Y','Y','N','N','N','N','Y','N','N','N'),(0000020,0003,'Manage Themes',0,'Extend & Update','',NULL,'theme_manage.php,theme_manage_install.php,theme_manage_edit.php,theme_manage_uninstall.php','theme_manage.php','Y','Y','Y','N','N','N','N','Y','N','N','N'),(0000021,0005,'Manage Medical Forms',0,'Medical','Manage medical form information for users',NULL,'medicalForm_manage.php,medicalForm_manage_add.php,medicalForm_manage_edit.php,medicalForm_manage_delete.php,medicalForm_manage_condition_add.php,medicalForm_manage_condition_edit.php,medicalForm_manage_condition_delete.php','medicalForm_manage.php','Y','Y','Y','N','N','N','N','Y','N','N','N'),(0000022,0004,'View Departments',0,'Departments','Allows uers to view all department details.',NULL,'departments.php, department.php, department_course.php, department_course_class.php, department_course_class_full.php, department_course_unit_add.php, department_course_unit_edit.php, department_course_unit_delete.php, department_course_unit_duplicate.php, department_edit.php, department_course_edit.php','departments.php','Y','Y','Y','Y','Y','Y','Y','Y','Y','Y','Y'),(0000023,0005,'View Student Profile_brief',0,'Profiles','View brief profile of any student in the school.','teachers/people/student-profiles/','student_view.php,student_view_details.php','student_view.php','Y','Y','N','N','Y','N','N','Y','Y','Y','Y'),(0000024,0005,'View Student Profile_full',3,'Profiles','View full profile of any student in the school.','teachers/people/student-profiles/','student_view.php,student_view_details.php,student_view_details_notes_add.php,student_view_details_notes_edit.php','student_view.php','Y','Y','Y','Y','N','N','Y','Y','N','N','N'),(0000025,0001,'Manage Facilities',0,'Other','Allows users to create a list of spaces and rooms in the school',NULL,'space_manage.php, space_manage_add.php, space_manage_edit.php, space_manage_delete.php','space_manage.php','Y','Y','Y','N','N','N','N','Y','N','N','N'),(0000026,0006,'Attendance By Person',0,'Take Attendance','Take attendance, one person at a time',NULL,'attendance_take_byPerson.php','attendance_take_byPerson.php','Y','Y','Y','Y','N','N','Y','Y','N','N','Y'),(0000027,0006,'Attendance By Form Group_all',1,'Take Attendance','Take attendance, one form group at a time',NULL,'attendance_take_byFormGroup.php','attendance_take_byFormGroup.php','Y','Y','Y','Y','N','N','Y','Y','N','N','Y'),(0000028,0006,'Set Future Absence',0,'Future Information','Set future absences one student at a time',NULL,'attendance_future_byPerson.php','attendance_future_byPerson.php','Y','Y','Y','Y','N','N','Y','Y','N','N','Y'),(0000029,0006,'Students Not Present',0,'Reports','Print a report of students who are not present on a given day',NULL,'report_studentsNotPresent_byDate.php,report_studentsNotPresent_byDate_print.php','report_studentsNotPresent_byDate.php','Y','Y','Y','Y','N','N','Y','Y','N','N','Y'),(0000030,0006,'Form Groups Not Registered',0,'Reports','Print a report of form groups who have not been registered on a given day',NULL,'report_formGroupsNotRegistered_byDate.php,report_formGroupsNotRegistered_byDate_print.php','report_formGroupsNotRegistered_byDate.php','Y','Y','Y','Y','N','N','Y','Y','N','N','Y'),(0000031,0006,'Student History_all',2,'Reports','Print a report of all attendance data in the current school year for a student',NULL,'report_studentHistory.php,report_studentHistory_print.php','report_studentHistory.php','Y','Y','Y','Y','N','N','Y','Y','N','N','Y'),(0000032,0136,'Manage Staff_general',0,'Staff Management','Edit general information on members of staff.',NULL,'staff_manage.php, staff_manage_add.php, staff_manage_edit.php, staff_manage_delete.php, staff_manage_edit_facility_add.php, staff_manage_edit_facility_delete.php','staff_manage.php','Y','Y','Y','N','N','N','N','Y','N','N','N'),(0000033,0007,'View Markbook_allClassesAllData',4,'Markbook','View all markbook information for all users','teachers/assess/markbook/','markbook_view.php, markbook_view_full.php','markbook_view.php','N','Y','Y','Y','N','N','Y','Y','Y','Y','Y'),(0000034,0007,'Edit Markbook_singleClass',0,'Markbook','Edit columns and grades for a single class at a time.','teachers/assess/markbook/','markbook_edit.php, markbook_edit_add.php, markbook_edit_edit.php, markbook_edit_delete.php,markbook_edit_data.php,markbook_edit_targets.php,markbook_edit_copy.php','markbook_edit.php','Y','Y','Y','Y','N','N','N','Y','Y','Y','Y'),(0000035,0009,'Lesson Planner_viewMyClasses',1,'Planning','View all planner information for classes user is in','teachers/learn/planner/lesson-planner/','planner.php, planner_view_full.php, planner_deadlines.php, planner_view_full_post.php, planner_unitOverview.php','planner.php','Y','Y','Y','Y','Y','N','N','Y','Y','Y','Y'),(0000036,0009,'Lesson Planner_viewAllEditMyClasses',3,'Planning','View all planner information and edit all planner information for classes user is in','teachers/learn/planner/lesson-planner/','planner.php, planner_view_full.php, planner_add.php, planner_edit.php, planner_delete.php, planner_deadlines.php, planner_duplicate.php, planner_view_full_post.php, planner_view_full_submit_edit.php, planner_bump.php, planner_unitOverview.php','planner.php','Y','Y','Y','Y','N','N','N','Y','N','N','Y'),(0000038,0009,'Lesson Planner_viewEditAllClasses',4,'Planning','View and edit all planner information for all classes','teachers/learn/planner/lesson-planner/','planner.php, planner_view_full.php, planner_add.php, planner_edit.php, planner_delete.php, planner_deadlines.php, planner_duplicate.php, planner_view_full_post.php, planner_view_full_submit_edit.php, planner_bump.php, planner_unitOverview.php','planner.php','Y','Y','Y','N','N','N','N','Y','N','N','N'),(0000039,0007,'View Markbook_myMarks',2,'Markbook','View your own marks','teachers/assess/markbook/','markbook_view.php','markbook_view.php','N','Y','N','N','Y','N','N','Y','Y','N','Y'),(0000040,0009,'Lesson Planner_viewMyChildrensClasses',0,'Planning','Allows parents to view their children\'s classes','teachers/learn/planner/lesson-planner/','planner.php, planner_view_full.php, planner_deadlines.php, planner_view_full_post.php, planner_unitOverview.php','planner.php','Y','Y','N','N','N','Y','N','N','N','Y','N'),(0000041,0007,'View Markbook_viewMyChildrensClasses',1,'','Allows parents to view their children\'s classes','teachers/assess/markbook/','markbook_view.php','markbook_view.php','Y','Y','N','N','N','Y','N','N','N','Y','N'),(0000042,0005,'View Student Profile_myChildren',1,'Profiles','Allows parents to view their student\'s information','teachers/people/student-profiles/','student_view.php, student_view_details.php','student_view.php','Y','Y','N','N','N','Y','N','N','N','Y','N'),(0000043,0005,'Students by Form Group',0,'Reports','Print student form group lists',NULL,'report_students_byFormGroup.php,report_students_byFormGroup_print.php','report_students_byFormGroup.php','N','Y','Y','N','N','N','N','Y','Y','Y','Y'),(0000044,0006,'Students Not Onsite',0,'Reports','Print a report of students who are not physically on the school campus on a given day',NULL,'report_studentsNotOnsite_byDate.php,report_studentsNotOnsite_byDate_print.php','report_studentsNotOnsite_byDate.php','Y','Y','Y','Y','N','N','Y','Y','N','N','Y'),(0000045,0011,'Individual Needs Records_view',0,'Individual Needs','Allows user to view IN records for all students',NULL,'in_view.php, in_edit.php','in_view.php','Y','Y','Y','Y','N','N','N','Y','N','N','N'),(0000046,0011,'Individual Needs Records_viewEdit',2,'Individual Needs','Allows users to edit IN records for all students',NULL,'in_view.php, in_edit.php','in_view.php','Y','Y','Y','N','N','N','N','Y','N','N','N'),(0000047,0012,'Assess',0,'Crowd Assessment','Allows users to assess each other\'s work','teachers/assess/crowd-assessment/','crowdAssess.php,crowdAssess_view.php,crowdAssess_view_discuss.php, crowdAssess_view_discuss_post.php','crowdAssess.php','Y','Y','Y','Y','Y','Y','Y','Y','Y','Y','Y'),(0000048,0013,'Manage Timetables',0,'Timetable','Allow admins to create and manage timetables','administrators/timetable/timetabling/','tt.php, tt_add.php, tt_edit.php, tt_delete.php, tt_import.php, tt_edit_day_add.php, tt_edit_day_edit.php, tt_edit_day_delete.php, tt_edit_day_edit_class.php, tt_edit_day_edit_class_delete.php, tt_edit_day_edit_class_add.php, tt_edit_day_edit_class_edit.php, tt_edit_day_edit_class_exception.php, tt_edit_day_edit_class_exception_add.php, tt_edit_day_edit_class_exception_delete.php,tt_edit_byClass.php','tt.php','Y','Y','Y','N','N','N','N','Y','N','N','N'),(0000049,0013,'Manage Columns',0,'Timetable','Allow admins to manage timetable columns',NULL,'ttColumn.php, ttColumn_add.php, ttColumn_edit.php, ttColumn_delete.php, ttColumn_edit_row_add.php, ttColumn_edit_row_edit.php, ttColumn_edit_row_delete.php','ttColumn.php','Y','Y','Y','N','N','N','N','Y','N','N','N'),(0000050,0013,'Tie Days To Dates',0,'Timetable','Allows admins to place timetable days into the school calendar',NULL,'ttDates.php, ttDates_edit.php, ttDates_edit_add.php, ttDates_edit_delete.php','ttDates.php','Y','Y','Y','N','N','N','N','Y','N','N','N'),(0000051,0014,'View Timetable by Person',2,'View Timetables','Allows users to view timetables',NULL,'tt.php, tt_view.php','tt.php','Y','Y','Y','Y','Y','Y','Y','Y','Y','Y','Y'),(0000052,0015,'View Activities_view',0,'Activities','Allows users to view activities',NULL,'activities_view.php, activities_view_full.php','activities_view.php','Y','Y','Y','Y','Y','Y','Y','Y','Y','Y','Y'),(0000053,0015,'View Activities_studentRegister',1,'Activities','Allows students to view activities and register',NULL,'activities_view.php, activities_view_full.php, activities_view_register.php','activities_view.php','Y','Y','N','N','Y','N','N','N','Y','N','N'),(0000054,0001,'Activity Settings',0,'Learn','Control activity settings',NULL,'activitySettings.php,activitySettings_type_add.php,activitySettings_type_edit.php,activitySettings_type_delete.php','activitySettings.php','Y','Y','Y','N','N','N','N','Y','N','N','N'),(0000055,0015,'Manage Activities',0,'Administration','Allows managers to build activity program',NULL,'activities_manage.php, activities_manage_add.php, activities_manage_edit.php, activities_manage_delete.php,activities_manage_enrolment.php,activities_manage_enrolment_add.php,activities_manage_enrolment_edit.php,activities_manage_enrolment_delete.php','activities_manage.php','Y','Y','Y','N','N','N','N','Y','N','N','N'),(0000056,0015,'My Activities',0,'Activities','Allows a user to view the activities they are involved in',NULL,'activities_my.php, activities_my_full.php','activities_my.php','Y','Y','Y','Y','Y','N','N','Y','Y','Y','Y'),(0000057,0015,'Participants by Activity',0,'Reports','Print participant lists',NULL,'report_participants.php, report_participants_print.php','report_participants.php','Y','Y','Y','Y','N','N','Y','Y','Y','Y','Y'),(0000058,0015,'Attendance History by Activity',0,'Attendance','Print attendance lists',NULL,'report_attendance.php, report_attendanceExport.php','report_attendance.php','Y','Y','Y','Y','N','N','Y','Y','Y','Y','Y'),(0000059,0015,'Generate Invoices',0,'Administration','Print payment list',NULL,'activities_payment.php','activities_payment.php','Y','Y','Y','Y','N','N','Y','Y','Y','Y','Y'),(0000060,0006,'Student History_myChildren',0,'Reports','Print a report of all attendance data in the current school yearfor my children',NULL,'report_studentHistory.php','report_studentHistory.php','Y','Y','N','N','N','Y','N','N','N','Y','N'),(0000061,0009,'Work Summary by Form Group',0,'Reports','Print work summary statistical data by form group',NULL,'report_workSummary_byFormGroup.php','report_workSummary_byFormGroup.php','Y','Y','Y','Y','N','N','N','Y','Y','Y','Y'),(0000062,0001,'Manage Departments',0,'Groupings','Allows admins to create learning areas and administrative groups.',NULL,'department_manage.php,department_manage_add.php,department_manage_edit.php,department_manage_delete.php','department_manage.php','Y','Y','Y','N','N','N','N','Y','N','N','N'),(0000063,0008,'Personal Data Updates',0,'Manage Updates','Allows admins to process data update requests for personal data','administrators/user-admin/data-updater/#personal-data','data_personal_manage.php, data_personal_manage_edit.php, data_personal_manage_delete.php','data_personal_manage.php','Y','Y','Y','N','N','N','N','Y','N','N','N'),(0000064,0008,'Update Medical Form_family',0,'Request Updates','Allows users to update medical information for themselves and their family members',NULL,'data_medical.php','data_medical.php','Y','Y','N','N','N','Y','N','Y','Y','Y','Y'),(0000065,0008,'Medical Form Updates',0,'Manage Updates','Allows admins to process data update requests for medical data','administrators/user-admin/data-updater/#medical-data','data_medical_manage.php, data_medical_manage_edit.php, data_medical_manage_delete.php','data_medical_manage.php','Y','Y','Y','N','N','N','N','Y','N','N','N'),(0000066,0013,'Class Enrolment by Form Group',0,'Reports','Shows the number of classes students are enroled in, organised by form group',NULL,'report_classEnrolment_byFormGroup.php','report_classEnrolment_byFormGroup.php','Y','Y','Y','N','N','N','N','Y','Y','Y','Y'),(0000067,0015,'Activity Type by Form Group',0,'Reports','Print form group lists showing count of various activity types',NULL,'report_activityType_formGroup.php','report_activityType_formGroup.php','Y','Y','Y','Y','N','N','Y','Y','N','N','N'),(0000068,0016,'External Assessment Data_view',0,'External Assessment','Allow users to view assessment data for all students',NULL,'externalAssessment.php, externalAssessment_details.php','externalAssessment.php','Y','Y','Y','Y','N','N','N','Y','N','N','N'),(0000069,0016,'External Assessment Data_manage',1,'External Assessment','Allows users to manage external assessment data',NULL,'externalAssessment.php, externalAssessment_details.php, externalAssessment_manage_details_add.php, externalAssessment_manage_details_edit.php, externalAssessment_manage_details_delete.php','externalAssessment.php','Y','Y','Y','N','N','N','N','Y','N','N','N'),(0000070,0002,'Rollover',0,'Student Management','Allows admins to kick the school forward one year',NULL,'rollover.php','rollover.php','Y','Y','Y','N','N','N','N','Y','N','N','N'),(0000072,0005,'Student Transport',0,'Reports','Shows student transport details',NULL,'report_transport_student.php','report_transport_student.php','Y','Y','Y','Y','N','N','N','Y','N','N','N'),(0000073,0008,'Student Data Updater History',0,'Reports','Allows users to check, for a group of students, how recently they have been updated',NULL,'report_student_dataUpdaterHistory.php','report_student_dataUpdaterHistory.php','Y','Y','Y','Y','N','N','Y','Y','N','N','N'),(0000074,0005,'Application Form',0,'Admissions','Allows users, with or without an account, to apply for student place.',NULL,'applicationForm.php','applicationForm.php','Y','Y','N','N','N','N','N','Y','Y','Y','Y'),(0000075,0005,'Medical Data Summary',0,'Reports','Allows users to show a summary of medical data for a group of students.',NULL,'report_student_medicalSummary.php, report_student_medicalSummary_print.php','report_student_medicalSummary.php','Y','Y','Y','Y','N','N','Y','Y','N','N','N'),(0000077,0005,'Emergency Data Summary',0,'Reports','Allows users to show a summary of emergency contact data for a group of students.',NULL,'report_student_emergencySummary.php, report_student_emergencySummary_print.php','report_student_emergencySummary.php','Y','Y','Y','Y','N','N','Y','Y','N','N','N'),(0000078,0005,'Manage Applications_editDelete',1,'Admissions','Allows admins to view and action applications',NULL,'applicationForm_manage.php, applicationForm_manage_edit.php, applicationForm_manage_delete.php, applicationForm_manage_accept.php, applicationForm_manage_reject.php, applicationForm_manage_add.php','applicationForm_manage.php','Y','Y','N','N','N','N','N','Y','N','N','N'),(0000585,0008,'Update Personal Data_any',1,'Request Updates','Create personal data update request for any user',NULL,'data_personal.php','data_personal.php','Y','Y','Y','N','N','N','N','Y','N','N','N'),(0000586,0008,'Update Medical Data_any',1,'Request Updates','Create medical data update request for any user',NULL,'data_medical.php','data_medical.php','Y','Y','Y','N','N','N','N','Y','N','N','N'),(0000605,0001,'Behaviour Settings',0,'People','Manage settings for the Behaviour module',NULL,'behaviourSettings.php','behaviourSettings.php','Y','Y','Y','N','N','N','N','Y','N','N','N'),(0000606,0119,'Manage Behaviour Records_all',1,'Behaviour Records','Manage all behaviour records','teachers/people/behaviour/','behaviour_manage.php, behaviour_manage_add.php, behaviour_manage_edit.php, behaviour_manage_delete.php','behaviour_manage.php','Y','Y','Y','N','N','N','N','Y','N','N','N'),(0000607,0119,'Manage Behaviour Records_my',0,'Behaviour Records','Manage behaviour records create by the user','teachers/people/behaviour/','behaviour_manage.php, behaviour_manage_add.php, behaviour_manage_edit.php, behaviour_manage_delete.php','behaviour_manage.php','Y','Y','N','Y','N','N','N','Y','N','N','N'),(0000608,0119,'View Behaviour Records_all',1,'Behaviour Records','View behaviour records by student','teachers/people/behaviour/','behaviour_view.php,behaviour_view_details.php','behaviour_view.php','Y','Y','Y','Y','N','N','N','Y','N','N','N'),(0000609,0005,'Emergency SMS by Transport',0,'Reports','Show SMS emergency details by transport route',NULL,'report_emergencySMS_byTransport.php','report_emergencySMS_byTransport.php','Y','Y','Y','N','N','N','N','Y','N','N','N'),(0000610,0001,'Resource Settings',0,'Learn','Manage settings for the resources module',NULL,'resourceSettings.php','resourceSettings.php','Y','Y','Y','N','N','N','N','Y','N','N','N'),(0000611,0009,'Manage Resources_all',1,'Resources','Manage all resources',NULL,'resources_manage.php, resources_manage_add.php, resources_manage_edit.php, resources_manage_delete.php','resources_manage.php','Y','Y','Y','N','N','N','N','Y','N','N','N'),(0000612,0009,'Manage Resources_my',0,'Resources','Manage resources created by the user',NULL,'resources_manage.php, resources_manage_add.php, resources_manage_edit.php, resources_manage_delete.php','resources_manage.php','Y','Y','N','Y','N','N','N','Y','N','N','N'),(0000613,0009,'View Resources',0,'Resources','View resources',NULL,'resources_view.php,resources_view_details.php,resources_view_full.php','resources_view.php','Y','Y','Y','Y','N','N','N','Y','Y','Y','Y'),(0000614,0121,'New Message_classes_my',1,'Manage Messages','Bulk email to any of my classes','teachers/other/messenger/#getting-started','messenger_post.php','messenger_post.php','Y','Y','Y','Y','N','N','N','Y','Y','Y','N'),(0000615,0121,'New Message_classes_any',9,'Manage Messages','Bulk email to any class','teachers/other/messenger/#getting-started','messenger_post.php','messenger_post.php','Y','Y','Y','N','N','N','N','Y','Y','Y','N'),(0000616,0121,'New Message_classes_parents',5,'Manage Messages','Include parents in messages posted to classes','teachers/other/messenger/#getting-started','messenger_post.php','messenger_post.php','Y','Y','Y','N','N','N','N','Y','Y','Y','N'),(0000617,0121,'New Message_courses_my',3,'Manage Messages','Bulk email to any of my courses','teachers/other/messenger/#getting-started','messenger_post.php','messenger_post.php','Y','Y','Y','Y','N','N','N','Y','Y','Y','N'),(0000618,0121,'New Message_courses_any',11,'Manage Messages','Bulk email to any courses','teachers/other/messenger/#getting-started','messenger_post.php','messenger_post.php','Y','Y','Y','N','N','N','N','Y','Y','Y','N'),(0000619,0121,'New Message_courses_parents',7,'Manage Messages','Include parents in messages posted to courses','teachers/other/messenger/#getting-started','messenger_post.php','messenger_post.php','Y','Y','Y','N','N','N','N','Y','Y','Y','N'),(0000620,0121,'New Message_formGroups_my',2,'Manage Messages','Bulk email to any of my form groups','teachers/other/messenger/#getting-started','messenger_post.php','messenger_post.php','Y','Y','Y','Y','N','N','N','Y','Y','Y','N'),(0000621,0121,'New Message_formGroups_any',10,'Manage Messages','Bulk email to any form group','teachers/other/messenger/#getting-started','messenger_post.php','messenger_post.php','Y','Y','Y','N','N','N','N','Y','Y','Y','N'),(0000622,0121,'New Message_formGroups_parents',6,'Manage Messages','Include parents in messages posted to parents','teachers/other/messenger/#getting-started','messenger_post.php','messenger_post.php','Y','Y','Y','N','N','N','N','Y','Y','Y','N'),(0000623,0121,'New Message_activities_my',0,'Manage Messages','Bulk email to any of my activities','teachers/other/messenger/#getting-started','messenger_post.php','messenger_post.php','Y','Y','Y','Y','N','N','N','Y','Y','Y','N'),(0000624,0121,'New Message_activities_any',8,'Manage Messages','Bulk email to any activity','teachers/other/messenger/#getting-started','messenger_post.php','messenger_post.php','Y','Y','Y','N','N','N','N','Y','Y','Y','N'),(0000625,0121,'New Message_activities_parents',4,'Manage Messages','Include parents in messages posted to activities','teachers/other/messenger/#getting-started','messenger_post.php','messenger_post.php','Y','Y','Y','N','N','N','N','Y','Y','Y','N'),(0000626,0121,'New Message_yearGroups_any',8,'Manage Messages','Bulk email to any year group','teachers/other/messenger/#getting-started','messenger_post.php','messenger_post.php','Y','Y','Y','N','N','N','N','Y','Y','Y','N'),(0000627,0121,'New Message_yearGroups_parents',4,'Manage Messages','Include parents in messages posted to year group','teachers/other/messenger/#getting-started','messenger_post.php','messenger_post.php','Y','Y','Y','N','N','N','N','Y','Y','Y','N'),(0000628,0121,'New Message_role',8,'Manage Messages','Bulk email to a particular role','teachers/other/messenger/#getting-started','messenger_post.php','messenger_post.php','Y','Y','Y','N','N','N','N','Y','Y','Y','N'),(0000629,0121,'Manage Messages_my',0,'Manage Messages','Edit all messages created by the user',NULL,'messenger_manage.php,messenger_manage_delete.php,messenger_manage_edit.php,messenger_manage_report.php,messenger_send.php','messenger_manage.php','N','Y','Y','Y','N','N','N','Y','Y','Y','N'),(0000630,0121,'Manage Messages_all',1,'Manage Messages','Edit all messages',NULL,'messenger_manage.php,messenger_manage_delete.php,messenger_manage_edit.php,messenger_manage_report.php,messenger_send.php','messenger_manage.php','N','Y','Y','N','N','N','N','Y','N','Y','N'),(0000631,0003,'Update',0,'Extend & Update','Update Gibbon to a new version',NULL,'update.php','update.php','Y','Y','Y','N','N','N','N','Y','N','N','N'),(0000632,0121,'New Message_fromSchool',0,'Manage Messages','Bulk email from the school\'s email address','teachers/other/messenger/#getting-started','messenger_post.php','messenger_post.php','Y','Y','Y','N','N','N','N','Y','Y','Y','N'),(0000655,0014,'View Timetable by Facility',0,'View Timetables','View space usage according to the timetable',NULL,'tt_space.php,tt_space_view.php','tt_space.php','Y','Y','Y','Y','N','N','N','Y','Y','N','Y'),(0000656,0013,'Course Enrolment by Person',0,'Courses & Classes','Manage course enrolment for a single user',NULL,'courseEnrolment_manage_byPerson.php, courseEnrolment_manage_byPerson_edit.php, courseEnrolment_manage_byPerson_edit_edit.php, courseEnrolment_manage_byPerson_edit_delete.php','courseEnrolment_manage_byPerson.php','Y','Y','Y','N','N','N','N','Y','N','N','N'),(0000657,0121,'New Message_applicants',12,'Manage Messages','Bulk email to applicants by intended school year of entry','teachers/other/messenger/#getting-started','messenger_post.php','messenger_post.php','Y','Y','Y','N','N','N','N','Y','N','Y','N'),(0000658,0121,'New Message_individuals',13,'Manage Messages','Bulk email to indvidual users','teachers/other/messenger/#getting-started','messenger_post.php','messenger_post.php','Y','Y','Y','N','N','N','N','Y','Y','Y','N'),(0000659,0121,'New Message_houses_my',14,'Manage Messages','Bulk email to members of my house','teachers/other/messenger/#getting-started','messenger_post.php','messenger_post.php','Y','Y','Y','N','N','N','N','Y','Y','Y','N'),(0000660,0121,'New Message_houses_all',15,'Manage Messages','Bulk email to members of all houses','teachers/other/messenger/#getting-started','messenger_post.php','messenger_post.php','Y','Y','Y','N','N','N','N','Y','Y','Y','N'),(0000661,0009,'Unit Planner_all',1,'Planning','Manage all units within the school',NULL,'units.php, units_add.php, units_delete.php, units_edit.php, units_duplicate.php, units_edit_deploy.php, units_edit_working.php, units_edit_working_copyback.php, units_edit_working_add.php, units_edit_copyBack.php, units_edit_copyForward.php, units_dump.php,units_edit_smartBlockify.php','units.php','Y','Y','Y','N','N','N','N','Y','N','N','N'),(0000662,0009,'Unit Planner_learningAreas',0,'Planning','Manage all units within the learning areas I have appropriate permission',NULL,'units.php, units_add.php, units_delete.php, units_edit.php, units_duplicate.php, units_edit_deploy.php, units_edit_working.php, units_edit_working_copyback.php, units_edit_working_add.php, units_edit_copyBack.php, units_edit_copyForward.php, units_dump.php,units_edit_smartBlockify.php','units.php','Y','Y','N','Y','N','N','N','Y','N','N','N'),(0000673,0015,'Activity Spread by Form Group',0,'Reports','View spread of enrolment over terms and days by form group',NULL,'report_activitySpread_formGroup.php','report_activitySpread_formGroup.php','Y','Y','Y','Y','N','N','N','Y','N','N','N'),(0000674,0001,'Planner Settings',0,'Learn','Edit settings for the planner',NULL,'plannerSettings.php','plannerSettings.php','Y','Y','Y','N','N','N','N','Y','N','N','N'),(0000675,0009,'Manage Outcomes_viewAllEditLearningArea',1,'Outcomes','View all outcomes in the school, edit any from Learning Areas where you are Coordinator or Teacher (Curriculum)',NULL,'outcomes.php, outcomes_add.php, outcomes_edit.php, outcomes_delete.php','outcomes.php','Y','Y','N','Y','N','N','N','Y','N','N','N'),(0000676,0009,'Manage Outcomes_viewEditAll',2,'Outcomes','Manage all outcomes in the school',NULL,'outcomes.php, outcomes_add.php, outcomes_edit.php, outcomes_delete.php','outcomes.php','Y','Y','Y','N','N','N','N','Y','N','N','N'),(0000677,0009,'Manage Outcomes_viewAll',0,'Outcomes','View all outcomes in the school',NULL,'outcomes.php','outcomes.php','Y','Y','N','N','N','N','N','Y','N','N','N'),(0000678,0126,'Manage Rubrics_viewAllEditLearningArea',0,'Rubrics','View all rubrics in the school, edit any from Learning Areas where you are Coordinator or Teacher (Curriculum)','teachers/assess/rubrics/#getting-started','rubrics.php, rubrics_add.php, rubrics_edit.php, rubrics_delete.php, rubrics_edit_editRowsColumns.php, rubrics_duplicate.php','rubrics.php','Y','Y','N','Y','N','N','N','Y','N','N','N'),(0000679,0126,'Manage Rubrics_viewEditAll',1,'Rubrics','Manage all rubrics in the school','teachers/assess/rubrics/#getting-started','rubrics.php, rubrics_add.php, rubrics_edit.php, rubrics_delete.php, rubrics_edit_editRowsColumns.php, rubrics_duplicate.php','rubrics.php','Y','Y','Y','N','N','N','N','Y','N','N','N'),(0000705,0015,'Activity Choices by Student',1,'Reports','View all student activity choices in the current year for a given student',NULL,'report_activityChoices_byStudent.php','report_activityChoices_byStudent.php','Y','Y','Y','Y','N','N','N','Y','N','N','N'),(0000706,0001,'Manage Grade Scales',1,'Assess','Manage all aspects of grade scales, which are used throughout ARR to control grade input.',NULL,'gradeScales_manage.php, gradeScales_manage_add.php, gradeScales_manage_edit.php, gradeScales_manage_delete.php, gradeScales_manage_edit_grade_add.php, gradeScales_manage_edit_grade_edit.php, gradeScales_manage_edit_grade_delete.php','gradeScales_manage.php','Y','Y','Y','N','N','N','N','Y','N','N','N'),(0000707,0145,'New Students',1,'Reports','A report showing all new students in the current school year.',NULL,'report_students_new.php','report_students_new.php','Y','Y','Y','Y','N','N','N','Y','N','N','N'),(0000708,0126,'View Rubrics',0,'Rubrics','View all rubrics in the school, except students who can only view those for own year group.','teachers/assess/rubrics/','rubrics_view.php, rubrics_view_full.php','rubrics_view.php','Y','Y','N','N','Y','N','N','Y','Y','Y','N'),(0000709,0015,'Activity Enrolment Summary',0,'Reports','View summary enrolment information for all activities in the current year.',NULL,'report_activityEnrollmentSummary.php','report_activityEnrollmentSummary.php','Y','Y','Y','Y','N','N','N','Y','N','N','N'),(0000710,0130,'Manage Catalog',0,'Catalog','Control all items in the school library catalog',NULL,'library_manage_catalog.php, library_manage_catalog_add.php, library_manage_catalog_edit.php, library_manage_catalog_delete.php, library_manage_catalog_duplicate.php','library_manage_catalog.php','Y','Y','Y','N','N','N','N','Y','N','N','N'),(0000711,0130,'Lending & Activity Log',0,'Catalog','Manage lending, returns, reservations, repairs, decommissioning, etc.',NULL,'library_lending.php, library_lending_item.php,library_lending_item_signout.php,library_lending_item_return.php,library_lending_item_edit.php,library_lending_item_renew.php','library_lending.php','Y','Y','Y','N','N','N','N','Y','N','N','N'),(0000712,0001,'Library Settings',0,'Learn','Manage settings for the Library module',NULL,'librarySettings.php','librarySettings.php','Y','Y','Y','N','N','N','N','Y','N','N','N'),(0000713,0005,'Age & Gender Summary',0,'Reports','Summarises gender, age and school year',NULL,'report_students_ageGenderSummary.php','report_students_ageGenderSummary.php','N','Y','Y','N','N','N','N','Y','N','N','N'),(0000714,0005,'Form Group Summary',0,'Reports','Summarises gender and number of students across all form groups.',NULL,'report_formGroupSummary.php','report_formGroupSummary.php','Y','Y','Y','N','N','N','N','Y','N','N','N'),(0000715,0001,'Manage Alert Levels',0,'People','Manage the alert levels which are used throughout the school to flag problems.',NULL,'alertLevelSettings.php','alertLevelSettings.php','Y','Y','Y','N','N','N','N','Y','N','N','N'),(0000716,0011,'Individual Needs Records_viewContribute',1,'Individual Needs','Allows users to contribute teaching strategies to IN records for all students',NULL,'in_view.php, in_edit.php','in_view.php','Y','Y','Y','Y','N','N','N','Y','N','N','N'),(0000717,0001,'Individual Needs Settings',0,'Learn','Allows admins to control the descriptors available for use in the Individual Needs module.',NULL,'inSettings.php, inSettings_add.php, inSettings_edit.php, inSettings_delete.php','inSettings.php','Y','Y','Y','N','N','N','N','Y','N','N','N'),(0000718,0011,'Individual Needs Summary',0,'Individual Needs','Allows user to see a flexible summary of IN data.',NULL,'in_summary.php','in_summary.php','Y','Y','Y','N','N','N','N','Y','N','N','N'),(0000719,0119,'Find Behaviour Patterns',0,'Behaviour Tracking','Allows user to spot students who are repeat or regular offenders.',NULL,'behaviour_pattern.php','behaviour_pattern.php','Y','Y','Y','N','N','N','N','Y','N','N','N'),(0000720,0130,'Browse The Library',0,'Catalog','Search and view all borrowable items maintained by the library',NULL,'library_browse.php','library_browse.php','N','Y','Y','Y','Y','Y','Y','Y','Y','Y','Y'),(0000721,0130,'View Overdue Items',0,'Reports','View items which are on loan and have exceeded their due date.',NULL,'report_viewOverdueItems.php','report_viewOverdueItems.php','Y','Y','Y','N','N','N','N','Y','Y','Y','N'),(0000722,0130,'Student Borrowing Record',0,'Reports','View items borrowed by an individual student.',NULL,'report_studentBorrowingRecord.php','report_studentBorrowingRecord.php','Y','Y','Y','Y','N','N','N','Y','N','N','N'),(0000723,0002,'User Settings',0,'User Settings','Configure settings relating to user management.',NULL,'userSettings.php','userSettings.php','Y','Y','Y','N','N','N','N','Y','N','N','N'),(0000724,0005,'Family Address by Student',0,'Reports','View family addresses by student',NULL,'report_familyAddress_byStudent.php','report_familyAddress_byStudent.php','Y','Y','Y','N','N','N','N','Y','N','N','N'),(0000725,0002,'Data Updater Settings',0,'User Settings','Configure options for the Data Updater module',NULL,'dataUpdaterSettings.php','dataUpdaterSettings.php','Y','Y','Y','N','N','N','N','Y','N','N','N'),(0000726,0001,'Formal Assessment Settings',0,'Assess','Configure External Assessment module options',NULL,'formalAssessmentSettings.php','formalAssessmentSettings.php','Y','Y','Y','N','N','N','N','Y','N','N','N'),(0000727,0001,'Markbook Settings',0,'Assess','Configure options for the Markbook module',NULL,'markbookSettings.php','markbookSettings.php','Y','Y','Y','N','N','N','N','Y','N','N','N'),(0000741,0015,'View Activities_studentRegisterByParent',2,'Activities','Allows parents to register their children for activities',NULL,'activities_view.php, activities_view_full.php, activities_view_register.php','activities_view.php','Y','Y','N','N','N','Y','N','N','N','Y','N'),(0000742,0002,'Students Settings',0,'User Settings','Manage settings for the Student module',NULL,'studentsSettings.php,studentsSettings_noteCategory_add.php,studentsSettings_noteCategory_edit.php,studentsSettings_noteCategory_delete.php','studentsSettings.php','Y','Y','Y','N','N','N','N','Y','N','N','N'),(0000743,0121,'New Message_byEmail',0,'Manage Messages','Send messages by email.','teachers/other/messenger/#getting-started','messenger_post.php','messenger_post.php','Y','Y','Y','Y','N','N','N','Y','Y','Y','N'),(0000744,0121,'New Message_byMessageWall',0,'Manage Messages','Send messages by message wall.','teachers/other/messenger/#getting-started','messenger_post.php','messenger_post.php','Y','Y','Y','Y','N','N','N','Y','Y','Y','N'),(0000745,0121,'New Message_bySMS',0,'Manage Messages','Send messages by SMS.','teachers/other/messenger/#getting-started','messenger_post.php','messenger_post.php','Y','Y','Y','N','N','N','N','Y','Y','Y','N'),(0000746,0121,'View Message Wall',0,'View Messages','Allows users to view all messages posted on their message wall.','teachers/other/messenger/','messageWall_view.php,messageWall_view_full.php','messageWall_view.php','Y','Y','Y','Y','N','N','N','Y','Y','Y','Y'),(0000747,0001,'Messenger Settings',0,'Other','Manage gateway settings for outgoing SMS messages.',NULL,'messengerSettings.php','messengerSettings.php','Y','Y','Y','N','N','N','N','Y','N','N','N'),(0000748,0130,'Catalog Summary',0,'Reports','Provides an summary overview of items in the catalog.',NULL,'report_catalogSummary.php','report_catalogSummary.php','Y','Y','Y','N','N','N','N','Y','Y','Y','N'),(0000755,0145,'Left Students',1,'Reports','A report showing all the students who have left within a specified date range.',NULL,'report_students_left.php','report_students_left.php','Y','Y','Y','N','N','N','N','Y','N','N','N'),(0000756,0001,'Manage File Extensions',0,'Other','Manage file extensions allowed across the system',NULL,'fileExtensions_manage.php,fileExtensions_manage_add.php,fileExtensions_manage_edit.php,fileExtensions_manage_delete.php','fileExtensions_manage.php','Y','Y','Y','N','N','N','N','Y','N','N','N'),(0000757,0005,'Student ID Cards',1,'Reports','A report for bulk creation of student ID cards.',NULL,'report_students_IDCards.php','report_students_IDCards.php','Y','Y','Y','N','N','N','N','Y','N','N','N'),(0000758,0007,'Edit Markbook_multipleClassesInDepartment',1,'Markbook','Edit columns and grades for a single class belonging to the user, or multiple classes within departments.','teachers/assess/markbook/','markbook_edit.php, markbook_edit_add.php, markbook_edit_edit.php, markbook_edit_delete.php,markbook_edit_data.php,markbook_edit_targets.php,markbook_edit_copy.php,markbook_edit_addMulti.php','markbook_edit.php','Y','Y','N','Y','N','N','N','Y','N','N','N'),(0000759,0007,'Edit Markbook_multipleClassesAcrossSchool',2,'Markbook','Edit columns and grades for a single class belonging to the user, or multiple classes across the whole school.','teachers/assess/markbook/','markbook_edit.php, markbook_edit_add.php, markbook_edit_edit.php, markbook_edit_delete.php,markbook_edit_data.php,markbook_edit_targets.php,markbook_edit_copy.php,markbook_edit_addMulti.php','markbook_edit.php','Y','Y','Y','N','N','N','N','Y','N','N','N'),(0000760,0014,'View Available Facilities',0,'Reports','View unassigned rooms by timetable.',NULL,'report_viewAvailableSpaces.php','report_viewAvailableSpaces.php','Y','Y','Y','N','N','N','N','Y','Y','Y','Y'),(0000764,0008,'Update Family Data_any',1,'Request Updates','Create family data update request for any user',NULL,'data_family.php','data_family.php','Y','Y','Y','N','N','N','N','Y','N','N','N'),(0000765,0008,'Update Family Data_family',0,'Request Updates','Allows adults in a family to create data update request for their family.',NULL,'data_family.php','data_family.php','Y','Y','Y','Y','N','Y','Y','Y','N','Y','N'),(0000766,0008,'Family Data Updates',0,'Manage Updates','Manage requests for updates to family data.','administrators/user-admin/data-updater/#family-data','data_family_manage.php,data_family_manage_edit.php,data_family_manage_delete.php','data_family_manage.php','Y','Y','Y','N','N','N','N','Y','N','N','N'),(0000767,0135,'Manage Fee Categories',0,'Billing','Allows users to create, edit and delete fee categories.',NULL,'feeCategories_manage.php,feeCategories_manage_add.php,feeCategories_manage_edit.php,feeCategories_manage_delete.php','feeCategories_manage.php','Y','Y','Y','N','N','N','N','Y','N','N','N'),(0000768,0135,'Manage Invoicees',0,'Billing','Allows users to view and edit invoice recipients.',NULL,'invoicees_manage.php,invoicees_manage_edit.php','invoicees_manage.php','Y','Y','Y','N','N','N','N','Y','N','N','N'),(0000769,0135,'Manage Fees',0,'Billing','Allows users to create, view and edit fees.',NULL,'fees_manage.php,fees_manage_edit.php,fees_manage_add.php','fees_manage.php','Y','Y','Y','N','N','N','N','Y','N','N','N'),(0000770,0135,'Manage Billing Schedule',0,'Billing','Allows users to create, view and edit billing windows.',NULL,'billingSchedule_manage.php,billingSchedule_manage_edit.php,billingSchedule_manage_add.php','billingSchedule_manage.php','Y','Y','Y','N','N','N','N','Y','N','N','N'),(0000771,0135,'Manage Invoices',0,'Billing','Allows users to generate, view, delete and edit invoices.',NULL,'invoices_manage.php,invoices_manage_edit.php,invoices_manage_add.php,invoices_manage_delete.php,invoices_manage_view.php,invoices_manage_issue.php,invoices_manage_print.php','invoices_manage.php','Y','Y','Y','N','N','N','N','Y','N','N','N'),(0000772,0001,'Finance Settings',0,'Other','Allows users to edit the text that appears in invoices and receipts.',NULL,'financeSettings.php','financeSettings.php','Y','Y','Y','N','N','N','N','Y','N','N','N'),(0000773,0008,'Update Finance Data_any',1,'Request Updates','Create finance data update request for any user',NULL,'data_finance.php','data_finance.php','Y','Y','Y','N','N','N','N','Y','N','N','N'),(0000774,0008,'Update Finance Data_family',0,'Request Updates','Allows adults in a family to create finance data update request for their family.',NULL,'data_finance.php','data_finance.php','Y','Y','Y','Y','N','Y','Y','Y','N','Y','N'),(0000775,0008,'Finance Data Updates',0,'Manage Updates','Manage requests for updates to finance data.','administrators/user-admin/data-updater/#finance-data','data_finance_manage.php,data_finance_manage_edit.php,data_finance_manage_delete.php','data_finance_manage.php','Y','Y','Y','N','N','N','N','Y','N','N','N'),(0000779,0136,'Staff Directory_brief',1,'Profiles','View brief profile of any staff member in the school.',NULL,'staff_view.php,staff_view_details.php','staff_view.php','Y','Y','Y','N','N','N','N','Y','Y','Y','Y'),(0000780,0136,'Staff Directory_full',2,'Profiles','View full profile of any staff member in the school.',NULL,'staff_view.php,staff_view_details.php','staff_view.php','Y','Y','Y','N','N','N','N','Y','Y','Y','Y'),(0000781,0137,'View Form Groups_all',1,'Form Groups','View a brief profile of form groups in school.',NULL,'formGroups.php,formGroups_details.php','formGroups.php','Y','Y','Y','Y','Y','N','Y','Y','Y','Y','Y'),(0000796,0001,'Manage External Assessments',1,'Assess','Add, edit and delete external assessments.',NULL,'externalAssessments_manage.php,externalAssessments_manage_edit.php,externalAssessments_manage_edit_field_add.php,externalAssessments_manage_edit_field_edit.php,externalAssessments_manage_edit_field_delete.php, externalAssessments_manage_add.php, externalAssessments_manage_delete.php','externalAssessments_manage.php','Y','Y','Y','N','N','N','N','Y','N','N','N'),(0000803,0007,'Edit Markbook_everything',4,'Markbook','Allows editing of any column in any class.','teachers/assess/markbook/','markbook_edit.php, markbook_edit_add.php, markbook_edit_edit.php, markbook_edit_delete.php,markbook_edit_data.php,markbook_edit_targets.php,markbook_edit_copy.php','markbook_edit.php','Y','Y','Y','N','N','N','N','Y','N','N','N'),(0000804,0002,'Manage Districts',0,'User Management','Manage a list of districts for address autocomplete.',NULL,'district_manage.php, district_manage_add.php, district_manage_edit.php, district_manage_delete.php','district_manage.php','Y','Y','Y','N','N','N','N','Y','N','N','N'),(0000805,0005,'Letters Home by Form Group',0,'Reports','Show students in form group, less those with an older sibling, so that letters can be carried home by oldest in family.',NULL,'report_lettersHome_byFormGroup.php','report_lettersHome_byFormGroup.php','Y','Y','Y','N','N','N','N','Y','N','N','N'),(0000806,0003,'Manage Languages',0,'Extend & Update','Allows administrators to control system-wide language and localisation settings.',NULL,'i18n_manage.php','i18n_manage.php','Y','Y','Y','N','N','N','N','Y','N','N','N'),(0000807,0005,'Privacy Choices by Student',0,'Reports','Shows privacy options selected, for those students with a selection made.',NULL,'report_privacy_student.php','report_privacy_student.php','N','Y','Y','Y','N','N','N','Y','N','N','N'),(0000808,0014,'View Available Teachers',0,'Reports','View unassigned teachers by timetable.',NULL,'report_viewAvailableTeachers.php','report_viewAvailableTeachers.php','Y','Y','Y','N','N','N','N','Y','Y','Y','Y'),(0000810,0009,'Parent Weekly Email Summary',0,'Reports','This report shows responses to the weekly summary email, organised by calendar week and role group.',NULL,'report_parentWeeklyEmailSummaryConfirmation.php','report_parentWeeklyEmailSummaryConfirmation.php','Y','Y','Y','Y','N','N','N','Y','N','N','N'),(0000812,0014,'Manage Facility Changes_allClasses',2,'Facilities','Allows a user to create and manage one-off location changes for all classes within the timetable.',NULL,'spaceChange_manage.php,spaceChange_manage_add.php,spaceChange_manage_edit.php,spaceChange_manage_delete.php','spaceChange_manage.php','Y','Y','Y','N','N','N','N','Y','N','N','N'),(0000813,0014,'Manage Facility Changes_myClasses',0,'Facilities','Allows a user to create and manage one-off location changes for their own classes within the timetable.',NULL,'spaceChange_manage.php,spaceChange_manage_add.php,spaceChange_manage_edit.php,spaceChange_manage_delete.php','spaceChange_manage.php','Y','Y','N','Y','N','N','N','Y','N','N','N'),(0000814,0014,'Manage Facility Bookings_allBookings',0,'Facilities','Allows a user to book a room for on-off use, and manage bookings made by all other users.',NULL,'spaceBooking_manage.php,spaceBooking_manage_add.php,spaceBooking_manage_edit.php,spaceBooking_manage_delete.php','spaceBooking_manage.php','Y','Y','Y','N','N','N','N','Y','N','N','N'),(0000815,0014,'Manage Facility Bookings_myBookings',0,'Facilities','Allows a user to book a room for on-off use, and manage their own bookings.',NULL,'spaceBooking_manage.php,spaceBooking_manage_add.php,spaceBooking_manage_edit.php,spaceBooking_manage_delete.php','spaceBooking_manage.php','Y','Y','N','Y','N','N','N','Y','Y','N','Y'),(0000817,0009,'Outcomes By Course',0,'Outcomes','This view gives an overview of which whole school and learning area outcomes are covered by classes in a given course, allowing for curriculum mapping by outcome and course.',NULL,'curriculumMapping_outcomesByCourse.php','curriculumMapping_outcomesByCourse.php','Y','Y','Y','N','N','N','N','Y','Y','Y','N'),(0000818,0121,'New Quick Wall Message',0,'Manage Messages','Allows for the quick posting of a Message Wall message to all users.',NULL,'messenger_postQuickWall.php','messenger_postQuickWall.php','Y','Y','Y','Y','N','N','Y','Y','Y','Y','N'),(0000820,0121,'New Message_transport_any',0,'Manage Messages','Send messages users by transport field.','teachers/other/messenger/#getting-started','messenger_post.php','messenger_post.php','Y','Y','Y','N','N','N','N','Y','Y','N','N'),(0000821,0121,'New Message_transport_parents',0,'Manage Messages','Send messages parents of users by transport field.','teachers/other/messenger/#getting-started','messenger_post.php','messenger_post.php','Y','Y','Y','N','N','N','N','Y','Y','N','N'),(0000822,0011,'Archive Records',0,'Other','Allows for current records to be archived for viewing in the future.',NULL,'in_archive.php','in_archive.php','Y','Y','Y','N','N','N','N','Y','N','N','N'),(0000823,0014,'View Timetable by Person_allYears',3,'View Timetables','Allows users to view timetables in all school years.',NULL,'tt.php, tt_view.php','tt.php','Y','Y','Y','N','N','N','N','Y','Y','Y','N'),(0000824,0135,'Manage Budgets',0,'Expenses','Allows users to create, edit and delete budgets.',NULL,'budgets_manage.php,budgets_manage_add.php,budgets_manage_edit.php,budgets_manage_delete.php','budgets_manage.php','Y','Y','Y','N','N','N','N','Y','N','N','N'),(0000825,0135,'Manage Expense Approvers',0,'Expenses','Determines who can approve expense requests, in accordance to the Expense Approval Type setting in School Admin.',NULL,'expenseApprovers_manage.php,expenseApprovers_manage_add.php,expenseApprovers_manage_edit.php,expenseApprovers_manage_delete.php','expenseApprovers_manage.php','Y','Y','Y','N','N','N','N','Y','N','N','N'),(0000826,0135,'Manage Budget Cycles',0,'Expenses','Allows a sufficiently priviledged user to create and manage budget cycles.',NULL,'budgetCycles_manage.php,budgetCycles_manage_add.php,budgetCycles_manage_edit.php,budgetCycles_manage_delete.php','budgetCycles_manage.php','Y','Y','Y','N','N','N','N','Y','N','N','N'),(0000827,0135,'My Expense Requests',0,'Expenses','Allows a user to request expenses from budgets they have access to.',NULL,'expenseRequest_manage.php,expenseRequest_manage_add.php,expenseRequest_manage_view.php,expenseRequest_manage_reimburse.php','expenseRequest_manage.php','Y','Y','Y','N','N','N','N','Y','N','N','N'),(0000828,0135,'Manage Expenses_all',0,'Expenses','Gives access to full control all expenses across all budgets.',NULL,'expenses_manage.php, expenses_manage_add.php, expenses_manage_edit.php, expenses_manage_print.php, expenses_manage_approve.php, expenses_manage_view.php','expenses_manage.php','Y','Y','Y','N','N','N','N','Y','N','N','N'),(0000829,0135,'Manage Expenses_myBudgets',0,'Expenses','Gives access to control expenses, according to budget-level access rights.',NULL,'expenses_manage.php, expenses_manage_edit.php, expenses_manage_print.php, expenses_manage_approve.php, expenses_manage_view.php','expenses_manage.php','Y','Y','N','Y','N','N','Y','Y','N','N','N'),(0000830,0003,'Third Party Settings',0,'Settings','Allows administrators to configure and make use of third party services.',NULL,'thirdPartySettings.php','thirdPartySettings.php','Y','Y','Y','N','N','N','N','Y','N','N','N'),(0000831,0002,'Public Registration Settings',0,'Student Management','Gives access to enable and configure public registration.',NULL,'publicRegistrationSettings.php','publicRegistrationSettings.php','Y','Y','Y','N','N','N','N','Y','N','N','N'),(0000832,0003,'Sound Alarm',0,'Alarm','Allows user to issue a system-wide audio alert to all staff.',NULL,'alarm.php','alarm.php','Y','Y','Y','N','N','N','N','Y','N','N','N'),(0000833,0016,'Manage Internal Assessments',0,'Internal Assessment','Allows privileged users to create and manage Internal Assessment columns.',NULL,'internalAssessment_manage.php, internalAssessment_manage_add.php, internalAssessment_manage_edit.php, internalAssessment_manage_delete.php','internalAssessment_manage.php','Y','Y','Y','N','N','N','N','Y','N','N','N'),(0000834,0016,'Write Internal Assessments_myClasses',0,'Internal Assessment','Allows teachers to enter Internal Assessment assessment data to columns in their classes.',NULL,'internalAssessment_write.php, internalAssessment_write_data.php','internalAssessment_write.php','Y','Y','N','Y','N','N','N','Y','N','N','N'),(0000835,0016,'Write Internal Assessments_all',1,'Internal Assessment','Allows privileged users to enter Internal Assessment assessment data to columns in all classes.',NULL,'internalAssessment_write.php, internalAssessment_write_data.php','internalAssessment_write.php','Y','Y','Y','N','N','N','N','Y','N','N','N'),(0000836,0016,'View Internal Assessments_mine',0,'Internal Assessment','Allows students to view their own Internal Assessment results.',NULL,'internalAssessment_view.php','internalAssessment_view.php','Y','Y','N','N','Y','N','N','N','Y','N','N'),(0000837,0016,'View Internal Assessments_myChildrens',1,'Internal Assessment','Allows parents to view their childrens\' Internal Assessment results.',NULL,'internalAssessment_view.php','internalAssessment_view.php','Y','Y','N','N','N','Y','N','N','N','Y','N'),(0000838,0016,'View Internal Assessments_all',2,'Internal Assessment','Allows staff to see Internal Assessment results for all children.',NULL,'internalAssessment_view.php','internalAssessment_view.php','Y','Y','Y','Y','N','N','N','Y','N','N','N'),(0000839,0001,'Facility Settings',0,'Other','Allows privileged users to manage settings for spaces.',NULL,'spaceSettings.php','spaceSettings.php','Y','Y','Y','N','N','N','N','Y','N','N','N'),(0000840,0119,'View Behaviour Records_myChildren',0,'Behaviour Records','View behaviour records for students within a family.','teachers/people/behaviour/','behaviour_view.php,behaviour_view_details.php','behaviour_view.php','Y','Y','N','N','N','N','N','N','N','Y','N'),(0000841,0014,'View Master Timetable',0,'View Timetables','Allows a user to see all days, periods, teachers and rooms in a timetable.',NULL,'tt_master.php','tt_master.php','Y','Y','Y','N','N','N','N','Y','N','N','N'),(0000842,0141,'Graphing_all',2,'Visualise','Allows a user to see progress tracking graphs for all students in school.',NULL,'graphing.php','graphing.php','N','Y','Y','N','N','N','N','Y','N','N','N'),(0000843,0013,'Course Enrolment Rollover',0,'Courses & Classes','Allows privileged users to move enrolments from the current year to the next year.',NULL,'course_rollover.php','course_rollover.php','Y','Y','Y','N','N','N','N','Y','N','N','N'),(0000844,0003,'Custom Fields',0,'Customise','Allows a user to create, edit and delete custom fields for users.',NULL,'customFields.php,customFields_add.php,customFields_edit.php,customFields_delete.php','customFields.php','Y','Y','Y','N','N','N','N','Y','N','N','N'),(0000845,0014,'Manage Student Enrolment',0,'Edit Timetables','Allows a departmental Coordinator or Assistant Coordinator to manage student enrolment within their department.',NULL,'studentEnrolment_manage.php, studentEnrolment_manage_edit.php, studentEnrolment_manage_edit_edit.php','studentEnrolment_manage.php','Y','Y','N','N','N','N','N','Y','N','N','N'),(0000846,0001,'Tracking Settings',0,'Assess','Allows a user to manage settings for the Tracking module.',NULL,'trackingSettings.php','trackingSettings.php','Y','Y','Y','N','N','N','N','Y','N','N','N'),(0000847,0141,'Data Points',0,'Analyse','Allows a user to export certain key assessment data points to a spreadsheet.',NULL,'dataPoints.php','dataPoints.php','Y','Y','Y','N','N','N','N','Y','N','N','N'),(0000848,0119,'View Behaviour Letters',0,'Behaviour Tracking','Allows a user to view automated behaviour letters sent out by the system.',NULL,'behaviour_letters.php','behaviour_letters.php','Y','Y','Y','N','N','N','N','Y','N','N','N'),(0000849,0135,'View Invoices_myChildren',1,'Billing','Allows parents to view invoices issued to members of their family.',NULL,'invoices_view.php, invoices_view_print.php','invoices_view.php','Y','Y','N','N','N','Y','N','N','N','Y','N'),(0000850,0011,'View Individual Education Plans_myChildren',0,'Individual Needs','Allows parents to view individual needs plans for members of their family.',NULL,'iep_view_myChildren.php','iep_view_myChildren.php','Y','Y','N','N','N','N','N','N','N','Y','N'),(0000851,0003,'String Replacement',0,'Customise','Allows for interface strings to be replaced with custom values.',NULL,'stringReplacement_manage.php, stringReplacement_manage_add.php, stringReplacement_manage_edit.php, stringReplacement_manage_delete.php','stringReplacement_manage.php','Y','Y','Y','N','N','N','N','Y','N','N','N'),(0000853,0121,'Canned Response',0,'Manage Messages','Allows for the creation of message templates.',NULL,'cannedResponse_manage.php, cannedResponse_manage_add.php, cannedResponse_manage_edit.php, cannedResponse_manage_delete.php','cannedResponse_manage.php','Y','Y','Y','N','N','N','N','Y','N','N','N'),(0000854,0136,'Job Openings',0,'Staff Management','Allows for the creation of job openings, which can be used in the job application form.',NULL,'jobOpenings_manage.php, jobOpenings_manage_add.php, jobOpenings_manage_edit.php, jobOpenings_manage_delete.php','jobOpenings_manage.php','Y','Y','Y','N','N','N','N','Y','N','N','N'),(0000855,0002,'Staff Settings',0,'User Settings','Controls settings for users with role category Staff.',NULL,'staffSettings.php,staffSettings_manage_add.php,staffSettings_manage_edit.php,staffSettings_manage_delete.php','staffSettings.php','Y','Y','Y','N','N','N','N','Y','N','N','N'),(0000856,0136,'Application Form',0,'Staff Management','Allows prospective staff to apply for job openings.',NULL,'applicationForm.php, applicationForm_jobOpenings_view.php','applicationForm.php','Y','Y','Y','Y','N','N','Y','Y','Y','Y','Y'),(0000857,0002,'Staff Application Form Settings',0,'Staff Management','Allows admins to control the staff application form.',NULL,'staffApplicationFormSettings.php','staffApplicationFormSettings.php','Y','Y','Y','Y','N','N','N','Y','N','N','N'),(0000858,0136,'Manage Applications',0,'Staff Management','Allows administrators to view and action staff applications.',NULL,'applicationForm_manage.php, applicationForm_manage_edit.php, applicationForm_manage_delete.php, applicationForm_manage_accept.php, applicationForm_manage_reject.php','applicationForm_manage.php','Y','Y','Y','Y','N','N','N','Y','N','N','N'),(0000859,0136,'Manage Staff_confidential',1,'Staff Management','Edit general and confidential information on members of staff.',NULL,'staff_manage.php, staff_manage_add.php, staff_manage_edit.php, staff_manage_delete.php, staff_manage_edit_contract_add.php, staff_manage_edit_contract_edit.php, staff_manage_edit_facility_add.php, staff_manage_edit_facility_delete.php','staff_manage.php','Y','Y','Y','Y','N','N','N','Y','N','N','N'),(0000860,0015,'Enter Activity Attendance',1,'Attendance','Record student attendance for activities.',NULL,'activities_attendance.php,activities_attendanceProcess.php','activities_attendance.php','Y','Y','Y','Y','N','N','N','Y','N','N','N'),(0000861,0015,'Printable Attendance Sheet',1,'Attendance','Generate a printable attendance sheet for activities.',NULL,'activities_attendance_sheet.php,activities_attendance_sheetPrint.php','activities_attendance_sheet.php','Y','Y','Y','Y','N','N','N','Y','N','N','N'),(0000862,0016,'View External Assessments_mine',0,'External Assessment','Allows a student to view their own external assessment records.',NULL,'externalAssessment_view.php','externalAssessment_view.php','Y','Y','N','N','N','N','N','N','Y','N','N'),(0000863,0016,'View External Assessments_myChildrens',1,'External Assessment','Allows a parent to view external assessment records for their children.',NULL,'externalAssessment_view.php','externalAssessment_view.php','Y','Y','N','N','N','N','N','N','N','Y','N'),(0000864,0135,'View Invoices_mine',0,'Billing','Allows a student to view their own invoices.',NULL,'invoices_view.php, invoices_view_print.php','invoices_view.php','Y','Y','N','N','N','N','N','N','Y','N','N'),(0000865,0014,'Manage Facility Changes_myDepartment',1,'Facilities','Allows a department coordinator to manage changes for all classes in their department.',NULL,'spaceChange_manage.php,spaceChange_manage_add.php,spaceChange_manage_edit.php,spaceChange_manage_delete.php','spaceChange_manage.php','Y','Y','N','N','N','N','N','Y','N','N','N'),(0000866,0121,'New Message_attendance',0,'Manage Messages','Bulk email by student attendance.','teachers/other/messenger/#getting-started','messenger_post.php','messenger_post.php','Y','Y','Y','N','N','N','N','Y','N','N','N'),(0000868,0007,'Manage Weightings_everything',1,'Markbook','Manage markbook weightings for any class.',NULL,'weighting_manage.php,weighting_manage_add.php,weighting_manage_edit.php,weighting_manage_delete.php','weighting_manage.php','Y','N','Y','N','N','N','N','Y','N','N','N'),(0000869,0007,'Manage Weightings_singleClass',0,'Markbook','Manage markbook weightings for a single class at a time.',NULL,'weighting_manage.php,weighting_manage_add.php,weighting_manage_edit.php,weighting_manage_delete.php','weighting_manage.php','Y','N','Y','Y','N','N','N','Y','N','N','N'),(0000870,0001,'Dashboard Settings',0,'Other','Manage settings that control Staff, Student and Parent dashboards.',NULL,'dashboardSettings.php','dashboardSettings.php','Y','Y','Y','N','N','N','N','Y','N','N','N'),(0000872,0003,'Display Settings',0,'Settings','Allows administrators to configure the system display settings.',NULL,'displaySettings.php','displaySettings.php','Y','Y','Y','N','N','N','N','Y','N','N','N'),(0000873,0009,'Scope & Sequence',0,'Curriculum Overview','Allows users to generate scope and sequence documentation for individual courses, based on the Unit Planner.',NULL,'scopeAndSequence.php','scopeAndSequence.php','N','Y','Y','Y','N','N','N','Y','N','N','N'),(0000874,0009,'Concept Explorer',0,'Curriculum Overview','Allows users to browse and explore concepts and keywords, based on the Unit Planner.',NULL,'conceptExplorer.php','conceptExplorer.php','N','Y','Y','Y','N','N','N','Y','N','N','N'),(0000875,0006,'Attendance By Class',0,'Take Attendance','Take attendance, one class at a time',NULL,'attendance_take_byCourseClass.php','attendance_take_byCourseClass.php','Y','Y','Y','Y','N','N','N','Y','N','N','N'),(0000876,0006,'View Daily Attendance',0,'Take Attendance','View attendance, by form group and class',NULL,'attendance.php','attendance.php','Y','Y','Y','Y','N','N','N','Y','N','N','N'),(0000877,0001,'Attendance Settings',0,'People','Allows administrators to configure the attendance module.',NULL,'attendanceSettings.php,attendanceSettings_manage_add.php,attendanceSettings_manage_edit.php,attendanceSettings_manage_delete.php','attendanceSettings.php','Y','Y','Y','N','N','N','N','Y','N','N','N'),(0000878,0006,'Classes Not Registered',0,'Reports','Print a report of classes who have not been registered on a given day',NULL,'report_courseClassesNotRegistered_byDate.php,report_courseClassesNotRegistered_byDate_print.php','report_courseClassesNotRegistered_byDate.php','Y','Y','Y','Y','N','N','Y','Y','N','N','Y'),(0000879,0006,'Manage Attendance Logs',0,'Take Attendance','Edit student attendance logs.',NULL,'attendance_take_byPerson_edit.php,attendance_take_byPerson_delete.php','attendance_take_byPerson_edit.php','Y','N','Y','N','N','N','N','Y','N','N','N'),(0000880,0006,'Attendance Summary by Date',0,'Reports','Print a report of student attendace in a given date range',NULL,'report_summary_byDate.php,report_summary_byDate_print.php','report_summary_byDate.php','Y','Y','Y','Y','N','N','N','Y','N','N','Y'),(0000881,0006,'Attendance Trends',0,'Reports','Display a graph of student attendance types over time',NULL,'report_graph_byType.php','report_graph_byType.php','Y','Y','Y','N','N','N','N','Y','N','N','Y'),(0000882,0121,'New Message_cannedResponse',0,'Manage Messages','Allows user to use pre-defined Canned Responses.','teachers/other/messenger/#getting-started','messenger_post.php','messenger_post.php','Y','Y','Y','N','N','N','N','Y','N','N','N'),(0000883,0121,'New Message_readReceipts',0,'Manage Messages','Allows users to include read receipts in emails.','teachers/other/messenger/#getting-started','messenger_post.php','messenger_post.php','Y','Y','Y','N','N','N','N','Y','N','N','N'),(0000884,0005,'First Aid Record_editAll',2,'Medical','Allows user to record first aid visits and actions.',NULL,'firstAidRecord.php, firstAidRecord_add.php, firstAidRecord_edit.php','firstAidRecord.php','Y','Y','Y','N','N','N','N','Y','Y','Y','Y'),(0000885,0005,'View Student Profile_fullNoNotes',2,'Profiles','View full profile of any student in the school, without access to Notes.','teachers/people/student-profiles/','student_view.php,student_view_details.php','student_view.php','Y','Y','N','N','N','N','N','Y','N','N','N'),(0000886,0003,'System Check',0,'System','Check system versions and extensions installed.',NULL,'systemCheck.php','systemCheck.php','Y','Y','Y','N','N','N','N','Y','N','N','N'),(0000887,0006,'Student Self Registration',0,'Take Attendance','Allows students to self register as Present, provided they are within a certain range of IP addresses.',NULL,'attendance_studentSelfRegister.php','attendance_studentSelfRegister.php','Y','Y','N','N','N','N','N','N','Y','N','N'),(0000888,0015,'My Activities_viewEditEnrolment',0,'Activities','Allows an activity organizer to manage enrolment for their activities.',NULL,'activities_my.php,activities_my_full.php,activities_manage_enrolment.php,activities_manage_enrolment_add.php,activities_manage_enrolment_edit.php,activities_manage_enrolment_delete.php','activities_my.php','Y','Y','Y','N','N','N','N','Y','N','N','N'),(0000889,0015,'Enter Activity Attendance_leader',0,'Attendance','Record student attendance for activities you organise, coach or assist in.',NULL,'activities_attendance.php,activities_attendanceProcess.php','activities_attendance.php','Y','Y','Y','Y','N','N','N','Y','Y','N','N'),(0000890,0015,'Activity Attendance by Date',0,'Reports','Record student attendance for activities.',NULL,'report_attendance_byDate.php,report_attendance_byDate_print.php','report_attendance_byDate.php','Y','Y','Y','Y','N','N','N','Y','N','N','N'),(0000891,0003,'Notification Events',0,'Customise','Manage settings for system notifications.',NULL,'notificationSettings.php,notificationSettings_manage_edit.php','notificationSettings.php','Y','Y','Y','N','N','N','N','Y','N','N','N'),(0000892,0005,'Manage Applications_edit',0,'Admissions','Allows admins to view and action applications, but not to delete them',NULL,'applicationForm_manage.php, applicationForm_manage_edit.php, applicationForm_manage_accept.php, applicationForm_manage_reject.php, applicationForm_manage_add.php','applicationForm_manage.php','Y','Y','N','N','N','N','N','Y','N','N','N'),(0000893,0006,'Attendance By Form Group_myGroups',0,'Take Attendance','Take attendance for a teacher\'s own roll groups',NULL,'attendance_take_byFormGroup.php','attendance_take_byFormGroup.php','Y','Y','N','N','N','N','Y','Y','N','N','Y'),(0000894,0014,'View Timetable by Person_my',1,'View Timetables','Allows users to view their own timetable',NULL,'tt.php, tt_view.php','tt.php','Y','Y','N','N','Y','N','N','Y','Y','N','Y'),(0000895,0014,'View Timetable by Person_myChildren',0,'View Timetables','Allows parents to view their children\'s timetable',NULL,'tt.php, tt_view.php','tt.php','Y','Y','N','N','N','Y','N','N','N','Y','N'),(0000896,0005,'View Student Profile_my',1,'Profiles','Allows students to view their own information','teachers/people/student-profiles/','student_view.php, student_view_details.php','student_view.php','Y','Y','N','N','Y','N','N','N','Y','N','N'),(0000897,0007,'View Markbook_myClasses',3,'Profiles','Allows teachers to view their own markbook information','teachers/assess/markbook/','markbook_view.php, markbook_view_full.php','markbook_view.php','Y','Y','N','Y','N','N','N','Y','N','N','Y'),(0000898,0145,'Student Enrolment Trends',0,'Visualise','Provides a visual graph of student enrolment over a range of time.',NULL,'report_graph_studentEnrolment.php','report_graph_studentEnrolment.php','Y','Y','Y','N','N','N','N','Y','N','N','N'),(0000899,0005,'Students by House',0,'Reports','View a report of student houses by year group.',NULL,'report_students_byHouse.php','report_students_byHouse.php','Y','Y','Y','N','N','N','N','Y','N','N','N'),(0000900,0013,'Sync Course Enrolment',0,'Courses & Classes','Allows users to map enrolments from homerooms to classes.',NULL,'courseEnrolment_sync.php,courseEnrolment_sync_add.php,courseEnrolment_sync_edit.php,courseEnrolment_sync_delete.php,courseEnrolment_sync_run.php','courseEnrolment_sync.php','Y','Y','Y','N','N','N','N','Y','N','N','N'),(0000901,0006,'Student History_my',1,'Reports','Allows a student to print a report of their attendance data in the current school year.',NULL,'report_studentHistory.php','report_studentHistory.php','Y','Y','N','N','N','N','N','N','Y','N','N'),(0000903,0015,'Activity Choices by Form Group',0,'Reports','View all student activity choices in the current year for a given form group.',NULL,'report_activityChoices_byFormGroup.php','report_activityChoices_byFormGroup.php','Y','Y','Y','Y','N','N','N','Y','N','N','N'),(0000904,0008,'My Data Updates',0,'Request Updates','Provides an overview of any required data updates for a user, including family data if applicable.',NULL,'data_updates.php','data_updates.php','Y','Y','Y','Y','N','Y','Y','Y','Y','Y','Y'),(0000905,0121,'Manage Groups_all',1,'Targets','Allows management of custom groups for message targetting',NULL,'groups_manage.php,groups_manage_add.php,groups_manage_edit.php,groups_manage_delete.php','groups_manage.php','Y','Y','Y','N','N','N','N','Y','Y','Y','Y'),(0000906,0121,'Manage Groups_my',0,'Targets','Allows management of custom groups for message targetting',NULL,'groups_manage.php,groups_manage_add.php,groups_manage_edit.php,groups_manage_delete.php','groups_manage.php','Y','Y','N','Y','N','N','N','Y','Y','Y','Y'),(0000907,0121,'New Message_groups_any',1,'Manage Messages','Bulk email to any group','teachers/other/messenger/#getting-started','messenger_post.php','messenger_post.php','Y','Y','Y','N','N','N','N','Y','Y','Y','Y'),(0000908,0121,'New Message_groups_my',0,'Manage Messages','Bulk email to any group a user owns or is a member of','teachers/other/messenger/#getting-started','messenger_post.php','messenger_post.php','Y','Y','N','Y','N','N','N','Y','Y','Y','Y'),(0000909,0121,'New Message_groups_parents',1,'Manage Messages','Include parents in messages posted to groups','teachers/other/messenger/#getting-started','messenger_post.php','messenger_post.php','Y','Y','Y','N','N','N','N','Y','Y','Y','Y'),(0000910,0008,'Family Data Updater History',0,'Reports','Allows users to check, for active families, how recently they have been updated.',NULL,'report_family_dataUpdaterHistory.php','report_family_dataUpdaterHistory.php','Y','Y','Y','N','N','N','N','Y','N','N','Y'),(0000911,0002,'Manage Users_edit',0,'User Management','Allows admin to edit any user within the system, but not to delete them.','administrators/getting-started/getting-started-with-gibbon/#users','user_manage.php, user_manage_add.php, user_manage_edit.php, user_manage_password.php','user_manage.php','Y','Y','Y','N','N','N','N','Y','N','N','N'),(0000912,0003,'Import From File',0,'Data','Allows a user to view and run available imports.',NULL,'import_manage.php,import_run.php,export_run.php,import_history.php,import_history_view.php','import_manage.php','Y','Y','Y','N','N','N','N','Y','N','N','N'),(0000914,0136,'Manage Substitutes',0,'Staff Management','Edit information for users who can provide staff coverage.',NULL,'substitutes_manage.php,substitutes_manage_add.php,substitutes_manage_edit.php,substitutes_manage_delete.php,coverage_availability.php','substitutes_manage.php','Y','Y','Y','N','N','N','N','Y','N','N','Y'),(0000915,0136,'New Absence_mine',0,'Absences','Allows a user to submit their own staff absences.',NULL,'absences_add.php','absences_add.php','Y','Y','Y','Y','N','N','Y','Y','N','N','Y'),(0000916,0136,'New Absence_any',2,'Absences','Submit staff absences for any user.',NULL,'absences_add.php','absences_add.php','Y','Y','Y','N','N','N','N','Y','N','N','N'),(0000917,0136,'View Absences_mine',0,'Absences','Provides an overview of staff absences for the selected user.',NULL,'absences_view_byPerson.php,absences_view_details.php','absences_view_byPerson.php','Y','Y','Y','Y','N','N','Y','Y','N','N','Y'),(0000918,0136,'View Absences_any',2,'Absences','Provides an overview of staff absences for the selected user.',NULL,'absences_view_byPerson.php,absences_view_details.php','absences_view_byPerson.php','Y','Y','Y','N','N','N','N','Y','N','N','Y'),(0000919,0136,'Approve Staff Absences',0,'Absences','Allows users to approve or decline staff absences.',NULL,'absences_approval.php,absences_approval_action.php','absences_approval.php','Y','Y','Y','N','N','N','N','Y','N','N','Y'),(0000920,0136,'Manage Staff Absences',0,'Absences','Allows administrators to edit and delete staff absences.',NULL,'absences_manage.php,absences_manage_edit.php,absences_manage_edit_edit.php,absences_manage_delete.php','absences_manage.php','Y','Y','Y','N','N','N','N','Y','N','N','N'),(0000921,0011,'Individual Needs Overview',1,'Reports','Provides a visual graph of individual needs school-wide.',NULL,'report_graph_overview.php','report_graph_overview.php','Y','Y','Y','N','N','N','N','Y','N','N','Y'),(0000922,0136,'Request Coverage',0,'Coverage','Allows a staff member to request coverage for their absences.',NULL,'coverage_request.php,coverage_view_details.php','coverage_request.php','Y','N','Y','Y','N','N','Y','Y','N','N','Y'),(0000923,0136,'My Coverage',0,'Coverage','Provides an overview of coverage for staff absences.',NULL,'coverage_my.php,coverage_view_details.php,coverage_availability.php,coverage_view_cancel.php,coverage_view_edit.php','coverage_my.php','Y','Y','Y','Y','N','N','Y','Y','N','N','Y'),(0000924,0136,'Open Requests',0,'Coverage','Users can view and accept any available coverage requests.',NULL,'coverage_view.php,coverage_view_accept.php,coverage_view_decline.php','coverage_view.php','Y','Y','Y','N','N','N','Y','Y','N','N','Y'),(0000925,0136,'Manage Staff Coverage',0,'Coverage','Allows administrators to manage coverage requests.',NULL,'coverage_manage.php,coverage_manage_add.php,coverage_manage_edit.php,coverage_manage_delete.php,coverage_view_details.php','coverage_manage.php','Y','Y','Y','N','N','N','N','Y','N','N','Y'),(0000926,0136,'Staff Absence Summary',0,'Reports','Provides an overview of staff absences for the school year.',NULL,'report_absences_summary.php','report_absences_summary.php','Y','Y','Y','N','N','N','N','Y','N','N','Y'),(0000927,0136,'Weekly Absences',0,'Reports','A week-by-week overview of staff absences.',NULL,'report_absences_weekly.php','report_absences_weekly.php','Y','Y','Y','Y','N','N','N','Y','N','N','Y'),(0000928,0136,'Substitute Availability',0,'Coverage','Allows users to view the availability of subs by date.',NULL,'report_subs_availability.php','report_subs_availability.php','Y','Y','Y','Y','N','N','N','Y','N','N','Y'),(0000929,0005,'View Student Profile_fullEditAllNotes',4,'Profiles','View full profile of any student in the school, with access to edit and delete notes.','teachers/people/student-profiles/','student_view.php,student_view_details.php,student_view_details_notes_add.php,student_view_details_notes_edit.php,student_view_details_notes_delete.php','student_view.php','Y','Y','N','N','N','N','N','Y','N','N','N'),(0000930,0006,'Consecutive Absences',0,'Reports','Returns a list of students who have had a specified number of consecutive days absent.',NULL,'report_consecutiveAbsences.php','report_consecutiveAbsences.php','Y','Y','Y','Y','N','N','N','Y','N','N','Y'),(0000931,0002,'Manage Roles_viewOnly',0,'User Management','Allows a user to view roles but not change them.','administrators/getting-started/getting-started-with-gibbon/#user-management-access','role_manage.php,role_manage_view.php','role_manage.php','Y','Y','Y','N','N','N','N','Y','N','N','N'),(0000932,0009,'Lesson Planner_viewOnly',2,'Planning','View all planner information for all classes.','teachers/learn/planner/lesson-planner/','planner.php,planner_view_full.php,planner_unitOverview.php,planner_deadlines.php','planner.php','Y','Y','N','N','N','N','N','Y','Y','Y','Y'),(0000933,0006,'Students Not In Class',0,'Reports','Generate a report of students who are not present in class on a given day.',NULL,'report_studentsNotInClass_byDate.php','report_studentsNotInClass_byDate.php','Y','Y','Y','Y','N','N','N','Y','N','N','Y'),(0000934,0136,'Staff Coverage Summary',0,'Reports','Provides an overview of staff coverage for the school year.',NULL,'report_coverage_summary.php','report_coverage_summary.php','Y','Y','Y','N','N','N','N','Y','N','N','Y'),(0000935,0011,'Manage Investigations_all',1,'Investigation','Allow a user to manage all Indiviudal Needs investigations.',NULL,'investigations_manage.php,investigations_manage_add.php,investigations_manage_edit.php,investigations_manage_delete.php','investigations_manage.php','Y','Y','Y','Y','N','N','N','Y','N','N','N'),(0000936,0011,'Manage Investigations_my',0,'Investigation','Allow a user to manage their own Indiviudal Needs investigations.',NULL,'investigations_manage.php,investigations_manage_add.php,investigations_manage_edit.php','investigations_manage.php','Y','Y','Y','N','Y','N','N','Y','N','N','N'),(0000937,0011,'Submit Contributions',0,'Investigation','Allows Class Teachers and Heads of Year to contribute to investigations.',NULL,'investigations_submit.php,investigations_submit_detail.php','investigations_submit.php','Y','Y','Y','Y','Y','N','N','Y','N','N','N'),(0000938,0144,'Manage Reporting Cycles',0,'Administration','Manage the names, dates and scopes of reporting cycles.','administrators/reports/reporting_cycles/','reporting_cycles_manage.php,reporting_cycles_manage_add.php,reporting_cycles_manage_edit.php,reporting_cycles_manage_delete.php,reporting_cycles_manage_duplicate.php,reporting_scopes_manage.php,reporting_scopes_manage_add.php,reporting_scopes_manage_edit.php,reporting_scopes_manage_delete.php','reporting_cycles_manage.php','Y','Y','Y','N','N','N','N','Y','N','N','N'),(0000939,0144,'Manage Criteria',0,'Administration','Manage the types of data which are recorded per reporting cycle.',NULL,'reporting_criteria_manage.php,reporting_criteria_manage_add.php,reporting_criteria_manage_addMultiple.php,reporting_criteria_manage_edit.php,reporting_criteria_manage_delete.php,criteriaTypes_manage.php,criteriaTypes_manage_add.php,criteriaTypes_manage_edit.php,criteriaTypes_manage_delete.php','reporting_criteria_manage.php','Y','Y','Y','N','N','N','N','Y','N','N','N'),(0000940,0144,'Manage Access',0,'Administration','Manage when and how users can access active reporting cycles.',NULL,'reporting_access_manage.php,reporting_access_manage_add.php,reporting_access_manage_edit.php,reporting_access_manage_delete.php','reporting_access_manage.php','Y','Y','Y','N','N','N','N','Y','N','N','N'),(0000941,0144,'Report Settings',0,'Administration','',NULL,'settings.php','settings.php','Y','Y','Y','N','N','N','N','Y','N','N','N'),(0000942,0144,'Manage Archives',0,'Archive','Manage the filesystem locations for saving PDF reports.',NULL,'archive_manage.php,archive_manage_add.php,archive_manage_edit.php,archive_manage_delete.php,archive_manage_migrate.php','archive_manage.php','Y','Y','Y','N','N','N','N','Y','N','N','N'),(0000943,0144,'View by Student',2,'Archive','Allows users to view and download a student\'s report PDFs.',NULL,'archive_byStudent.php,archive_byStudent_view.php,archive_byStudent_download.php','archive_byStudent.php','Y','Y','Y','N','N','N','N','Y','N','N','N'),(0000944,0144,'View by Report',2,'Archive','Allows users to view and download batched report PDFs.',NULL,'archive_byReport.php,archive_byReport_view.php,archive_byReport_download.php','archive_byReport.php','Y','Y','Y','N','N','N','N','Y','N','N','N'),(0000945,0144,'View Reports_myChildren',1,'Archive','Allows parents to view their children\'s report archive.',NULL,'archive_byFamily.php,archive_byStudent_view.php,archive_byStudent_download.php','archive_byFamily.php','Y','Y','N','N','N','Y','N','N','N','Y','Y'),(0000946,0144,'View Reports_mine',0,'Archive','Allows students to view their own report archive.',NULL,'archive_byStudent_view.php,archive_byStudent_download.php','archive_byStudent_view.php','Y','Y','N','N','Y','N','N','N','Y','N','N'),(0000947,0144,'View Draft Reports',0,'Archive','Allows users to view draft reports in the archive.',NULL,'archive_byReport.php,archive_byStudent.php','archive_byReport.php','Y','N','Y','N','N','N','N','Y','N','N','N'),(0000948,0144,'View Past Reports',0,'Archive','Allows users to view past reports in the archive.',NULL,'archive_byReport.php,archive_byStudent.php','archive_byReport.php','Y','N','Y','N','N','N','N','Y','Y','Y','Y'),(0000949,0144,'My Reporting',0,'Contribute','Provides a progress view of any active reports for this user.',NULL,'reporting_my.php','reporting_my.php','Y','Y','Y','Y','N','N','N','Y','N','N','N'),(0000950,0144,'Generate Reports',0,'Publish','Allows users to generate PDF reports in batches or one at a time.',NULL,'reports_generate.php,reports_generate_batch.php,reports_generate_single.php','reports_generate.php','Y','Y','Y','N','N','N','N','Y','N','N','N'),(0000951,0144,'Manage Reports',0,'Publish','Allows users to manage the types of reports that can be generated.',NULL,'reports_manage.php,reports_manage_add.php,reports_manage_edit.php,reports_manage_delete.php','reports_manage.php','Y','Y','Y','N','N','N','N','Y','N','N','N'),(0000952,0144,'Template Builder',0,'Publish','Design report templates using a set of components.','administrators/reports/templates/','templates_preview.php,templates_manage.php,templates_manage_add.php,templates_manage_edit.php,templates_manage_duplicate.php,templates_manage_delete.php,templates_manage_section_add.php,templates_manage_section_edit.php,templates_manage_section_delete.php,templates_assets.php,templates_assets_components_preview.php,templates_assets_components_add.php,templates_assets_components_edit.php,templates_assets_components_delete.php,templates_assets_components_duplicate.php,templates_assets_fonts_preview.php,templates_assets_fonts_edit.php','templates_manage.php','Y','Y','Y','N','N','N','N','Y','N','N','N'),(0000953,0144,'Proof Read_all',0,'Contribute','Allows users to proof-read reporting comments for any active reporting cycle.',NULL,'reporting_proofread.php','reporting_proofread.php','Y','Y','Y','N','N','N','N','Y','N','N','N'),(0000954,0144,'Proof Read_mine',0,'Contribute','Allows users to proof-read reporting comments for reports they have access to.',NULL,'reporting_proofread.php','reporting_proofread.php','Y','Y','N','Y','N','N','N','Y','N','N','N'),(0000955,0144,'Send Notifications',0,'Administration','Allows users to select and send a pre-defined notification to other users.',NULL,'notification_send.php','notification_send.php','Y','Y','Y','N','N','N','N','Y','N','N','N'),(0000956,0144,'Progress by Reporting Cycle',0,'Progress','View report writing progress by reporting cycle.',NULL,'progress_byReportingCycle.php','progress_byReportingCycle.php','Y','Y','Y','N','N','N','N','Y','N','N','N'),(0000957,0144,'Progress by Person',0,'Progress','View report writing progress by person.',NULL,'progress_byPerson.php','progress_byPerson.php','Y','Y','Y','N','N','N','N','Y','N','N','N'),(0000958,0144,'Proof Reading Progress',0,'Progress','View proof-reading completion by reporting cycle.',NULL,'progress_byProofReading.php','progress_byProofReading.php','Y','Y','Y','N','N','N','N','Y','N','N','N'),(0000959,0144,'Write Reports_editAll',2,'Contribute','View and edit all reports, even after they are closed.',NULL,'reporting_write.php,reporting_write_byStudent.php','reporting_write.php','Y','Y','Y','N','N','N','N','Y','N','N','N'),(0000960,0144,'Write Reports_mine',1,'Contribute','View and edit only the reports this user has access to.',NULL,'reporting_write.php,reporting_write_byStudent.php','reporting_write.php','Y','Y','N','Y','N','N','N','Y','N','N','N'),(0000961,0145,'Withdraw Student',0,'Current Students','Enables admin to set a student to left and notify other users.',NULL,'student_withdraw.php','student_withdraw.php','Y','Y','Y','N','N','N','N','Y','N','N','N'),(0000962,0144,'Upload Reports',0,'Archive','Enables users to upload reports from a ZIP archive.',NULL,'archive_manage_upload.php,archive_manage_uploadPreview.php','archive_manage_upload.php','Y','Y','Y','N','N','N','N','Y','N','N','N'),(0000963,0003,'View Logs',0,'Data','Enables users to browse Gibbon\'s event log.',NULL,'logs_view.php','logs_view.php','Y','Y','Y','N','N','N','N','Y','N','N','N'),(0000964,0137,'View Form Groups_myChildren',0,'Form Groups','View the form groups in which a user\'s children study.',NULL,'formGroups.php,formGroups_details.php','formGroups.php','Y','Y','N','N','N','N','N','N','N','Y','N'),(0000965,0003,'System Overview',0,'System','',NULL,'systemOverview.php','systemOverview.php','Y','Y','Y','N','N','N','N','Y','N','N','N'),(0000966,0003,'Manage Services',0,'Extend & Update','',NULL,'services_manage.php','services_manage.php','Y','Y','Y','N','N','N','N','Y','N','N','N'),(0000967,0001,'Email Summary Settings',0,'Other','',NULL,'emailSummarySettings.php','emailSummarySettings.php','Y','Y','Y','N','N','N','N','Y','N','N','N'),(0000968,0001,'Manage Medical Conditions',0,'People','Manage the list of medical conditions that can be attached to student medical records.',NULL,'medicalConditions_manage.php,medicalConditions_manage_add.php,medicalConditions_manage_edit.php,medicalConditions_manage_delete.php','medicalConditions_manage.php','Y','Y','Y','N','N','N','N','Y','N','N','N'),(0000969,0003,'Email Templates',0,'Customise','',NULL,'emailTemplates_manage.php,emailTemplates_manage_duplicate.php,emailTemplates_manage_edit.php,emailTemplates_manage_delete.php','emailTemplates_manage.php','Y','Y','Y','N','N','N','N','Y','N','N','N'),(0000970,0144,'Send Reports',0,'Publish','',NULL,'reports_send.php,reports_send_batch.php','reports_send.php','Y','Y','Y','N','N','N','N','Y','N','N','N'),(0000971,0005,'My Student History',0,'Visualise','',NULL,'report_myStudentHistory.php','report_myStudentHistory.php','Y','Y','Y','Y','N','N','N','Y','N','N','N'),(0000972,0003,'Server Info',0,'System','',NULL,'serverInfo.php','serverInfo.php','Y','Y','Y','N','N','N','N','Y','N','N','N'),(0000973,0003,'Cache Manager',0,'Utilities','',NULL,'cacheManager.php','cacheManager.php','Y','Y','Y','N','N','N','N','Y','N','N','N'),(0000974,0003,'Security & Privacy Settings',0,'Settings','Manage settings related to user security and privacy.',NULL,'privacySettings.php','privacySettings.php','Y','Y','Y','N','N','N','N','Y','N','N','N'),(0000975,0003,'Data Retention',0,'Utilities','Comply with privacy regulations by flushing older, non-academic, data from the system.',NULL,'dataRetention.php','dataRetention.php','Y','Y','Y','N','N','N','N','Y','N','N','N'),(0000976,0008,'Update Staff Data_any',1,'Request Updates','Create staff data update request for any user',NULL,'data_staff.php','data_staff.php','Y','Y','Y','N','N','N','N','Y','N','N','N'),(0000977,0008,'Update Staff Data_my',0,'Request Updates','Allows users to create data update request for their staff record.',NULL,'data_staff.php','data_staff.php','Y','Y','Y','Y','N','Y','Y','Y','N','Y','N'),(0000978,0008,'Staff Data Updates',0,'Manage Updates','Manage requests for updates to staff data.',NULL,'data_staff_manage.php,data_staff_manage_edit.php,data_staff_manage_delete.php','data_staff_manage.php','Y','Y','Y','N','N','N','N','Y','N','N','N'),(0000979,0002,'Personal Document Settings',0,'User Settings','Manage types of personal documents users can upload.',NULL,'personalDocumentSettings.php,personalDocumentSettings_manage_add.php,personalDocumentSettings_manage_edit.php,personalDocumentSettings_manage_delete.php','personalDocumentSettings.php','Y','Y','Y','N','N','N','N','Y','N','N','N'),(0000980,0005,'Personal Document Summary',0,'Reports','Allows users to view a summary of student personal documents.',NULL,'report_student_personalDocumentSummary.php','report_student_personalDocumentSummary.php','Y','Y','Y','N','N','N','N','Y','N','N','N'),(0000981,0144,'Student Name Conflicts',0,'Progress','Allows users to check report comments for mismatched names.',NULL,'progress_studentNameConflicts.php','progress_studentNameConflicts.php','Y','Y','Y','N','N','N','N','Y','N','N','N'),(0000982,0006,'Ad Hoc Attendance',0,'Take Attendance','Allows users to take school-wide attendance for ad hoc groups of students.',NULL,'attendance_take_adHoc.php','attendance_take_adHoc.php','Y','Y','Y','N','N','N','N','Y','N','N','N'),(0000983,0003,'Active Sessions',0,'Utilities','',NULL,'activeSessions.php','activeSessions.php','Y','Y','Y','N','N','N','N','Y','N','N','N'),(0000984,0003,'Upload Photos & Files',0,'Data','',NULL,'file_upload.php','file_upload.php','Y','Y','Y','N','N','N','N','Y','N','N','N'),(0000985,0145,'Admissions Accounts',0,'Prospective Students','',NULL,'admissions_manage.php,admissions_manage_add.php,admissions_manage_edit.php,admissions_manage_delete.php','admissions_manage.php','Y','Y','Y','N','N','N','N','Y','N','N','N'),(0000986,0145,'Manage Applications',0,'Prospective Students','',NULL,'applications_manage.php,applications_manage_add.php,applications_manage_edit.php,applications_manage_delete.php,applications_manage_accept.php,applications_manage_reject.php,applications_manage_view.php','applications_manage.php','Y','Y','Y','N','N','N','N','Y','N','N','N'),(0000987,0145,'Manage Other Forms',0,'Prospective Students','',NULL,'forms_manage.php,forms_manage_add.php,forms_manage_edit.php,forms_manage_delete.php,forms_manage_accept.php,forms_manage_reject.php,forms_manage_view.php','forms_manage.php','Y','Y','Y','N','N','N','N','Y','N','N','N'),(0000988,0003,'Form Builder',0,'Customise','',NULL,'formBuilder.php,formBuilder_preview.php,formBuilder_add.php,formBuilder_edit.php,formBuilder_delete.php,formBuilder_duplicate.php,formBuilder_page_add.php,formBuilder_page_edit.php,formBuilder_page_delete.php,formBuilder_page_edit_field_add.php,formBuilder_page_edit_field_edit.php,formBuilder_page_edit_field_delete.php','formBuilder.php','Y','Y','Y','N','N','N','N','Y','N','N','N'),(0000989,0001,'Admissions Settings',0,'People','',NULL,'admissions_settings.php','admissions_settings.php','Y','Y','Y','N','N','N','N','Y','N','N','N'),(0000990,0145,'My Application Forms',0,'Admissions','',NULL,'applicationForm.php,applicationFormView.php','applicationFormView.php','Y','Y','N','N','N','Y','N','Y','Y','Y','N'),(0000991,0121,'New Message_confidential',0,'Manage Messages','Enable users to send confidential messages which are not listed in Manage Messages for any other user.',NULL,'messenger_post.php','messenger_post.php','Y','N','Y','N','N','N','N','Y','N','N','N'),(0000992,0013,'Timetable Settings',0,'Settings','Manage settings to control timetable functionality.',NULL,'ttSettings.php','ttSettings.php','Y','Y','Y','N','N','N','N','Y','N','N','N'),(0000993,0136,'Duty Schedule_edit',0,'Reports','Manage the staff duty schedule.',NULL,'staff_duty.php,staff_duty_edit.php','staff_duty.php','Y','Y','Y','N','N','N','N','Y','N','N','N'),(0000994,0136,'Duty Schedule_view',0,'Reports','View the staff duty schedule.',NULL,'staff_duty.php','staff_duty.php','Y','Y','Y','N','N','N','N','Y','N','N','N'),(0000995,0136,'Daily Coverage Planner',0,'Coverage','',NULL,'coverage_planner.php,coverage_planner_assign.php,coverage_planner_unassign.php','coverage_planner.php','Y','Y','Y','N','N','N','N','Y','N','N','N'),(0000996,0005,'First Aid Record_viewOnlyAddNotes',0,'Medical','Allows user to view first aid records and add incident notes, but not add or edit records.',NULL,'firstAidRecord.php,firstAidRecord_edit.php','firstAidRecord.php','Y','Y','Y','N','N','N','N','Y','N','N','N'),(0000997,0130,'Manage Library Shelves',0,'Catalog','Allows user to manage shelves displaying library items for library browsing.',NULL,'library_manage_shelves.php, library_manage_shelves_add.php, library_manage_shelves_edit.php, library_manage_shelves_delete.php','library_manage_shelves.php','Y','Y','Y','N','N','N','N','Y','N','N','N'),(0000998,0119,'View Behaviour Records_my',0,'Behaviour Records','Enables users to view the behaviour records created by them',NULL,'behaviour_view.php,behaviour_view_details.php','behaviour_view.php','Y','Y','Y','N','N','N','N','Y','N','N','N');

--
-- Table structure for table `gibbonActivity`
--

CREATE TABLE `gibbonActivity` (
  `gibbonActivityID` int(8) unsigned zerofill NOT NULL AUTO_INCREMENT,
  `gibbonSchoolYearID` int(3) unsigned zerofill NOT NULL DEFAULT 000,
  `active` enum('Y','N') NOT NULL DEFAULT 'Y',
  `registration` enum('Y','N') NOT NULL DEFAULT 'Y' COMMENT 'Can a parent/student select this for registration?',
  `name` varchar(40) NOT NULL DEFAULT '',
  `provider` enum('School','External') NOT NULL DEFAULT 'School',
  `type` varchar(255) NOT NULL,
  `gibbonSchoolYearTermIDList` text NOT NULL,
  `listingStart` date DEFAULT NULL,
  `listingEnd` date DEFAULT NULL,
  `programStart` date DEFAULT NULL,
  `programEnd` date DEFAULT NULL,
  `gibbonYearGroupIDList` varchar(255) NOT NULL DEFAULT '',
  `maxParticipants` int(3) NOT NULL DEFAULT 0,
  `description` text DEFAULT NULL,
  `payment` decimal(8,2) DEFAULT NULL,
  `paymentType` enum('Entire Programme','Per Session','Per Week','Per Term') DEFAULT 'Entire Programme',
  `paymentFirmness` enum('Finalised','Estimated') DEFAULT 'Finalised',
  PRIMARY KEY (`gibbonActivityID`)
) ENGINE=InnoDB AUTO_INCREMENT=2336 DEFAULT CHARSET=utf8mb3 COLLATE=utf8mb3_general_ci;

--
-- Dumping data for table `gibbonActivity`
--

INSERT INTO `gibbonActivity` VALUES (00002180,025,'Y','Y','T3 Tues Japanese Drumming ','School','Action','00036',NULL,NULL,NULL,NULL,'001,002,003,004,005,006,007',6,'',0.00,'Per Session','Finalised'),(00002182,025,'Y','Y','T3 Tues Blogging and Creative Writing','School','Service','00036',NULL,NULL,NULL,NULL,'001,002,003,004,005,006,007',25,'',0.00,'Per Session','Finalised'),(00002183,025,'Y','Y','T3 Tues Calligraphy','School','Creativity','00036',NULL,NULL,NULL,NULL,'001,002,003,004,005,006,007',25,'',0.00,'Per Session','Finalised'),(00002185,025,'Y','Y','T3 Tues Cycling','School','Action','00036',NULL,NULL,NULL,NULL,'001,002,003,004,005,006,007',18,'',0.00,'Per Session','Finalised'),(00002187,025,'Y','Y','T3 Tues Gym','School','Action','00036',NULL,NULL,NULL,NULL,'004,005,006,007',10,'',0.00,'Per Session','Finalised'),(00002188,025,'Y','Y','T3 Tues Gymnastics','School','','00036',NULL,NULL,NULL,NULL,'001,002,003,004,005,006,007',10,'',0.00,'Per Session','Finalised'),(00002189,025,'Y','Y','T3 Tues Horse Riding','School','Creativity','00036',NULL,NULL,NULL,NULL,'001,002,003,004,005,006,007',16,'',0.00,'Per Session','Finalised'),(00002190,025,'Y','Y','T3 Tues Juggling','School','Action','00036',NULL,NULL,NULL,NULL,'001,002,003,004,005,006,007',20,'',0.00,'Per Session','Finalised'),(00002191,025,'Y','Y','T3 Tues Kendo','School','','00036',NULL,NULL,NULL,NULL,'001,002,003,004,005,006,007',20,'',0.00,'Per Session','Finalised'),(00002192,025,'Y','Y','T3 Tues Library Support','School','Service','00036',NULL,NULL,NULL,NULL,'001,002,003,004,005,006,007',11,'',0.00,'Per Session','Finalised'),(00002195,025,'Y','Y','T3 Tues Primary School Reading','School','Service','00036',NULL,NULL,NULL,NULL,'004,005,006,007',20,'',0.00,'Per Session','Finalised'),(00002196,025,'Y','Y','T3 Tues Project: G','School','Action','00036',NULL,NULL,NULL,NULL,'001,002,003,004,005,006,007',30,'',0.00,'Per Session','Finalised'),(00002197,025,'Y','Y','T3 Tues School Media','School','Creativity','00036',NULL,NULL,NULL,NULL,'001,002,003,004,005,006,007',50,'',0.00,'Per Session','Finalised'),(00002199,025,'Y','Y','T3 Tues Table Tennis','School','Action','00036',NULL,NULL,NULL,NULL,'001,002,003,004,005,006,007',20,'',0.00,'Per Session','Finalised'),(00002201,025,'Y','Y','T3 Tues Tennis','School','Action','00036',NULL,NULL,NULL,NULL,'001,002,003,004,005,006,007',20,'',0.00,'Per Session','Finalised'),(00002202,025,'Y','Y','T3 Tues Touch U14 Boys','School','Action','00036',NULL,NULL,NULL,NULL,'001,002,003',30,'',0.00,'Per Session','Finalised'),(00002203,025,'Y','Y','T3 Tues Touch U14 Girls','School','Action','00036',NULL,NULL,NULL,NULL,'001,002,003',30,'',0.00,'Per Session','Finalised'),(00002204,025,'Y','Y','T3 Tues Touch U20 Boys','School','Action','00036',NULL,NULL,NULL,NULL,'004,005,006,007',30,'',0.00,'Per Session','Finalised'),(00002205,025,'Y','Y','T3 Tues Touch U20 Girls','School','Action','00036',NULL,NULL,NULL,NULL,'004,005,006,007',30,'',0.00,'Per Session','Finalised'),(00002206,025,'Y','Y','T3 Tues U12 Football','School','Action','00036',NULL,NULL,NULL,NULL,'001',20,'',0.00,'Per Session','Finalised'),(00002207,025,'Y','Y','T3 Tues Volleyball','School','Action','00036',NULL,NULL,NULL,NULL,'001,002,003,004,005,006,007',20,'',0.00,'Per Session','Finalised'),(00002210,025,'Y','Y','T1-T3 Wed Girls Judo ','School','Action','00034',NULL,NULL,NULL,NULL,'001,002,003,004,005,006,007',20,'',0.00,'Per Session','Finalised'),(00002221,025,'Y','Y','T2 Tues Community Art','School','Creativity','00035',NULL,NULL,NULL,NULL,'001,002,003,004,005,006,007',20,'',0.00,'Per Session','Finalised'),(00002222,025,'Y','Y','T2 Tues Cycling','School','Action','00035',NULL,NULL,NULL,NULL,'001,002,003,004,005,006,007',20,'',0.00,'Per Session','Finalised'),(00002224,025,'Y','Y','T2 Tues Gym','School','Action','00035',NULL,NULL,NULL,NULL,'004,005,006,007',10,'',0.00,'Per Session','Finalised'),(00002225,025,'Y','Y','T2 Tues Gymnastics','School','Action','00035',NULL,NULL,NULL,NULL,'001,002,003,004,005,006,007',10,'',0.00,'Per Session','Finalised'),(00002226,025,'Y','Y','T2 Tues Horse Riding','School','Creativity','00035',NULL,NULL,NULL,NULL,'001,002,003,004,005,006,007',16,'',0.00,'Per Session','Finalised'),(00002228,025,'Y','Y','T2 Tues Juggling','School','Action','00035',NULL,NULL,NULL,NULL,'001,002,003,004,005,006,007',20,'',0.00,'Per Session','Finalised'),(00002229,025,'Y','Y','T2 Tues Kendo','School','Action','00035',NULL,NULL,NULL,NULL,'001,002,003,004,005,006,007',20,'',0.00,'Per Session','Finalised'),(00002230,025,'Y','Y','T2 Tues Library Support','School','Service','00035',NULL,NULL,NULL,NULL,'001,002,003,004,005,006,007',5,'',0.00,'Per Session','Finalised'),(00002231,025,'Y','Y','T2 Tues MUN/History Bee & Bowl','School','Service','00035',NULL,NULL,NULL,NULL,'001,002,003,004,005,006,007',20,'',0.00,'Per Session','Finalised'),(00002232,025,'Y','Y','T2 Tues Primary - Teaching to Read','School','Service','00035',NULL,NULL,NULL,NULL,'001,002,003,004,005,006,007',20,'',0.00,'Per Session','Finalised'),(00002233,025,'Y','Y','T2 Tues Project: G','School','Service','00035',NULL,NULL,NULL,NULL,'001,002,003,004,005,006,007',30,'',0.00,'Per Session','Finalised'),(00002234,025,'Y','Y','T2 Tues Squash','School','Action','00035',NULL,NULL,NULL,NULL,'001,002,003,004,005,006,007',8,'',0.00,'Per Session','Finalised'),(00002236,025,'Y','Y','T2 Tues Tennis','School','Action','00035',NULL,NULL,NULL,NULL,'001,002,003,004,005,006,007',20,'',0.00,'Per Session','Finalised'),(00002237,025,'Y','Y','T2 Tues Touch Mixed','School','Action','00035',NULL,NULL,NULL,NULL,'001,002,003,004,005,006,007',30,'',0.00,'Per Session','Finalised'),(00002240,025,'Y','Y','T2 Tues U16 Basketball','School','Action','00035',NULL,NULL,NULL,NULL,'001,002,003,004,005,006',20,'',0.00,'Per Session','Finalised'),(00002241,025,'Y','Y','T2 Tues Volleyball','School','Action','00035',NULL,NULL,NULL,NULL,'001,002,003,004,005,006,007',20,'',0.00,'Per Session','Finalised'),(00002242,025,'Y','Y','T2-T3 Wed Speed Training ','School','Action','00035',NULL,NULL,NULL,NULL,'001,002,003,004,005,006,007',20,'',0.00,'Per Session','Finalised'),(00002249,025,'Y','Y','T2 Tues ICT Extension','School','Creativity','00035',NULL,NULL,NULL,NULL,'001,002,003,004,005,006,007',15,'',0.00,'Per Session','Finalised'),(00002254,025,'Y','Y','T1 Tues Blogging and Creative Writing','School','Creativity','00034',NULL,NULL,NULL,NULL,'001,002,003,004,005,006,007',25,'',0.00,'Per Session','Finalised'),(00002255,025,'Y','Y','T1 Tues Calligraphy','School','Creativity','00034',NULL,NULL,NULL,NULL,'001,002,003,004,005,006,007',20,'',0.00,'Per Session','Finalised'),(00002257,025,'Y','Y','T1 Tues Community Art','School','Service','00034',NULL,NULL,NULL,NULL,'001,002,003,004,005,006,007',10,'',0.00,'Per Session','Finalised'),(00002258,025,'Y','Y','T1 Tues Cycling','School','Action','00034',NULL,NULL,NULL,NULL,'001,002,003,004,005,006,007',20,'',0.00,'Per Session','Finalised'),(00002260,025,'Y','Y','T1 Tues Gym','School','Action','00034',NULL,NULL,NULL,NULL,'004,005,006,007',12,'',0.00,'Per Session','Finalised'),(00002261,025,'Y','Y','T1 Tues Gymnastics','School','Action','00034',NULL,NULL,NULL,NULL,'001,002,003,004,005,006,007',10,'',0.00,'Per Session','Finalised'),(00002263,025,'Y','Y','T3 Tues Art of Physical Labour','School','Action','00036',NULL,NULL,NULL,NULL,'001,002,003,004,005,006,007',20,'',0.00,'Per Session','Finalised'),(00002265,025,'Y','Y','T3 Tues Health and Fitness','School','Creativity','00036',NULL,NULL,NULL,NULL,'001,002,003,004,005,006,007',20,'',0.00,'Per Session','Finalised'),(00002266,025,'Y','Y','T3 Tues Ultimate Frisbee','School','Action','00036',NULL,NULL,NULL,NULL,'001,002,003,004,005,006,007',20,'',0.00,'Per Session',NULL),(00002267,025,'Y','Y','T3 Tues Yoga','School','Action','00036',NULL,NULL,NULL,NULL,'004,005,006,007',20,'',0.00,'Per Session','Finalised'),(00002268,025,'Y','Y','T2 Tues Art of Physical Labour','School','Action','00035',NULL,NULL,NULL,NULL,'001,002,003,004,005,006,007',20,'',0.00,'Per Session','Finalised'),(00002269,025,'Y','Y','T2 Tues Track and Field','School','Action','00035',NULL,NULL,NULL,NULL,'001,002,003,004,005,006,007',20,'',0.00,'Per Session','Finalised'),(00002270,025,'Y','Y','T2 Tues Calligraphy','School','Creativity','00035',NULL,NULL,NULL,NULL,'001,002,003,004,005,006,007',20,'',0.00,'Per Session',NULL),(00002271,025,'Y','Y','T2 Tues Bouldering','School','Action','00035',NULL,NULL,NULL,NULL,'001,002,003,004,005,006,007',20,'',0.00,'Per Session','Finalised'),(00002273,025,'Y','Y','T2 Tues Health and Fitness','School','Action','00035',NULL,NULL,NULL,NULL,'001,002,003,004,005,006,007',20,'',0.00,'Per Session','Finalised'),(00002274,025,'Y','Y','T2 Tues Japanese Drumming ','School','','00035',NULL,NULL,NULL,NULL,'001,002,003,004,005,006,007',6,'',0.00,'Per Session','Finalised'),(00002275,025,'Y','Y','T2 Tues Science Lab Skills','School','Creativity','00035',NULL,NULL,NULL,NULL,'001,002,003,004,005,006,007',20,'',0.00,'Per Session','Finalised'),(00002276,025,'Y','Y','T2 Tues Sewing and Textiles','School','','00035',NULL,NULL,NULL,NULL,'001,002,003,004,005,006,007',10,'',0.00,'Per Session','Finalised'),(00002277,025,'Y','Y','T2 Tues Table Tennis','School','','00035',NULL,NULL,NULL,NULL,'001,002,003,004,005,006,007',20,'',0.00,'Per Session','Finalised'),(00002278,025,'Y','Y','T2 Tues Yoga','School','','00035',NULL,NULL,NULL,NULL,'004,005,006,007',20,'',0.00,'Per Session','Finalised'),(00002281,025,'Y','Y','T1 Tues Juggling','School','Action','00034',NULL,NULL,NULL,NULL,'001,002,003,004,005,006,007',20,'',0.00,'Per Session','Finalised'),(00002282,025,'Y','Y','T1 Tues Kendo','School','Action','00034',NULL,NULL,NULL,NULL,'001,002,003,004,005,006,007',25,'',0.00,'Per Session','Finalised'),(00002283,025,'Y','Y','T1 Tues Library Support','School','Service','00034',NULL,NULL,NULL,NULL,'001,002,003,004,005,006,007',5,'',0.00,'Per Session','Finalised'),(00002285,025,'Y','Y','T1 Tues MUN/History Bee & Bowl','School','Service','00034',NULL,NULL,NULL,NULL,'001,002,003,004,005,006,007',20,'',0.00,'Per Session','Finalised'),(00002286,025,'Y','Y','T1 Tues Primary - Teaching to Read','School','Service','00034',NULL,NULL,NULL,NULL,'004,005,006,007',20,'',0.00,'Per Session','Finalised'),(00002287,025,'Y','Y','T1 Tues Project: G','School','Creativity','00034',NULL,NULL,NULL,NULL,'001,002,003,004,005,006,007',30,'',0.00,'Per Session','Finalised'),(00002290,025,'Y','Y','T1 Tues Swimming','School','Action','00034',NULL,NULL,NULL,NULL,'001,002,003,004,005,006,007',10,'',0.00,'Per Session','Finalised'),(00002291,025,'Y','Y','T1 Tues Table Tennis','School','Action','00034',NULL,NULL,NULL,NULL,'001,002,003,004,005,006,007',20,'',0.00,'Per Session','Finalised'),(00002293,025,'Y','Y','T1 Tues Tennis','School','Action','00034',NULL,NULL,NULL,NULL,'001,002,003,004,005,006,007',20,'',0.00,'Per Session','Finalised'),(00002294,025,'Y','Y','T1 Tues U14 Girls Football','School','Action','00034',NULL,NULL,NULL,NULL,'001,002,003',50,'',0.00,'Per Session','Finalised'),(00002296,025,'Y','Y','T1 Tues U14-U16 Dodgeball ','School','Action','00034',NULL,NULL,NULL,NULL,'003,004,005,006',20,'',0.00,'Per Session',NULL),(00002297,025,'Y','Y','T1 Tues U16 Basketball','School','Action','00034',NULL,NULL,NULL,NULL,'001,002,003,004,005,006',30,'',0.00,'Per Session','Finalised'),(00002298,025,'Y','Y','T1 Tues Volleyball','School','Action','00034',NULL,NULL,NULL,NULL,'001,002,003,004,005,006,007',20,'',0.00,'Per Session','Finalised'),(00002299,025,'Y','Y','T1 Tues Wakeboarding','School','Action','00034',NULL,NULL,NULL,NULL,'001,002,003,004,005,006,007',10,'',0.00,'Per Session','Finalised'),(00002305,025,'Y','Y','T1 Tues Health and Fitness','School','Creativity','00034',NULL,NULL,NULL,NULL,'001,002,003,004,005,006,007',20,'',0.00,'Per Session','Finalised'),(00002306,025,'Y','Y','T1 Tues Squash','School','Action','00034',NULL,NULL,NULL,NULL,'001,002,003,004,005,006,007',8,'',0.00,'Per Session','Finalised'),(00002308,025,'Y','Y','T1 Tues ICT Extension ','School','Creativity','00034',NULL,NULL,NULL,NULL,'001,002,003,004,005,006,007',15,'',0.00,'Per Session','Finalised'),(00002309,025,'Y','Y','T1 Tues Japanese Drumming','School','','00034',NULL,NULL,NULL,NULL,'001,002,003,004,005,006,007',6,'',0.00,'Per Session','Finalised'),(00002310,025,'Y','Y','T1 Tues Science Lab Skills ','School','Creativity','00034',NULL,NULL,NULL,NULL,'006,007',20,'',0.00,'Per Session','Finalised'),(00002311,025,'Y','Y','T1 Tues Yoga ','School','Action','00034',NULL,NULL,NULL,NULL,'004,005,006,007',20,'',0.00,'Per Session','Finalised'),(00002312,025,'Y','Y','T1 Tues Touch - Winter League Training ','School','Action','00034',NULL,NULL,NULL,NULL,'001,002,003,004,005,006,007',50,'',0.00,'Per Session','Finalised'),(00002315,025,'Y','Y','T1 Tues Singapore Squad 2018','School','Action','00034',NULL,NULL,NULL,NULL,'001,002,003,004,005,006,007',60,'',0.00,'Per Session','Finalised'),(00002316,025,'Y','Y','T1 Wed Speed Training','School','','00034',NULL,NULL,NULL,NULL,'001,002,003,004,005,006,007',20,'',0.00,'Per Session','Finalised'),(00002317,025,'Y','Y','T1 Tues Social Entrepreneurship','School','Creativity','00034',NULL,NULL,NULL,NULL,'001,002,003,004,005,006,007',20,'',0.00,'Per Session','Finalised'),(00002318,025,'Y','Y','T2 Tues Social Entrepreneurship','School','Service','00035',NULL,NULL,NULL,NULL,'001,002,003,004,005,006,007',20,'',0.00,'Per Session','Finalised'),(00002319,025,'Y','Y','T3 Tues Social Entrepreneurship','School','Creativity','00036',NULL,NULL,NULL,NULL,'001,002,003,004,005,006,007',20,'',0.00,'Per Session','Finalised'),(00002320,025,'Y','Y','T1 Tues Manga Drawing Club','School','','00034',NULL,NULL,NULL,NULL,'001,002,003,004,005,006,007',15,'',0.00,'Per Session','Finalised'),(00002321,025,'Y','Y','T1 Tues Sewing skill','School','Creativity','00034',NULL,NULL,NULL,NULL,'001,002,003,004,005,006,007',10,'',0.00,'Per Session','Finalised'),(00002322,025,'Y','N','Saturday Volleyball Practice','School','Action','00034',NULL,NULL,NULL,NULL,'001,002,003,004,005,006,007',50,'',0.00,'Per Session','Finalised'),(00002323,025,'Y','Y','T2 Tues Sewing skill','School','Creativity','00035',NULL,NULL,NULL,NULL,'001,002,003,004,005,006,007',10,'',0.00,'Per Session',NULL),(00002324,025,'Y','Y','T2 Tues Wakeboarding ','School','Action','00035',NULL,NULL,NULL,NULL,'001,002,003,004,005,006,007',10,'',0.00,'Per Session',NULL),(00002325,025,'Y','Y','T3 Tues Wakeboarding','School','Action','00036',NULL,NULL,NULL,NULL,'001,002,003,004,005,006,007',10,'',0.00,'Per Session','Finalised'),(00002326,025,'Y','Y','T1 Wed Wakeboarding ','School','Action','00034',NULL,NULL,NULL,NULL,'001,002,003,004,005,006,007',10,'',0.00,'Per Session','Finalised'),(00002328,025,'Y','Y','T1 Tues U14 Boys Football','School','Action','00034',NULL,NULL,NULL,NULL,'001,002,003',50,'',0.00,'Per Session','Finalised'),(00002329,025,'Y','Y','T3 Tues Community Art','School','Creativity','00036',NULL,NULL,NULL,NULL,'001,002,003,004,005,006,007',20,'',0.00,'Per Session',NULL),(00002330,025,'Y','N','HKAYP','School','Creativity','00034',NULL,NULL,NULL,NULL,'001,002,003,004,005,006,007',50,'',0.00,'Per Session','Finalised'),(00002332,025,'Y','N','T1 Tues Climbing','School','Action','00034',NULL,NULL,NULL,NULL,'001,002,003,004,005,006,007',20,'',0.00,'Per Session','Finalised'),(00002334,025,'Y','N','U12 Track and Field Team ','School','Action','00034',NULL,NULL,NULL,NULL,'001,002,003,004,005,006,007',50,'',0.00,'Per Session','Finalised'),(00002335,025,'Y','N','U14 Track and Field Team','School','Action','00034',NULL,NULL,NULL,NULL,'001,002,003,004,005,006,007',50,'',0.00,'Per Session','Finalised');

--
-- Table structure for table `gibbonActivityAttendance`
--

CREATE TABLE `gibbonActivityAttendance` (
  `gibbonActivityAttendanceID` int(10) unsigned zerofill NOT NULL AUTO_INCREMENT,
  `gibbonActivityID` int(8) unsigned zerofill NOT NULL,
  `gibbonPersonIDTaker` int(10) unsigned zerofill NOT NULL,
  `attendance` text NOT NULL,
  `date` date DEFAULT NULL,
  `timestampTaken` timestamp NOT NULL DEFAULT current_timestamp() ON UPDATE current_timestamp(),
  PRIMARY KEY (`gibbonActivityAttendanceID`)
) ENGINE=InnoDB DEFAULT CHARSET=utf8mb3 COLLATE=utf8mb3_general_ci;

--
-- Dumping data for table `gibbonActivityAttendance`
--


--
-- Table structure for table `gibbonActivitySlot`
--

CREATE TABLE `gibbonActivitySlot` (
  `gibbonActivitySlotID` int(10) unsigned zerofill NOT NULL AUTO_INCREMENT,
  `gibbonActivityID` int(8) unsigned zerofill NOT NULL,
  `gibbonSpaceID` int(10) unsigned zerofill DEFAULT NULL,
  `locationExternal` varchar(50) NOT NULL,
  `gibbonDaysOfWeekID` int(2) unsigned zerofill NOT NULL,
  `timeStart` time NOT NULL,
  `timeEnd` time NOT NULL,
  PRIMARY KEY (`gibbonActivitySlotID`)
) ENGINE=InnoDB AUTO_INCREMENT=1528 DEFAULT CHARSET=utf8mb3 COLLATE=utf8mb3_general_ci;

--
-- Dumping data for table `gibbonActivitySlot`
--

INSERT INTO `gibbonActivitySlot` VALUES (0000001395,00002182,0000000004,'',02,'14:20:00','15:30:00'),(0000001396,00002183,0000000047,'',02,'14:20:00','15:30:00'),(0000001398,00002185,NULL,'',02,'14:20:00','15:30:00'),(0000001403,00002189,NULL,'',02,'14:20:00','16:30:00'),(0000001404,00002190,0000000006,'',02,'14:20:00','15:30:00'),(0000001405,00002191,0000000014,'',02,'14:20:00','15:30:00'),(0000001406,00002192,0000000013,'',02,'14:20:00','15:30:00'),(0000001409,00002195,NULL,'',02,'15:30:00','16:30:00'),(0000001410,00002196,NULL,'',02,'14:20:00','15:30:00'),(0000001411,00002197,0000000009,'',02,'14:20:00','15:30:00'),(0000001413,00002199,0000000012,'',02,'14:20:00','15:30:00'),(0000001416,00002202,NULL,'',02,'14:20:00','16:30:00'),(0000001418,00002203,NULL,'',02,'14:20:00','16:30:00'),(0000001419,00002204,NULL,'',02,'14:20:00','16:30:00'),(0000001420,00002205,NULL,'',02,'14:20:00','16:30:00'),(0000001421,00002206,NULL,'',02,'14:20:00','16:30:00'),(0000001422,00002207,0000000041,'',02,'14:20:00','15:30:00'),(0000001424,00002210,0000000014,'',03,'15:00:00','16:30:00'),(0000001428,00002221,0000000007,'',02,'14:20:00','15:30:00'),(0000001429,00002222,NULL,'',02,'14:20:00','15:30:00'),(0000001431,00002224,NULL,'',02,'14:20:00','16:00:00'),(0000001432,00002225,0000000057,'',02,'14:20:00','15:30:00'),(0000001433,00002226,NULL,'',02,'14:20:00','16:30:00'),(0000001435,00002228,0000000006,'',02,'14:20:00','15:30:00'),(0000001437,00002230,0000000013,'',02,'14:20:00','15:30:00'),(0000001438,00002231,0000000031,'',02,'14:20:00','15:30:00'),(0000001439,00002232,NULL,'',02,'15:30:00','16:30:00'),(0000001440,00002233,NULL,'',02,'14:20:00','15:30:00'),(0000001441,00002234,NULL,'',02,'14:20:00','16:00:00'),(0000001443,00002236,NULL,'',02,'14:20:00','16:00:00'),(0000001444,00002237,NULL,'',02,'14:20:00','16:30:00'),(0000001447,00002240,0000000015,'',02,'14:20:00','15:30:00'),(0000001448,00002241,0000000041,'',02,'14:20:00','15:30:00'),(0000001452,00002254,0000000004,'',02,'14:20:00','15:30:00'),(0000001453,00002255,0000000047,'',02,'14:20:00','15:30:00'),(0000001455,00002257,0000000007,'',02,'14:20:00','15:30:00'),(0000001456,00002258,0000000015,'',02,'14:20:00','15:30:00'),(0000001458,00002260,NULL,'',02,'14:20:00','16:00:00'),(0000001459,00002261,0000000051,'',02,'14:20:00','15:30:00'),(0000001461,00002187,NULL,'',02,'14:20:00','16:00:00'),(0000001462,00002188,0000000057,'',02,'14:20:00','15:30:00'),(0000001463,00002201,NULL,'',02,'14:20:00','16:00:00'),(0000001464,00002263,0000000056,'',02,'14:20:00','15:30:00'),(0000001466,00002265,0000000014,'',02,'14:20:00','15:30:00'),(0000001467,00002266,0000000015,'',02,'14:20:00','15:30:00'),(0000001468,00002267,0000000058,'',02,'14:20:00','15:30:00'),(0000001469,00002229,0000000014,'',02,'14:20:00','15:30:00'),(0000001470,00002242,0000000015,'',03,'15:00:00','16:30:00'),(0000001471,00002249,0000000009,'',02,'14:20:00','15:30:00'),(0000001472,00002268,0000000056,'',02,'14:20:00','15:30:00'),(0000001474,00002270,0000000047,'',02,'14:20:00','15:30:00'),(0000001475,00002271,NULL,'',02,'14:20:00','15:30:00'),(0000001477,00002273,0000000017,'',02,'14:20:00','15:30:00'),(0000001478,00002274,NULL,'',02,'15:00:00','16:00:00'),(0000001479,00002275,0000000022,'',02,'14:20:00','15:30:00'),(0000001480,00002276,0000000005,'',02,'14:20:00','15:30:00'),(0000001481,00002277,0000000012,'',02,'14:20:00','15:30:00'),(0000001482,00002278,0000000058,'',02,'14:20:00','15:30:00'),(0000001484,00002281,0000000006,'',02,'14:20:00','15:30:00'),(0000001485,00002282,0000000014,'',02,'14:20:00','15:30:00'),(0000001486,00002283,0000000013,'',02,'14:20:00','15:30:00'),(0000001488,00002285,0000000031,'',02,'14:20:00','15:30:00'),(0000001489,00002286,NULL,'',02,'15:30:00','16:30:00'),(0000001490,00002287,NULL,'',02,'14:20:00','15:30:00'),(0000001493,00002290,NULL,'',02,'14:20:00','16:00:00'),(0000001494,00002291,0000000012,'',02,'14:20:00','15:30:00'),(0000001496,00002293,NULL,'',02,'14:20:00','16:00:00'),(0000001497,00002294,NULL,'',02,'14:00:00','16:30:00'),(0000001499,00002296,0000000014,'',02,'14:20:00','15:30:00'),(0000001500,00002297,0000000015,'',02,'14:20:00','15:30:00'),(0000001501,00002298,NULL,'',02,'14:20:00','17:00:00'),(0000001502,00002299,NULL,'',02,'14:20:00','18:00:00'),(0000001504,00002305,0000000017,'',02,'14:20:00','15:30:00'),(0000001505,00002306,NULL,'',02,'14:20:00','16:00:00'),(0000001507,00002308,0000000009,'',02,'14:20:00','15:30:00'),(0000001508,00002309,NULL,'',02,'15:00:00','16:00:00'),(0000001509,00002310,0000000022,'',02,'14:20:00','15:30:00'),(0000001510,00002311,0000000058,'',02,'14:20:00','15:30:00'),(0000001511,00002312,NULL,'',02,'14:20:00','16:30:00'),(0000001512,00002316,NULL,'',03,'15:00:00','16:00:00'),(0000001513,00002317,0000000030,'',02,'14:20:00','15:30:00'),(0000001514,00002318,0000000030,'',02,'14:20:00','15:30:00'),(0000001515,00002319,0000000030,'',02,'14:20:00','15:30:00'),(0000001516,00002320,0000000002,'',02,'14:20:00','15:30:00'),(0000001517,00002321,0000000013,'',02,'14:20:00','15:30:00'),(0000001518,00002322,0000000041,'',06,'09:00:00','12:00:00'),(0000001519,00002315,NULL,'',02,'14:20:00','16:30:00'),(0000001520,00002323,0000000013,'',02,'14:20:00','15:30:00'),(0000001521,00002324,NULL,'',02,'14:20:00','18:00:00'),(0000001522,00002325,NULL,'',02,'14:20:00','18:00:00'),(0000001523,00002326,NULL,'',02,'14:20:00','18:00:00'),(0000001524,00002328,NULL,'',02,'14:00:00','16:30:00'),(0000001525,00002329,0000000007,'',02,'14:20:00','15:30:00'),(0000001526,00002332,0000000014,'',02,'14:20:00','15:30:00'),(0000001527,00002269,NULL,'',02,'14:20:00','15:30:00');

--
-- Table structure for table `gibbonActivityStaff`
--

CREATE TABLE `gibbonActivityStaff` (
  `gibbonActivityStaffID` int(8) unsigned zerofill NOT NULL AUTO_INCREMENT,
  `gibbonActivityID` int(8) unsigned zerofill NOT NULL DEFAULT 00000000,
  `gibbonPersonID` int(10) unsigned zerofill NOT NULL DEFAULT 0000000000,
  `role` enum('Organiser','Coach','Assistant','Other') NOT NULL DEFAULT 'Organiser',
  PRIMARY KEY (`gibbonActivityStaffID`),
  KEY `gibbonActivityID` (`gibbonActivityID`,`gibbonPersonID`)
) ENGINE=InnoDB AUTO_INCREMENT=2481 DEFAULT CHARSET=utf8mb3 COLLATE=utf8mb3_general_ci;

--
-- Dumping data for table `gibbonActivityStaff`
--

INSERT INTO `gibbonActivityStaff` VALUES (00002192,00002181,0000002289,'Organiser'),(00002193,00002182,0000000867,'Organiser'),(00002194,00002183,0000001057,'Organiser'),(00002195,00002183,0000001119,'Organiser'),(00002197,00002184,0000001104,'Organiser'),(00002198,00002185,0000001055,'Organiser'),(00002199,00002185,0000000839,'Assistant'),(00002200,00002185,0000001506,'Organiser'),(00002204,00002185,0000002027,'Organiser'),(00002205,00002186,0000000719,'Coach'),(00002206,00002186,0000001066,'Coach'),(00002207,00002187,0000000144,'Organiser'),(00002208,00002188,0000000119,'Organiser'),(00002210,00002190,0000001778,'Organiser'),(00002211,00002191,0000000119,'Organiser'),(00002212,00002192,0000000689,'Organiser'),(00002213,00002193,0000001474,'Organiser'),(00002214,00002193,0000001086,'Organiser'),(00002215,00002194,0000000614,'Organiser'),(00002216,00002194,0000001514,'Organiser'),(00002217,00002195,0000001117,'Organiser'),(00002218,00002196,0000000866,'Organiser'),(00002219,00002197,0000001047,'Assistant'),(00002220,00002197,0000000375,'Organiser'),(00002223,00002198,0000000119,'Organiser'),(00002224,00002199,0000000870,'Organiser'),(00002225,00002200,0000000119,'Organiser'),(00002226,00002201,0000000120,'Organiser'),(00002227,00002202,0000000373,'Organiser'),(00002228,00002203,0000000198,'Coach'),(00002231,00002206,0000001776,'Organiser'),(00002232,00002207,0000000869,'Organiser'),(00002233,00002207,0000001502,'Organiser'),(00002234,00002208,0000000119,'Organiser'),(00002235,00002209,0000000119,'Organiser'),(00002237,00002211,0000000866,'Organiser'),(00002238,00002211,0000000120,'Organiser'),(00002239,00002211,0000000857,'Other'),(00002240,00002212,0000002027,'Organiser'),(00002241,00002212,0000000857,'Other'),(00002242,00002213,0000000144,'Organiser'),(00002243,00002213,0000001122,'Organiser'),(00002244,00002213,0000000869,'Organiser'),(00002245,00002213,0000000140,'Organiser'),(00002246,00002213,0000000198,'Organiser'),(00002247,00002213,0000001119,'Organiser'),(00002248,00002213,0000000857,'Other'),(00002249,00002214,0000000373,'Organiser'),(00002250,00002214,0000000857,'Other'),(00002251,00002215,0000000119,'Organiser'),(00002252,00002215,0000000857,'Other'),(00002253,00002215,0000000001,'Organiser'),(00002254,00002216,0000000119,'Organiser'),(00002255,00002217,0000000119,'Organiser'),(00002256,00002218,0000001104,'Organiser'),(00002257,00002218,0000002289,'Organiser'),(00002258,00002219,0000001047,'Organiser'),(00002259,00002219,0000000867,'Organiser'),(00002260,00002220,0000001119,'Organiser'),(00002261,00002221,0000000007,'Organiser'),(00002262,00002221,0000000374,'Organiser'),(00002267,00002223,0000000871,'Organiser'),(00002268,00002223,0000000375,'Organiser'),(00002269,00002223,0000001506,'Organiser'),(00002270,00002224,0000000144,'Organiser'),(00002271,00002225,0000000119,'Organiser'),(00002274,00002226,0000000140,'Organiser'),(00002277,00002227,0000000796,'Organiser'),(00002278,00002228,0000001778,'Organiser'),(00002279,00002229,0000000119,'Organiser'),(00002280,00002230,0000000689,'Organiser'),(00002281,00002231,0000000124,'Organiser'),(00002282,00002231,0000002027,'Organiser'),(00002284,00002232,0000001117,'Organiser'),(00002285,00002233,0000000866,'Organiser'),(00002286,00002234,0000000870,'Organiser'),(00002287,00002235,0000000119,'Organiser'),(00002288,00002236,0000000144,'Other'),(00002291,00002238,0000001776,'Organiser'),(00002292,00002239,0000000014,'Coach'),(00002293,00002239,0000000373,'Organiser'),(00002294,00002239,0000001119,'Assistant'),(00002295,00002240,0000000120,'Coach'),(00002296,00002240,0000000058,'Assistant'),(00002297,00002241,0000000869,'Coach'),(00002299,00002241,0000001502,'Organiser'),(00002302,00002243,0000001122,'Organiser'),(00002303,00002243,0000000866,'Organiser'),(00002304,00002244,0000000866,'Organiser'),(00002305,00002244,0000000198,'Organiser'),(00002306,00002245,0000000119,'Organiser'),(00002307,00002246,0000000866,'Organiser'),(00002308,00002247,0000000373,'Coach'),(00002309,00002247,0000000870,'Coach'),(00002310,00002248,0000000770,'Organiser'),(00002311,00002249,0000000001,'Organiser'),(00002312,00002250,0000000119,'Organiser'),(00002313,00002251,0000001110,'Organiser'),(00002314,00002251,0000000001,'Organiser'),(00002315,00002252,0000000001,'Organiser'),(00002316,00002253,0000001110,'Organiser'),(00002317,00002254,0000000867,'Organiser'),(00002318,00002254,0000001047,'Assistant'),(00002319,00002255,0000001119,'Organiser'),(00002321,00002256,0000000198,'Organiser'),(00002322,00002257,0000000069,'Organiser'),(00002323,00002257,0000000374,'Organiser'),(00002324,00002258,0000000569,'Organiser'),(00002327,00002259,0000001066,'Organiser'),(00002328,00002259,0000000719,'Organiser'),(00002330,00002261,0000000119,'Organiser'),(00002331,00002262,0000000796,'Organiser'),(00002332,00002183,0000000589,'Organiser'),(00002333,00002185,0000002326,'Organiser'),(00002334,00002185,0000001518,'Organiser'),(00002335,00002196,0000002026,'Organiser'),(00002336,00002199,0000002347,'Organiser'),(00002337,00002204,0000000119,'Organiser'),(00002338,00002205,0000002134,'Organiser'),(00002339,00002210,0000000192,'Coach'),(00002340,00002263,0000002289,'Organiser'),(00002341,00002264,0000002028,'Organiser'),(00002342,00002265,0000001104,'Organiser'),(00002343,00002266,0000000001,'Organiser'),(00002344,00002267,0000001123,'Coach'),(00002345,00002222,0000001518,'Organiser'),(00002346,00002222,0000002326,'Organiser'),(00002347,00002222,0000000870,'Organiser'),(00002349,00002237,0000001776,'Organiser'),(00002350,00002237,0000002134,'Organiser'),(00002351,00002268,0000002289,'Organiser'),(00002352,00002269,0000000373,'Organiser'),(00002353,00002270,0000001119,'Organiser'),(00002354,00002270,0000000589,'Organiser'),(00002355,00002271,0000000119,'Organiser'),(00002356,00002272,0000002028,'Organiser'),(00002357,00002273,0000001104,'Organiser'),(00002358,00002274,0000001122,'Organiser'),(00002359,00002275,0000002026,'Organiser'),(00002360,00002276,0000000375,'Organiser'),(00002361,00002277,0000002347,'Organiser'),(00002362,00002277,0000000198,'Organiser'),(00002363,00002278,0000001123,'Organiser'),(00002364,00002255,0000000589,'Organiser'),(00002365,00002258,0000001518,'Organiser'),(00002368,00002258,0000002326,'Organiser'),(00002369,00002279,0000002028,'Organiser'),(00002370,00002260,0000000144,'Organiser'),(00002371,00002280,0000000870,'Organiser'),(00002372,00002281,0000001778,'Organiser'),(00002373,00002282,0000000119,'Organiser'),(00002374,00002283,0000000689,'Organiser'),(00002375,00002283,0000000810,'Assistant'),(00002376,00002283,0000000817,'Organiser'),(00002377,00002284,0000001474,'Organiser'),(00002378,00002284,0000001086,'Organiser'),(00002379,00002285,0000000124,'Organiser'),(00002380,00002285,0000002027,'Organiser'),(00002381,00002286,0000001117,'Organiser'),(00002382,00002287,0000000866,'Organiser'),(00002383,00002287,0000001506,'Organiser'),(00002384,00002288,0000000375,'Organiser'),(00002387,00002289,0000000373,'Organiser'),(00002390,00002291,0000000095,'Organiser'),(00002392,00002292,0000000119,'Organiser'),(00002395,00002294,0000000776,'Other'),(00002397,00002294,0000001777,'Coach'),(00002398,00002294,0000000396,'Coach'),(00002399,00002295,0000000144,'Coach'),(00002400,00002295,0000001776,'Coach'),(00002401,00002295,0000001777,'Coach'),(00002402,00002295,0000000396,'Coach'),(00002403,00002296,0000000044,'Organiser'),(00002406,00002297,0000000120,'Organiser'),(00002407,00002297,0000000058,'Assistant'),(00002408,00002298,0000000869,'Coach'),(00002409,00002298,0000001502,'Coach'),(00002410,00002299,0000000119,'Organiser'),(00002411,00002300,0000001104,'Assistant'),(00002412,00002300,0000001502,'Assistant'),(00002413,00002301,0000000119,'Organiser'),(00002414,00002301,0000000373,'Organiser'),(00002415,00002302,0000000001,'Organiser'),(00002416,00002303,0000000119,'Organiser'),(00002417,00002303,0000001104,'Organiser'),(00002418,00002303,0000001502,'Organiser'),(00002419,00002304,0000000119,'Organiser'),(00002420,00002305,0000001104,'Organiser'),(00002421,00002290,0000000144,'Organiser'),(00002422,00002291,0000002347,'Organiser'),(00002423,00002293,0000000144,'Organiser'),(00002425,00002296,0000000140,'Organiser'),(00002427,00002306,0000000198,'Organiser'),(00002428,00002307,0000002289,'Organiser'),(00002429,00002308,0000000001,'Organiser'),(00002430,00002309,0000001122,'Organiser'),(00002431,00002310,0000002026,'Organiser'),(00002432,00002311,0000001123,'Coach'),(00002433,00002312,0000000119,'Organiser'),(00002434,00002313,0000001122,'Organiser'),(00002435,00002313,0000000866,'Organiser'),(00002436,00002314,0000000866,'Organiser'),(00002437,00002314,0000000198,'Organiser'),(00002438,00002315,0000000373,'Coach'),(00002439,00002315,0000000870,'Coach'),(00002440,00002242,0000001776,'Organiser'),(00002441,00002316,0000001776,'Coach'),(00002442,00002317,0000002028,'Organiser'),(00002443,00002318,0000002028,'Organiser'),(00002444,00002319,0000002028,'Organiser'),(00002446,00002296,0000002134,'Organiser'),(00002447,00002321,0000000689,'Organiser'),(00002448,00002322,0000000869,'Organiser'),(00002449,00002320,0000001474,'Organiser'),(00002450,00002320,0000001086,'Organiser'),(00002451,00002323,0000000689,'Organiser'),(00002452,00002324,0000000119,'Organiser'),(00002453,00002325,0000000119,'Organiser'),(00002454,00002326,0000000119,'Organiser'),(00002455,00002328,0000000776,'Other'),(00002456,00002328,0000001776,'Coach'),(00002458,00002328,0000000396,'Coach'),(00002459,00002329,0000000374,'Organiser'),(00002460,00002330,0000000119,'Organiser'),(00002461,00002330,0000002134,'Organiser'),(00002462,00002266,0000001008,'Assistant'),(00002463,00002296,0000001008,'Assistant'),(00002464,00002270,0000001008,'Assistant'),(00002465,00002331,0000000119,'Organiser'),(00002466,00002332,0000000119,'Organiser'),(00002467,00002258,0000002289,'Organiser'),(00002468,00002333,0000001110,'Organiser'),(00002469,00002333,0000002026,'Organiser'),(00002470,00002222,0000001777,'Organiser'),(00002471,00002222,0000001506,'Organiser'),(00002472,00002334,0000000373,'Organiser'),(00002473,00002334,0000000119,'Organiser'),(00002474,00002334,0000002134,'Organiser'),(00002475,00002335,0000000373,'Organiser'),(00002476,00002335,0000000119,'Organiser'),(00002477,00002335,0000002134,'Organiser'),(00002478,00002197,0000001777,'Organiser'),(00002479,00002189,0000000124,'Organiser'),(00002480,00002183,0000001819,'Organiser');

--
-- Table structure for table `gibbonActivityStudent`
--

CREATE TABLE `gibbonActivityStudent` (
  `gibbonActivityStudentID` int(10) unsigned zerofill NOT NULL AUTO_INCREMENT,
  `gibbonActivityID` int(8) unsigned zerofill NOT NULL DEFAULT 00000000,
  `gibbonPersonID` int(10) unsigned zerofill NOT NULL DEFAULT 0000000000,
  `status` enum('Accepted','Pending','Waiting List','Not Accepted','Left') NOT NULL DEFAULT 'Pending',
  `timestamp` datetime NOT NULL,
  `gibbonActivityIDBackup` int(8) unsigned zerofill DEFAULT NULL,
  `invoiceGenerated` enum('N','Y') NOT NULL DEFAULT 'N',
  `gibbonFinanceInvoiceID` int(14) unsigned zerofill DEFAULT NULL,
  PRIMARY KEY (`gibbonActivityStudentID`),
  KEY `gibbonActivityID` (`gibbonActivityID`,`status`)
) ENGINE=InnoDB DEFAULT CHARSET=utf8mb3 COLLATE=utf8mb3_general_ci;

--
-- Dumping data for table `gibbonActivityStudent`
--


--
-- Table structure for table `gibbonActivityType`
--

CREATE TABLE `gibbonActivityType` (
  `gibbonActivityTypeID` int(6) unsigned zerofill NOT NULL AUTO_INCREMENT,
  `name` varchar(60) DEFAULT NULL,
  `description` text DEFAULT NULL,
  `access` enum('None','View','Register') DEFAULT 'Register',
  `enrolmentType` enum('Competitive','Selection') DEFAULT 'Competitive',
  `maxPerStudent` int(3) NOT NULL DEFAULT 0,
  `waitingList` enum('Y','N') DEFAULT 'Y',
  `backupChoice` enum('Y','N') DEFAULT 'Y',
  PRIMARY KEY (`gibbonActivityTypeID`),
  UNIQUE KEY `name` (`name`)
) ENGINE=InnoDB DEFAULT CHARSET=utf8mb3 COLLATE=utf8mb3_general_ci;

--
-- Dumping data for table `gibbonActivityType`
--


--
-- Table structure for table `gibbonAdmissionsAccount`
--

CREATE TABLE `gibbonAdmissionsAccount` (
  `gibbonAdmissionsAccountID` int(10) unsigned zerofill NOT NULL AUTO_INCREMENT,
  `gibbonPersonID` int(10) unsigned zerofill DEFAULT NULL,
  `gibbonFamilyID` int(7) unsigned zerofill DEFAULT NULL,
  `email` varchar(75) DEFAULT NULL,
  `ipAddress` varchar(40) DEFAULT NULL,
  `accessID` varchar(64) DEFAULT NULL,
  `accessToken` varchar(64) DEFAULT NULL,
  `timestampTokenExpire` timestamp NULL DEFAULT NULL,
  `timestampCreated` timestamp NOT NULL DEFAULT current_timestamp(),
  `timestampActive` timestamp NULL DEFAULT NULL,
  PRIMARY KEY (`gibbonAdmissionsAccountID`),
  UNIQUE KEY `gibbonPersonID` (`gibbonPersonID`),
  UNIQUE KEY `email` (`email`),
  UNIQUE KEY `accessID` (`accessID`)
) ENGINE=InnoDB DEFAULT CHARSET=utf8mb3 COLLATE=utf8mb3_general_ci;

--
-- Dumping data for table `gibbonAdmissionsAccount`
--


--
-- Table structure for table `gibbonAdmissionsApplication`
--

CREATE TABLE `gibbonAdmissionsApplication` (
  `gibbonAdmissionsApplicationID` int(12) unsigned zerofill NOT NULL AUTO_INCREMENT,
  `gibbonFormID` int(6) unsigned zerofill DEFAULT NULL,
  `gibbonFormPageID` int(8) unsigned zerofill DEFAULT NULL,
  `gibbonSchoolYearID` int(3) unsigned zerofill DEFAULT NULL,
  `gibbonYearGroupID` int(3) unsigned zerofill DEFAULT NULL,
  `gibbonFormGroupID` int(5) unsigned zerofill DEFAULT NULL,
  `foreignTable` varchar(60) DEFAULT NULL,
  `foreignTableID` int(14) unsigned zerofill DEFAULT NULL,
  `status` enum('Incomplete','Pending','Waiting List','Accepted','Rejected','Withdrawn') NOT NULL DEFAULT 'Incomplete',
  `priority` int(1) NOT NULL DEFAULT 0,
  `owner` varchar(75) DEFAULT NULL,
  `identifier` varchar(255) DEFAULT NULL,
  `data` mediumtext DEFAULT NULL,
  `result` text DEFAULT NULL,
  `milestones` text DEFAULT NULL,
  `gibbonPaymentIDSubmit` int(14) unsigned zerofill DEFAULT NULL,
  `gibbonPaymentIDProcess` int(14) unsigned zerofill DEFAULT NULL,
  `timestampCreated` timestamp NULL DEFAULT NULL,
  `timestampModified` timestamp NULL DEFAULT NULL,
  `gibbonPersonIDModified` int(10) unsigned zerofill DEFAULT NULL,
  PRIMARY KEY (`gibbonAdmissionsApplicationID`),
  KEY `foreignTable` (`foreignTable`,`foreignTableID`)
) ENGINE=InnoDB DEFAULT CHARSET=utf8mb3 COLLATE=utf8mb3_general_ci;

--
-- Dumping data for table `gibbonAdmissionsApplication`
--


--
-- Table structure for table `gibbonAlarm`
--

CREATE TABLE `gibbonAlarm` (
  `gibbonAlarmID` int(5) unsigned zerofill NOT NULL AUTO_INCREMENT,
  `type` enum('General','Lockdown','Custom') DEFAULT NULL,
  `status` enum('Current','Past') NOT NULL DEFAULT 'Past',
  `gibbonPersonID` int(10) unsigned zerofill NOT NULL,
  `timestampStart` timestamp NULL DEFAULT NULL,
  `timestampEnd` timestamp NULL DEFAULT NULL,
  PRIMARY KEY (`gibbonAlarmID`)
) ENGINE=InnoDB DEFAULT CHARSET=utf8mb3 COLLATE=utf8mb3_general_ci;

--
-- Dumping data for table `gibbonAlarm`
--


--
-- Table structure for table `gibbonAlarmConfirm`
--

CREATE TABLE `gibbonAlarmConfirm` (
  `gibbonAlarmConfirmID` int(8) unsigned zerofill NOT NULL AUTO_INCREMENT,
  `gibbonAlarmID` int(5) unsigned zerofill NOT NULL,
  `gibbonPersonID` int(10) unsigned zerofill NOT NULL,
  `timestamp` timestamp NOT NULL DEFAULT current_timestamp() ON UPDATE current_timestamp(),
  PRIMARY KEY (`gibbonAlarmConfirmID`),
  UNIQUE KEY `gibbonAlarmID` (`gibbonAlarmID`,`gibbonPersonID`)
) ENGINE=InnoDB DEFAULT CHARSET=utf8mb3 COLLATE=utf8mb3_general_ci;

--
-- Dumping data for table `gibbonAlarmConfirm`
--


--
-- Table structure for table `gibbonAlertLevel`
--

CREATE TABLE `gibbonAlertLevel` (
  `gibbonAlertLevelID` int(3) unsigned zerofill NOT NULL AUTO_INCREMENT,
  `name` varchar(50) NOT NULL,
  `nameShort` varchar(4) NOT NULL,
  `color` varchar(7) NOT NULL COMMENT 'RGB Hex, leading #',
  `colorBG` varchar(7) NOT NULL COMMENT 'RGB Hex, leading #',
  `description` text NOT NULL,
  `sequenceNumber` int(3) NOT NULL,
  PRIMARY KEY (`gibbonAlertLevelID`)
) ENGINE=InnoDB AUTO_INCREMENT=4 DEFAULT CHARSET=utf8mb3 COLLATE=utf8mb3_general_ci;

--
-- Dumping data for table `gibbonAlertLevel`
--

INSERT INTO `gibbonAlertLevel` VALUES (001,'High','H','#CC0000','#F6CECB','Highest level of severity, requiring intense and immediate readiness, action, individual support or differentiation.',3),(002,'Medium','M','#FF7414','#FFD2A9','Moderate severity, requiring intermediate level of readiness, action, individual support or differentiation.',2),(003,'Low','L','#939090','#dddddd','Low severity, requiring little to no readiness, action, individual support or differentiation.',1);

--
-- Table structure for table `gibbonApplicationForm`
--

CREATE TABLE `gibbonApplicationForm` (
  `gibbonApplicationFormID` int(12) unsigned zerofill NOT NULL AUTO_INCREMENT,
  `gibbonApplicationFormHash` varchar(40) DEFAULT NULL,
  `surname` varchar(60) NOT NULL DEFAULT '',
  `firstName` varchar(60) NOT NULL DEFAULT '',
  `preferredName` varchar(60) NOT NULL DEFAULT '',
  `officialName` varchar(150) NOT NULL,
  `nameInCharacters` varchar(20) NOT NULL,
  `gender` enum('M','F','Other','Unspecified') NOT NULL DEFAULT 'Unspecified',
  `username` varchar(20) DEFAULT NULL,
  `status` enum('Pending','Waiting List','Accepted','Rejected','Withdrawn') NOT NULL DEFAULT 'Pending',
  `dob` date DEFAULT NULL,
  `email` varchar(75) DEFAULT NULL,
  `homeAddress` mediumtext DEFAULT NULL,
  `homeAddressDistrict` varchar(255) DEFAULT NULL,
  `homeAddressCountry` varchar(255) DEFAULT NULL,
  `phone1Type` enum('','Mobile','Home','Work','Fax','Pager','Other') NOT NULL DEFAULT '',
  `phone1CountryCode` varchar(7) NOT NULL,
  `phone1` varchar(20) NOT NULL,
  `phone2Type` enum('','Mobile','Home','Work','Fax','Pager','Other') NOT NULL DEFAULT '',
  `phone2CountryCode` varchar(7) NOT NULL,
  `phone2` varchar(20) NOT NULL,
  `countryOfBirth` varchar(30) NOT NULL,
  `gibbonSchoolYearIDEntry` int(3) unsigned zerofill NOT NULL,
  `gibbonYearGroupIDEntry` int(3) unsigned zerofill NOT NULL,
  `dayType` varchar(255) DEFAULT NULL,
  `referenceEmail` varchar(100) DEFAULT NULL,
  `schoolName1` varchar(50) NOT NULL,
  `schoolAddress1` varchar(255) NOT NULL,
  `schoolGrades1` varchar(20) NOT NULL,
  `schoolLanguage1` varchar(50) NOT NULL,
  `schoolDate1` date DEFAULT NULL,
  `schoolName2` varchar(50) NOT NULL,
  `schoolAddress2` varchar(255) NOT NULL,
  `schoolGrades2` varchar(20) NOT NULL,
  `schoolLanguage2` varchar(50) NOT NULL,
  `schoolDate2` date DEFAULT NULL,
  `gibbonFamilyID` int(7) unsigned zerofill DEFAULT NULL,
  `siblingName1` varchar(50) NOT NULL,
  `siblingDOB1` date DEFAULT NULL,
  `siblingSchool1` varchar(50) NOT NULL,
  `siblingSchoolJoiningDate1` date DEFAULT NULL,
  `siblingName2` varchar(50) NOT NULL,
  `siblingDOB2` date DEFAULT NULL,
  `siblingSchool2` varchar(50) NOT NULL,
  `siblingSchoolJoiningDate2` date DEFAULT NULL,
  `siblingName3` varchar(50) NOT NULL,
  `siblingDOB3` date DEFAULT NULL,
  `siblingSchool3` varchar(50) NOT NULL,
  `siblingSchoolJoiningDate3` date DEFAULT NULL,
  `languageHomePrimary` varchar(30) NOT NULL,
  `languageHomeSecondary` varchar(30) NOT NULL,
  `languageFirst` varchar(30) NOT NULL,
  `languageSecond` varchar(30) NOT NULL,
  `languageThird` varchar(30) NOT NULL,
  `medicalInformation` text NOT NULL,
  `sen` enum('N','Y') DEFAULT NULL,
  `senDetails` text NOT NULL,
  `languageChoice` varchar(100) DEFAULT NULL,
  `languageChoiceExperience` text DEFAULT NULL,
  `scholarshipInterest` enum('N','Y') NOT NULL DEFAULT 'N',
  `scholarshipRequired` enum('N','Y') NOT NULL DEFAULT 'N',
  `payment` enum('Family','Company') NOT NULL DEFAULT 'Family',
  `companyName` varchar(100) DEFAULT NULL,
  `companyContact` varchar(100) DEFAULT NULL,
  `companyAddress` varchar(255) DEFAULT NULL,
  `companyEmail` text DEFAULT NULL,
  `companyCCFamily` enum('N','Y') DEFAULT NULL COMMENT 'When company is billed, should family receive a copy?',
  `companyPhone` varchar(20) DEFAULT NULL,
  `companyAll` enum('Y','N') DEFAULT NULL,
  `gibbonFinanceFeeCategoryIDList` text DEFAULT NULL,
  `agreement` enum('N','Y') DEFAULT NULL,
  `parent1gibbonPersonID` int(10) unsigned zerofill DEFAULT NULL,
  `parent1title` varchar(5) DEFAULT NULL,
  `parent1surname` varchar(60) DEFAULT '',
  `parent1firstName` varchar(60) DEFAULT '',
  `parent1preferredName` varchar(60) DEFAULT '',
  `parent1officialName` varchar(150) DEFAULT NULL,
  `parent1nameInCharacters` varchar(20) DEFAULT NULL,
  `parent1gender` enum('M','F','Other','Unspecified') DEFAULT 'Unspecified',
  `parent1relationship` varchar(50) DEFAULT NULL,
  `parent1languageFirst` varchar(30) DEFAULT NULL,
  `parent1languageSecond` varchar(30) DEFAULT NULL,
  `parent1email` varchar(75) DEFAULT NULL,
  `parent1phone1Type` enum('','Mobile','Home','Work','Fax','Pager','Other') DEFAULT '',
  `parent1phone1CountryCode` varchar(7) DEFAULT NULL,
  `parent1phone1` varchar(20) DEFAULT NULL,
  `parent1phone2Type` enum('','Mobile','Home','Work','Fax','Pager','Other') DEFAULT '',
  `parent1phone2CountryCode` varchar(7) DEFAULT NULL,
  `parent1phone2` varchar(20) DEFAULT NULL,
  `parent1profession` varchar(30) DEFAULT NULL,
  `parent1employer` varchar(30) DEFAULT NULL,
  `parent2title` varchar(5) DEFAULT NULL,
  `parent2surname` varchar(60) DEFAULT '',
  `parent2firstName` varchar(60) DEFAULT '',
  `parent2preferredName` varchar(60) DEFAULT '',
  `parent2officialName` varchar(150) DEFAULT NULL,
  `parent2nameInCharacters` varchar(20) DEFAULT NULL,
  `parent2gender` enum('M','F','Other','Unspecified') DEFAULT 'Unspecified',
  `parent2relationship` varchar(50) DEFAULT NULL,
  `parent2languageFirst` varchar(30) DEFAULT NULL,
  `parent2languageSecond` varchar(30) DEFAULT NULL,
  `parent2email` varchar(75) DEFAULT NULL,
  `parent2phone1Type` enum('','Mobile','Home','Work','Fax','Pager','Other') DEFAULT '',
  `parent2phone1CountryCode` varchar(7) DEFAULT NULL,
  `parent2phone1` varchar(20) DEFAULT NULL,
  `parent2phone2Type` enum('','Mobile','Home','Work','Fax','Pager','Other') DEFAULT '',
  `parent2phone2CountryCode` varchar(7) DEFAULT NULL,
  `parent2phone2` varchar(20) DEFAULT NULL,
  `parent2profession` varchar(30) DEFAULT NULL,
  `parent2employer` varchar(30) DEFAULT NULL,
  `timestamp` timestamp NULL DEFAULT NULL,
  `priority` int(1) NOT NULL DEFAULT 0,
  `milestones` text NOT NULL,
  `notes` text NOT NULL,
  `dateStart` date DEFAULT NULL,
  `gibbonFormGroupID` int(5) unsigned zerofill DEFAULT NULL,
  `howDidYouHear` varchar(255) DEFAULT NULL,
  `howDidYouHearMore` varchar(255) DEFAULT NULL,
  `paymentMade` enum('N','Y','Exemption') NOT NULL DEFAULT 'N',
  `paymentMade2` enum('N','Y','Exemption') NOT NULL DEFAULT 'N',
  `gibbonPaymentID` int(14) unsigned zerofill DEFAULT NULL,
  `gibbonPaymentID2` int(14) unsigned zerofill DEFAULT NULL,
  `studentID` varchar(10) DEFAULT NULL,
  `privacy` text DEFAULT NULL,
  `fields` text NOT NULL COMMENT 'Serialised array of custom field values',
  `parent1fields` text NOT NULL COMMENT 'Serialised array of custom field values',
  `parent2fields` text NOT NULL COMMENT 'Serialised array of custom field values',
  PRIMARY KEY (`gibbonApplicationFormID`)
) ENGINE=InnoDB DEFAULT CHARSET=utf8mb3 COLLATE=utf8mb3_general_ci;

--
-- Dumping data for table `gibbonApplicationForm`
--


--
-- Table structure for table `gibbonApplicationFormFile`
--

CREATE TABLE `gibbonApplicationFormFile` (
  `gibbonApplicationFormFileID` int(14) unsigned zerofill NOT NULL AUTO_INCREMENT,
  `gibbonApplicationFormID` int(12) unsigned zerofill NOT NULL,
  `name` varchar(255) NOT NULL,
  `path` varchar(255) NOT NULL,
  PRIMARY KEY (`gibbonApplicationFormFileID`)
) ENGINE=InnoDB DEFAULT CHARSET=utf8mb3 COLLATE=utf8mb3_general_ci;

--
-- Dumping data for table `gibbonApplicationFormFile`
--


--
-- Table structure for table `gibbonApplicationFormLink`
--

CREATE TABLE `gibbonApplicationFormLink` (
  `gibbonApplicationFormLinkID` int(12) unsigned NOT NULL AUTO_INCREMENT,
  `gibbonApplicationFormID1` int(12) unsigned zerofill NOT NULL,
  `gibbonApplicationFormID2` int(12) unsigned zerofill NOT NULL,
  `timestamp` timestamp NOT NULL DEFAULT current_timestamp() ON UPDATE current_timestamp(),
  PRIMARY KEY (`gibbonApplicationFormLinkID`),
  UNIQUE KEY `link` (`gibbonApplicationFormID1`,`gibbonApplicationFormID2`)
) ENGINE=InnoDB DEFAULT CHARSET=utf8mb3 COLLATE=utf8mb3_general_ci;

--
-- Dumping data for table `gibbonApplicationFormLink`
--


--
-- Table structure for table `gibbonApplicationFormRelationship`
--

CREATE TABLE `gibbonApplicationFormRelationship` (
  `gibbonApplicationFormRelationshipID` int(14) unsigned zerofill NOT NULL AUTO_INCREMENT,
  `gibbonApplicationFormID` int(12) unsigned zerofill NOT NULL,
  `gibbonPersonID` int(10) unsigned zerofill NOT NULL,
  `relationship` varchar(50) NOT NULL,
  PRIMARY KEY (`gibbonApplicationFormRelationshipID`)
) ENGINE=InnoDB DEFAULT CHARSET=utf8mb3 COLLATE=utf8mb3_general_ci;

--
-- Dumping data for table `gibbonApplicationFormRelationship`
--


--
-- Table structure for table `gibbonAttendanceCode`
--

CREATE TABLE `gibbonAttendanceCode` (
  `gibbonAttendanceCodeID` int(3) unsigned zerofill NOT NULL AUTO_INCREMENT,
  `name` varchar(30) NOT NULL,
  `nameShort` varchar(4) NOT NULL,
  `type` enum('Core','Additional') NOT NULL,
  `direction` enum('In','Out') NOT NULL,
  `scope` enum('Onsite','Onsite - Late','Offsite','Offsite - Left','Offsite - Late') NOT NULL,
  `active` enum('Y','N') NOT NULL,
  `reportable` enum('Y','N') NOT NULL,
  `future` enum('Y','N') NOT NULL,
  `prefill` enum('Y','N') NOT NULL DEFAULT 'Y',
  `gibbonRoleIDAll` varchar(90) NOT NULL,
  `sequenceNumber` int(3) NOT NULL,
  PRIMARY KEY (`gibbonAttendanceCodeID`),
  UNIQUE KEY `name` (`name`),
  UNIQUE KEY `nameShort` (`nameShort`)
) ENGINE=InnoDB AUTO_INCREMENT=7 DEFAULT CHARSET=utf8mb3 COLLATE=utf8mb3_general_ci;

--
-- Dumping data for table `gibbonAttendanceCode`
--

INSERT INTO `gibbonAttendanceCode` VALUES (001,'Present','P','Core','In','Onsite','Y','Y','N','Y','001,002,006',1),(002,'Present - Late','PL','Core','In','Onsite - Late','Y','Y','N','N','001,002,006',2),(003,'Present - Offsite','PS','Core','In','Offsite','Y','Y','Y','Y','001,002,006',3),(004,'Absent','A','Core','Out','Offsite','Y','Y','Y','Y','001,002,006',4),(005,'Left','L','Core','Out','Offsite - Left','Y','Y','N','Y','001,002,006',5),(006,'Left - Early','LE','Core','Out','Offsite - Left','Y','Y','N','Y','001,002,006',6);

--
-- Table structure for table `gibbonAttendanceLogCourseClass`
--

CREATE TABLE `gibbonAttendanceLogCourseClass` (
  `gibbonAttendanceLogCourseClassID` int(14) unsigned zerofill NOT NULL AUTO_INCREMENT,
  `gibbonCourseClassID` int(8) unsigned zerofill NOT NULL,
  `gibbonTTDayRowClassID` int(12) unsigned zerofill DEFAULT NULL,
  `gibbonPersonIDTaker` int(10) unsigned zerofill NOT NULL,
  `date` date DEFAULT NULL,
  `timestampTaken` timestamp NOT NULL DEFAULT current_timestamp() ON UPDATE current_timestamp(),
  PRIMARY KEY (`gibbonAttendanceLogCourseClassID`)
) ENGINE=InnoDB DEFAULT CHARSET=utf8mb3 COLLATE=utf8mb3_general_ci;

--
-- Dumping data for table `gibbonAttendanceLogCourseClass`
--


--
-- Table structure for table `gibbonAttendanceLogFormGroup`
--

CREATE TABLE `gibbonAttendanceLogFormGroup` (
  `gibbonAttendanceLogFormGroupID` int(14) unsigned zerofill NOT NULL AUTO_INCREMENT,
  `gibbonFormGroupID` int(5) unsigned zerofill NOT NULL,
  `gibbonPersonIDTaker` int(10) unsigned zerofill NOT NULL,
  `date` date DEFAULT NULL,
  `timestampTaken` timestamp NOT NULL DEFAULT current_timestamp() ON UPDATE current_timestamp(),
  PRIMARY KEY (`gibbonAttendanceLogFormGroupID`)
) ENGINE=InnoDB DEFAULT CHARSET=utf8mb3 COLLATE=utf8mb3_general_ci;

--
-- Dumping data for table `gibbonAttendanceLogFormGroup`
--


--
-- Table structure for table `gibbonAttendanceLogPerson`
--

CREATE TABLE `gibbonAttendanceLogPerson` (
  `gibbonAttendanceLogPersonID` int(14) unsigned zerofill NOT NULL AUTO_INCREMENT,
  `gibbonAttendanceCodeID` int(3) unsigned zerofill DEFAULT NULL,
  `gibbonPersonID` int(10) unsigned zerofill NOT NULL,
  `direction` enum('In','Out') NOT NULL,
  `type` varchar(30) NOT NULL DEFAULT '',
  `reason` varchar(30) NOT NULL DEFAULT '',
  `context` enum('Form Group','Class','Person','Future','Self Registration') DEFAULT NULL,
  `comment` varchar(255) NOT NULL,
  `date` date DEFAULT NULL,
  `gibbonPersonIDTaker` int(10) unsigned zerofill NOT NULL,
  `gibbonFormGroupID` int(5) unsigned zerofill DEFAULT NULL,
  `gibbonCourseClassID` int(8) unsigned zerofill DEFAULT NULL,
  `gibbonTTDayRowClassID` int(12) unsigned zerofill DEFAULT NULL,
  `timestampTaken` timestamp NULL DEFAULT NULL,
  PRIMARY KEY (`gibbonAttendanceLogPersonID`),
  KEY `date` (`date`),
  KEY `gibbonPersonID` (`gibbonPersonID`),
  KEY `dateAndPerson` (`date`,`gibbonPersonID`) USING BTREE
) ENGINE=InnoDB DEFAULT CHARSET=utf8mb3 COLLATE=utf8mb3_general_ci;

--
-- Dumping data for table `gibbonAttendanceLogPerson`
--


--
-- Table structure for table `gibbonBehaviour`
--

CREATE TABLE `gibbonBehaviour` (
  `gibbonBehaviourID` int(12) unsigned zerofill NOT NULL AUTO_INCREMENT,
  `gibbonSchoolYearID` int(3) unsigned zerofill NOT NULL,
  `date` date NOT NULL,
  `gibbonPersonID` int(10) unsigned zerofill NOT NULL,
  `type` enum('Positive','Negative') CHARACTER SET utf8mb3 COLLATE utf8mb3_general_ci NOT NULL,
  `descriptor` varchar(100) CHARACTER SET utf8mb3 COLLATE utf8mb3_general_ci DEFAULT NULL,
  `level` varchar(100) CHARACTER SET utf8mb3 COLLATE utf8mb3_general_ci DEFAULT NULL,
  `comment` text CHARACTER SET utf8mb3 COLLATE utf8mb3_general_ci NOT NULL,
  `followup` text NOT NULL,
  `gibbonPlannerEntryID` int(14) unsigned zerofill DEFAULT NULL,
  `gibbonPersonIDCreator` int(10) unsigned zerofill NOT NULL,
  `timestamp` timestamp NOT NULL DEFAULT current_timestamp() ON UPDATE current_timestamp(),
  `fields` text DEFAULT NULL,
  `gibbonMultiIncidentID` varchar(64) DEFAULT NULL,
  PRIMARY KEY (`gibbonBehaviourID`),
  KEY `gibbonPersonID` (`gibbonPersonID`)
) ENGINE=InnoDB DEFAULT CHARSET=utf8mb3 COLLATE=utf8mb3_unicode_ci;

--
-- Dumping data for table `gibbonBehaviour`
--


--
-- Table structure for table `gibbonBehaviourFollowUp`
--

CREATE TABLE `gibbonBehaviourFollowUp` (
  `gibbonBehaviourFollowUpID` int(11) unsigned zerofill NOT NULL AUTO_INCREMENT,
  `gibbonBehaviourID` int(12) unsigned zerofill NOT NULL,
  `gibbonPersonID` int(10) unsigned zerofill NOT NULL,
  `followUp` text DEFAULT NULL,
  `timestamp` timestamp NOT NULL DEFAULT current_timestamp(),
  PRIMARY KEY (`gibbonBehaviourFollowUpID`),
  KEY `gibbonBehaviourID` (`gibbonBehaviourID`)
) ENGINE=InnoDB DEFAULT CHARSET=utf8mb3 COLLATE=utf8mb3_general_ci;

--
-- Dumping data for table `gibbonBehaviourFollowUp`
--


--
-- Table structure for table `gibbonBehaviourLetter`
--

CREATE TABLE `gibbonBehaviourLetter` (
  `gibbonBehaviourLetterID` int(10) unsigned zerofill NOT NULL AUTO_INCREMENT,
  `gibbonSchoolYearID` int(3) unsigned zerofill NOT NULL,
  `gibbonPersonID` int(10) unsigned zerofill NOT NULL,
  `letterLevel` enum('1','2','3') NOT NULL,
  `status` enum('Warning','Issued') NOT NULL,
  `type` enum('Negative','Positive') NOT NULL DEFAULT 'Negative',
  `recordCountAtCreation` int(3) NOT NULL,
  `body` text NOT NULL,
  `recipientList` text NOT NULL,
  `timestamp` timestamp NOT NULL DEFAULT current_timestamp(),
  PRIMARY KEY (`gibbonBehaviourLetterID`)
) ENGINE=InnoDB DEFAULT CHARSET=utf8mb3 COLLATE=utf8mb3_general_ci;

--
-- Dumping data for table `gibbonBehaviourLetter`
--


--
-- Table structure for table `gibbonCountry`
--

CREATE TABLE `gibbonCountry` (
  `printable_name` varchar(80) NOT NULL,
  `iddCountryCode` varchar(7) NOT NULL,
  PRIMARY KEY (`printable_name`)
) ENGINE=InnoDB DEFAULT CHARSET=utf8mb3 COLLATE=utf8mb3_general_ci;

--
-- Dumping data for table `gibbonCountry`
--

INSERT INTO `gibbonCountry` VALUES ('Afghanistan','93'),('Albania','355'),('Algeria','213'),('American Samoa','1 684'),('Andorra','376'),('Angola','244'),('Anguilla','1 264'),('Antarctica','672'),('Antigua and Barbuda','1 268'),('Argentina','54'),('Armenia','374'),('Aruba','297'),('Australia','61'),('Austria','43'),('Azerbaijan','994'),('Bahamas','1 242'),('Bahrain','973'),('Bangladesh','880'),('Barbados','1 246'),('Belarus','375'),('Belgium','32'),('Belize','501'),('Benin','229'),('Bermuda','1 441'),('Bhutan','975'),('Bolivia','591'),('Bosnia and Herzegovina','387'),('Botswana','267'),('Bouvet Island',''),('Brazil','55'),('British Indian Ocean Territory',''),('Brunei Darussalam',''),('Bulgaria','359'),('Burkina Faso','226'),('Burundi','257'),('Cambodia','855'),('Cameroon','237'),('Canada','1'),('Cape Verde','238'),('Cayman Islands','1 345'),('Central African Republic','236'),('Chad','235'),('Chile','56'),('China','86'),('Christmas Island','61'),('Cocos (Keeling) Islands','61'),('Colombia','57'),('Comoros','269'),('Congo',''),('Congo, the Democratic Republic of the',''),('Cook Islands','682'),('Costa Rica','506'),('Croatia','385'),('Cuba','53'),('Cyprus','357'),('Czech Republic','420'),('Denmark','45'),('Djibouti','253'),('Dominica','1 767'),('Dominican Republic','1 809'),('Ecuador','593'),('Egypt','20'),('El Salvador','503'),('Equatorial Guinea','240'),('Eritrea','291'),('Estonia','372'),('Ethiopia','251'),('Falkland Islands (Malvinas)',''),('Faroe Islands','298'),('Fiji','679'),('Finland','358'),('France','33'),('French Guiana',''),('French Polynesia','689'),('French Southern Territories',''),('Gabon','241'),('Gambia','220'),('Georgia','995'),('Germany','49'),('Ghana','233'),('Gibraltar','350'),('Greece','30'),('Greenland','299'),('Grenada','1 473'),('Guadeloupe',''),('Guam','1 671'),('Guatemala','502'),('Guinea','224'),('Guinea-Bissau','245'),('Guyana','592'),('Haiti','509'),('Heard Island and Mcdonald Islands',''),('Holy See (Vatican City State)',''),('Honduras','504'),('Hong Kong','852'),('Hungary','36'),('Iceland','354'),('India','91'),('Indonesia','62'),('Iran, Islamic Republic of',''),('Iraq','964'),('Ireland','353'),('Israel','972'),('Italy','39'),('Ivory Coast (Côte d\'Ivoire)','225'),('Jamaica','1 876'),('Japan','81'),('Jordan','962'),('Kazakhstan','7'),('Kenya','254'),('Kiribati','686'),('Korea, Democratic People\'s Republic of',''),('Korea, Republic of',''),('Kuwait','965'),('Kyrgyzstan','996'),('Lao People\'s Democratic Republic','856'),('Latvia','371'),('Lebanon','961'),('Lesotho','266'),('Liberia','231'),('Libya','218'),('Liechtenstein','423'),('Lithuania','370'),('Luxembourg','352'),('Macao','853'),('Macedonia, the Former Yugoslav Republic of',''),('Madagascar','261'),('Malawi','265'),('Malaysia','60'),('Maldives','960'),('Mali','223'),('Malta','356'),('Marshall Islands','692'),('Martinique',''),('Mauritania','222'),('Mauritius','230'),('Mayotte','262'),('Mexico','52'),('Micronesia, Federated States of',''),('Moldova, Republic of',''),('Monaco','377'),('Mongolia','976'),('Montserrat','1 664'),('Morocco','212'),('Mozambique','258'),('Myanmar','95'),('Namibia','264'),('Nauru','674'),('Nepal','977'),('Netherlands','31'),('Netherlands Antilles','599'),('New Caledonia','687'),('New Zealand','64'),('Nicaragua','505'),('Niger','227'),('Nigeria','234'),('Niue','683'),('Norfolk Island','672'),('Northern Mariana Islands','1 670'),('Norway','47'),('Oman','968'),('Pakistan','92'),('Palau','680'),('Palestinian Territory, Occupied',''),('Panama','507'),('Papua New Guinea','675'),('Paraguay','595'),('Peru','51'),('Philippines','63'),('Pitcairn',''),('Poland','48'),('Portugal','351'),('Puerto Rico','1'),('Qatar','974'),('Reunion',''),('Romania','40'),('Russia','7'),('Rwanda','250'),('Saint Helena','290'),('Saint Kitts and Nevis','1 869'),('Saint Lucia','1 758'),('Saint Pierre and Miquelon','508'),('Saint Vincent and the Grenadines','1 784'),('Samoa','685'),('San Marino','378'),('Sao Tome and Principe','239'),('Saudi Arabia','966'),('Senegal','221'),('Serbia and Montenegro',''),('Seychelles','248'),('Sierra Leone','232'),('Singapore','65'),('Slovakia','421'),('Slovenia','386'),('Solomon Islands','677'),('Somalia','252'),('South Africa','27'),('South Georgia and the South Sandwich Islands',''),('South Sudan','211'),('Spain','34'),('Sri Lanka','94'),('Sudan','249'),('Suriname','597'),('Svalbard and Jan Mayen',''),('Swaziland','268'),('Sweden','46'),('Switzerland','41'),('Syrian Arab Republic',''),('Taiwan','886'),('Tajikistan','992'),('Tanzania, United Republic of',''),('Thailand','66'),('Timor-Leste','670'),('Togo','228'),('Tokelau','690'),('Tonga','676'),('Trinidad and Tobago','1 868'),('Tunisia','216'),('Turkey','90'),('Turkmenistan','993'),('Turks and Caicos Islands','1 649'),('Tuvalu','688'),('Uganda','256'),('Ukraine','380'),('United Arab Emirates','971'),('United Kingdom','44'),('United States','1'),('United States Minor Outlying Islands',''),('Uruguay','598'),('Uzbekistan','998'),('Vanuatu','678'),('Venezuela','58'),('Vietnam','84'),('Virgin Islands, British',''),('Virgin Islands, U.s.',''),('Wallis and Futuna','681'),('Western Sahara',''),('Yemen','967'),('Zambia','260'),('Zimbabwe','263');

--
-- Table structure for table `gibbonCourse`
--

CREATE TABLE `gibbonCourse` (
  `gibbonCourseID` int(8) unsigned zerofill NOT NULL AUTO_INCREMENT,
  `gibbonSchoolYearID` int(3) unsigned zerofill NOT NULL,
  `gibbonDepartmentID` int(4) unsigned zerofill DEFAULT NULL,
  `name` varchar(60) NOT NULL,
  `nameShort` varchar(12) NOT NULL,
  `description` text NOT NULL,
  `map` enum('Y','N') NOT NULL DEFAULT 'Y' COMMENT 'Should this course be included in curriculum maps and other summaries?',
  `gibbonYearGroupIDList` varchar(255) NOT NULL,
  `orderBy` int(3) NOT NULL,
  `fields` text DEFAULT NULL,
  PRIMARY KEY (`gibbonCourseID`),
  UNIQUE KEY `nameYear` (`gibbonSchoolYearID`,`name`),
  KEY `gibbonSchoolYearID` (`gibbonSchoolYearID`)
) ENGINE=InnoDB AUTO_INCREMENT=1369 DEFAULT CHARSET=utf8mb3 COLLATE=utf8mb3_general_ci;

--
-- Dumping data for table `gibbonCourse`
--

INSERT INTO `gibbonCourse` VALUES (00001218,025,0005,'Year 10 Art','AR10','','Y','004',0,NULL),(00001219,025,0008,'Year 10 Chinese','CN10','','Y','004',0,NULL),(00001220,025,0005,'Year 10 Drama','DR10','','Y','004',0,NULL),(00001221,025,0006,'Year 10 Economics','EC10','','Y','004',0,NULL),(00001222,025,0007,'Year 10 English','EN10','','Y','004',0,NULL),(00001223,025,0018,'Year 10 Enrichment & Flow','ENF10','','Y','004',0,NULL),(00001224,025,0004,'Year 10 Environmental Management','EV10','','Y','004',0,NULL),(00001225,025,0006,'Year 10 History','HI10','','Y','004',0,NULL),(00001226,025,0018,'Year 10 Human Technologies','HT10','','Y','004',0,NULL),(00001227,025,0008,'Year 10 Japanese','JP10','','Y','004',0,NULL),(00001228,025,0016,'Year 10 Mathematics','MA10','','Y','004',0,NULL),(00001229,025,0005,'Year 10 Media Studies','ME10','','Y','004',0,NULL),(00001230,025,0010,'Year 10 Physical Education','PE10','','Y','004',0,NULL),(00001231,025,0004,'Year 10 Science','SC10','','Y','004',0,NULL),(00001232,025,0008,'Year 10 Self Study','SS10','','Y','004',0,NULL),(00001233,025,0008,'Year 10 Spanish','SP10','','Y','004',0,NULL),(00001235,025,0005,'Year 11 Art','AR11','','Y','005',0,NULL),(00001236,025,0008,'Year 11 Chinese','CN11','','Y','005',0,NULL),(00001237,025,0005,'Year 11 Drama','DR11','','Y','005',0,NULL),(00001238,025,0006,'Year 11 Economics','EC11','','Y','005',0,NULL),(00001239,025,0007,'Year 11 English','EN11','','Y','005',0,NULL),(00001240,025,0018,'Year 11 Enrichment & Flow','ENF11','','Y','005',0,NULL),(00001241,025,0004,'Year 11 Environmental Management','EV11','','Y','005',0,NULL),(00001242,025,0006,'Year 11 History','HI11','','Y','005',0,NULL),(00001243,025,0008,'Year 11 Japanese','JP11','','Y','005',0,NULL),(00001244,025,0016,'Year 11 Mathematics','MA11','','Y','005',0,NULL),(00001245,025,0005,'Year 11 Media Studies','ME11','','Y','005',0,NULL),(00001246,025,0010,'Year 11 Physical Education','PE11','','Y','005',0,NULL),(00001247,025,0004,'Year 11 Science','SC11','','Y','005',0,NULL),(00001249,025,0008,'Year 11 Spanish','SP11','','Y','005',0,NULL),(00001251,025,0004,'Year 12 Biology (Higher)','BIHL12','','Y','006',0,NULL),(00001252,025,0004,'Year 12 Biology (Standard)','BISL12','','Y','006',0,NULL),(00001254,025,0004,'Year 12 Chemistry (Higher)','CHHL12','','Y','006',0,NULL),(00001255,025,0004,'Year 12 Chemistry (Standard)','CHSL12','','Y','006',0,NULL),(00001256,025,0008,'Year 12 Chinese Language B (Higher)','CNHL12','','Y','006',0,NULL),(00001257,025,0008,'Year 12 Chinese Language B (Standard)','CNSL12','','Y','006',0,NULL),(00001258,025,0006,'Year 12 Economics (Higher)','ECHL12','','Y','006',0,NULL),(00001259,025,0007,'Year 12 English A (Higher)','ENHL12','','Y','006',0,NULL),(00001260,025,0007,'Year 12 English A (Standard)','ENSL12','','Y','006',0,NULL),(00001261,025,0004,'Year 12 Envir. Systems & Societies (Standard)','ESSL12','','Y','006',0,NULL),(00001263,025,0005,'Year 12 Film Studies (Higher)','FSHL12','','Y','006',0,NULL),(00001264,025,0005,'Year 12 Film Studies (Standard)','FSSL12','','Y','006',0,NULL),(00001265,025,0006,'Year 12 History (Standard)','HISL12','','Y','006',0,NULL),(00001270,025,0008,'Year 12 Pamoja Support','PS12','','Y','006',0,NULL),(00001271,025,0010,'Year 12 Physical Education','PE12','','Y','006',0,NULL),(00001272,025,0004,'Year 12 Physics (Higher)','PHHL12','','Y','006',0,NULL),(00001273,025,0004,'Year 12 Physics (Standard)','PHSL12','','Y','006',0,NULL),(00001274,025,0006,'Year 12 Psychology (Higher)','PYHL12','','Y','006',0,NULL),(00001275,025,0007,'Year 12 Self Study','SS12','','Y','006',0,NULL),(00001276,025,0008,'Year 12 Spanish B (Higher)','SPHL12','','Y','006',0,NULL),(00001277,025,0008,'Year 12 Spanish B (Standard)','SPSL12','','Y','006',0,NULL),(00001278,025,0005,'Year 12 Theatre Arts (Higher)','TAHL12','','Y','006',0,NULL),(00001279,025,0005,'Year 12 Theatre Arts (Standard)','TASL12','','Y','006',0,NULL),(00001280,025,0018,'Year 12 Theory of Knowledge','TOK12','','Y','006',0,NULL),(00001282,025,0004,'Year 13 Biology (Higher)','BIHL13','','Y','007',0,NULL),(00001283,025,0004,'Year 13 Biology (Standard)','BISL13','','Y','007',0,NULL),(00001285,025,0004,'Year 13 Chemistry (Higher)','CHHL13','','Y','007',0,NULL),(00001286,025,0004,'Year 13 Chemistry (Standard)','CHSL13','','Y','007',0,NULL),(00001288,025,0008,'Year 13 Chinese Language B (Higher)','CNHL13','','Y','007',0,NULL),(00001289,025,0008,'Year 13 Chinese Language B (Standard)','CNSL13','','Y','007',0,NULL),(00001290,025,0006,'Year 13 Economics (Higher)','ECHL13','','Y','007',0,NULL),(00001292,025,0007,'Year 13 English A (Higher)','ENHL13','','Y','007',0,NULL),(00001293,025,0007,'Year 13 English A (Standard)','ENSL13','','Y','007',0,NULL),(00001294,025,0004,'Year 13 Envir. Systems & Societies (Standard)','ESSL13','','Y','007',0,NULL),(00001298,025,0016,'Year 13 Mathematics (Higher)','MAHL13','','Y','007',0,NULL),(00001299,025,0016,'Year 13 Mathematics (Standard)','MASL13','','Y','007',0,NULL),(00001300,025,0016,'Year 13 Mathematics (Studies)','MSSL13','','Y','007',0,NULL),(00001301,025,0008,'Year 13 Pamoja Support','PS13','','Y','007',0,NULL),(00001302,025,0010,'Year 13 Physical Education','PE13','','Y','007',0,NULL),(00001303,025,0004,'Year 13 Physics (Higher)','PHHL13','','Y','007',0,NULL),(00001304,025,0004,'Year 13 Physics (Standard)','PHSL13','','Y','007',0,NULL),(00001305,025,0006,'Year 13 Psychology (Higher)','PYHL13','','Y','007',0,NULL),(00001309,025,0008,'Year 13 Spanish B (Higher)','SPHL13','','Y','007',0,NULL),(00001310,025,0005,'Year 13 Theatre Arts (Higher)','TAHL13','','Y','007',0,NULL),(00001311,025,0005,'Year 13 Theatre Arts (Standard)','TASL13','','Y','007',0,NULL),(00001312,025,0018,'Year 13 Theory of Knowledge','TOK13','','Y','007',0,NULL),(00001316,025,0005,'Year 7 Art','AR07','','Y','001',0,NULL),(00001317,025,0006,'Year 7 Big History','BH07','','Y','001',0,NULL),(00001318,025,0008,'Year 7 Chinese','CN07','','Y','001',0,NULL),(00001319,025,0007,'Year 7 English','EN07','','Y','001',0,NULL),(00001320,025,0005,'Year 7 Expressive Arts','EX07','','Y','001',0,NULL),(00001321,025,0018,'Year 7 Free Learning','FL07','','Y','001',0,NULL),(00001322,025,0018,'Year 7 Human Technologies','HT07','','Y','001',0,NULL),(00001323,025,0008,'Year 7 Japanese','JP07','','Y','001',0,NULL),(00001324,025,0016,'Year 7 Mathematics','MA07','','Y','001',0,NULL),(00001325,025,0010,'Year 7 Physical Education','PE07','','Y','001',0,NULL),(00001326,025,0004,'Year 7 Science','SC07','','Y','001',0,NULL),(00001327,025,0008,'Year 7 Spanish','SP07','','Y','001',0,NULL),(00001329,025,0006,'Year 8 Big History','BH08','','Y','002',0,NULL),(00001330,025,0008,'Year 8 Chinese','CN08','','Y','002',0,NULL),(00001331,025,0018,'Year 8 Digital Creativity & Visual Thinking','DCVT08','','Y','002',0,NULL),(00001332,025,0007,'Year 8 English','EN08','','Y','002',0,NULL),(00001333,025,0005,'Year 8 Expressive Arts','EX08','','Y','002',0,NULL),(00001334,025,0018,'Year 8 Free Learning','FL08','','Y','002',0,NULL),(00001335,025,0018,'Year 8 Human Technologies','HT08','','Y','002',0,NULL),(00001336,025,0008,'Year 8 Japanese','JP08','','Y','002',0,NULL),(00001337,025,0016,'Year 8 Mathematics','MA08','','Y','002',0,NULL),(00001338,025,0010,'Year 8 Physical Education','PE08','','Y','002',0,NULL),(00001339,025,0004,'Year 8 Science','SC08','','Y','002',0,NULL),(00001340,025,0008,'Year 8 Spanish','SP08','','Y','002',0,NULL),(00001342,025,0005,'Year 9 Art','AR09','','Y','003',0,NULL),(00001343,025,0008,'Year 9 Chinese','CN09','','Y','003',0,NULL),(00001344,025,0007,'Year 9 English','EN09','','Y','003',0,NULL),(00001345,025,0005,'Year 9 Expressive Arts','EX09','','Y','003',0,NULL),(00001346,025,0018,'Year 9 Free Learning','FL09','','Y','003',0,NULL),(00001347,025,0018,'Year 9 Human Technologies','HT09','','Y','003',0,NULL),(00001348,025,0006,'Year 9 Humanities','HU09','','Y','003',0,NULL),(00001349,025,0008,'Year 9 Japanese','JP09','','Y','003',0,NULL),(00001350,025,0016,'Year 9 Mathematics','MA09','','Y','003',0,NULL),(00001351,025,0005,'Year 9 Media Studies','ME09','','Y','003',0,NULL),(00001352,025,0010,'Year 9 Physical Education','PE09','','Y','003',0,NULL),(00001353,025,0004,'Year 9 Science','SC09','','Y','003',0,NULL),(00001354,025,0008,'Year 9 Spanish','SP09','','Y','003',0,NULL),(00001356,025,0008,'Year 7 Chinese (Kingston Chinese Programme)','CNK07','','Y','001',0,NULL),(00001357,025,0006,'Year 12 Economics (Standard)','ECSL12','','Y','006',0,NULL),(00001358,025,0005,'Year 13 Film Studies (Higher)','FSHL13','','Y','007',0,NULL),(00001359,025,0005,'Year 13 Film Studies (Standard)','FSSL13','','Y','006',0,NULL),(00001360,025,0006,'Year 12 History (Higher)','HIHL12','','Y','006',0,NULL),(00001361,025,0006,'Year 13 History (Standard)','HISL13','','Y','007',0,NULL),(00001362,025,0016,'Year 12 Maths Analysis & Approaches (Higher)','MAAHL12','','Y','006',0,NULL),(00001363,025,0016,'Year 12 Maths Analysis & Approaches (Standard)','MAASL12','','Y','006',0,NULL),(00001364,025,0016,'Year 12 Maths Applications & Interpretation (Standard)','MAISL12','','Y','006',0,NULL),(00001365,025,0006,'Year 12 Psychology (Standard)','PYSL12','','Y','006',0,NULL),(00001366,025,0008,'Year 13 Spanish (Standard)','SPSL13','','Y','007',0,NULL),(00001367,025,0005,'Year 12 Visual Arts (Higher)','VAHL12','','Y','006',0,NULL),(00001368,025,0005,'Year 12 Visual Arts (Standard) ','VASL12','','Y','006',0,NULL);

--
-- Table structure for table `gibbonCourseClass`
--

CREATE TABLE `gibbonCourseClass` (
  `gibbonCourseClassID` int(8) unsigned zerofill NOT NULL AUTO_INCREMENT,
  `gibbonCourseID` int(8) unsigned zerofill NOT NULL,
  `name` varchar(30) NOT NULL DEFAULT '',
  `nameShort` varchar(8) NOT NULL,
  `reportable` enum('Y','N') NOT NULL DEFAULT 'Y',
  `attendance` enum('Y','N') NOT NULL DEFAULT 'Y',
  `enrolmentMin` int(4) DEFAULT NULL,
  `enrolmentMax` int(4) DEFAULT NULL,
  `gibbonScaleIDTarget` int(5) unsigned zerofill DEFAULT NULL,
  `fields` text DEFAULT NULL,
  PRIMARY KEY (`gibbonCourseClassID`),
  KEY `gibbonCourseID` (`gibbonCourseID`)
) ENGINE=InnoDB AUTO_INCREMENT=2591 DEFAULT CHARSET=utf8mb3 COLLATE=utf8mb3_general_ci;

--
-- Dumping data for table `gibbonCourseClass`
--

INSERT INTO `gibbonCourseClass` VALUES (00002280,00001218,'1','1','Y','Y',NULL,NULL,NULL,NULL),(00002281,00001219,'2','2','Y','Y',NULL,NULL,NULL,NULL),(00002282,00001219,'1','1','Y','Y',NULL,NULL,NULL,NULL),(00002283,00001219,'4','4','Y','Y',NULL,NULL,NULL,NULL),(00002284,00001219,'3','3','Y','Y',NULL,NULL,NULL,NULL),(00002285,00001219,'5','5','Y','Y',NULL,NULL,NULL,NULL),(00002286,00001220,'1','1','Y','Y',NULL,NULL,NULL,NULL),(00002287,00001221,'1','1','Y','Y',NULL,NULL,NULL,NULL),(00002291,00001223,'2','2','Y','Y',NULL,NULL,NULL,NULL),(00002292,00001223,'1','1','Y','Y',NULL,NULL,NULL,NULL),(00002293,00001224,'1','1','Y','Y',NULL,NULL,NULL,NULL),(00002294,00001225,'1','1','Y','Y',NULL,NULL,NULL,NULL),(00002295,00001226,'2','2','Y','Y',NULL,NULL,NULL,NULL),(00002296,00001226,'1','1','Y','Y',NULL,NULL,NULL,NULL),(00002297,00001227,'1','1','Y','Y',NULL,NULL,NULL,NULL),(00002301,00001229,'1','1','Y','Y',NULL,NULL,NULL,NULL),(00002302,00001230,'2','2','Y','Y',NULL,NULL,NULL,NULL),(00002303,00001230,'1','1','Y','Y',NULL,NULL,NULL,NULL),(00002304,00001231,'2','2','Y','Y',NULL,NULL,NULL,NULL),(00002305,00001231,'1','1','Y','Y',NULL,NULL,NULL,NULL),(00002306,00001232,'1','1','Y','Y',NULL,NULL,NULL,NULL),(00002307,00001233,'1','1','Y','Y',NULL,NULL,NULL,NULL),(00002310,00001235,'1','1','Y','Y',NULL,NULL,NULL,NULL),(00002311,00001236,'2','2','Y','Y',NULL,NULL,NULL,NULL),(00002312,00001236,'1','1','Y','Y',NULL,NULL,NULL,NULL),(00002313,00001236,'3','3','Y','Y',NULL,NULL,NULL,NULL),(00002314,00001237,'1','1','Y','Y',NULL,NULL,NULL,NULL),(00002315,00001238,'1','1','Y','Y',NULL,NULL,NULL,NULL),(00002319,00001240,'1','1','Y','Y',NULL,NULL,NULL,NULL),(00002320,00001240,'2','2','Y','Y',NULL,NULL,NULL,NULL),(00002321,00001241,'1','1','Y','Y',NULL,NULL,NULL,NULL),(00002322,00001242,'1','1','Y','Y',NULL,NULL,NULL,NULL),(00002323,00001243,'1','1','Y','Y',NULL,NULL,NULL,NULL),(00002327,00001245,'1','1','Y','Y',NULL,NULL,NULL,NULL),(00002328,00001246,'1','1','Y','Y',NULL,NULL,NULL,NULL),(00002329,00001246,'2','2','Y','Y',NULL,NULL,NULL,NULL),(00002330,00001247,'2','2','Y','Y',NULL,NULL,NULL,NULL),(00002331,00001247,'1','1','Y','Y',NULL,NULL,NULL,NULL),(00002332,00001249,'1','1','Y','Y',NULL,NULL,NULL,NULL),(00002336,00001251,'1','1','Y','Y',NULL,NULL,NULL,NULL),(00002337,00001252,'1','1','Y','Y',NULL,NULL,NULL,NULL),(00002338,00001253,'1','1','Y','Y',NULL,NULL,NULL,NULL),(00002339,00001254,'1','1','Y','Y',NULL,NULL,NULL,NULL),(00002340,00001255,'1','1','Y','Y',NULL,NULL,NULL,NULL),(00002341,00001256,'1','1','Y','Y',NULL,NULL,NULL,NULL),(00002342,00001257,'1','1','Y','Y',NULL,NULL,NULL,NULL),(00002343,00001258,'1','1','Y','Y',NULL,NULL,NULL,NULL),(00002344,00001259,'1','1','Y','Y',NULL,NULL,NULL,NULL),(00002345,00001260,'1','1','Y','Y',NULL,NULL,NULL,NULL),(00002346,00001261,'1','1','Y','Y',NULL,NULL,NULL,NULL),(00002347,00001262,'1','1','Y','Y',NULL,NULL,NULL,NULL),(00002348,00001263,'1','1','Y','Y',NULL,NULL,NULL,NULL),(00002349,00001264,'1','1','Y','Y',NULL,NULL,NULL,NULL),(00002350,00001265,'1','1','Y','Y',NULL,NULL,NULL,NULL),(00002356,00001270,'1','1','Y','Y',NULL,NULL,NULL,NULL),(00002357,00001271,'2','2','N','Y',NULL,NULL,NULL,NULL),(00002358,00001271,'1','1','N','Y',NULL,NULL,NULL,NULL),(00002359,00001272,'1','1','Y','Y',NULL,NULL,NULL,NULL),(00002360,00001273,'1','1','Y','Y',NULL,NULL,NULL,NULL),(00002361,00001274,'1','1','Y','Y',NULL,NULL,NULL,NULL),(00002362,00001275,'1','1','Y','Y',NULL,NULL,NULL,NULL),(00002363,00001276,'1','1','Y','Y',NULL,NULL,NULL,NULL),(00002364,00001277,'1','1','Y','Y',NULL,NULL,NULL,NULL),(00002365,00001278,'1','1','Y','Y',NULL,NULL,NULL,NULL),(00002366,00001279,'1','1','Y','Y',NULL,NULL,NULL,NULL),(00002367,00001280,'1','1','Y','Y',NULL,NULL,NULL,NULL),(00002370,00001282,'1','1','Y','Y',NULL,NULL,NULL,NULL),(00002371,00001283,'1','1','Y','Y',NULL,NULL,NULL,NULL),(00002372,00001284,'1','1','Y','Y',NULL,NULL,NULL,NULL),(00002373,00001285,'1','1','Y','Y',NULL,NULL,NULL,NULL),(00002374,00001286,'1','1','Y','Y',NULL,NULL,NULL,NULL),(00002376,00001288,'1','1','Y','Y',NULL,NULL,NULL,NULL),(00002377,00001289,'1','1','Y','Y',NULL,NULL,NULL,NULL),(00002378,00001290,'1','1','Y','Y',NULL,NULL,NULL,NULL),(00002382,00001292,'1','1','Y','Y',NULL,NULL,NULL,NULL),(00002384,00001293,'1','1','Y','Y',NULL,NULL,NULL,NULL),(00002385,00001294,'1','1','Y','Y',NULL,NULL,NULL,NULL),(00002386,00001295,'1','1','Y','Y',NULL,NULL,NULL,NULL),(00002389,00001298,'1','1','Y','Y',NULL,NULL,NULL,NULL),(00002390,00001299,'1','1','Y','Y',NULL,NULL,NULL,NULL),(00002391,00001300,'1','1','Y','Y',NULL,NULL,NULL,NULL),(00002392,00001301,'1','1','Y','Y',NULL,NULL,NULL,NULL),(00002393,00001302,'1','1','N','Y',NULL,NULL,NULL,NULL),(00002394,00001303,'1','1','Y','Y',NULL,NULL,NULL,NULL),(00002395,00001304,'1','1','Y','Y',NULL,NULL,NULL,NULL),(00002396,00001305,'1','1','Y','Y',NULL,NULL,NULL,NULL),(00002399,00001309,'1','1','Y','Y',NULL,NULL,NULL,NULL),(00002400,00001310,'1','1','Y','Y',NULL,NULL,NULL,NULL),(00002401,00001311,'1','1','Y','Y',NULL,NULL,NULL,NULL),(00002402,00001312,'1','1','Y','Y',NULL,NULL,NULL,NULL),(00002407,00001316,'3','3','Y','Y',NULL,NULL,NULL,NULL),(00002408,00001316,'2','2','Y','Y',NULL,NULL,NULL,NULL),(00002409,00001316,'1','1','Y','Y',NULL,NULL,NULL,NULL),(00002410,00001317,'3','3','Y','Y',NULL,NULL,NULL,NULL),(00002411,00001317,'2','2','Y','Y',NULL,NULL,NULL,NULL),(00002412,00001317,'1','1','Y','Y',NULL,NULL,NULL,NULL),(00002413,00001318,'2','2','Y','Y',NULL,NULL,NULL,NULL),(00002414,00001318,'1','1','Y','Y',NULL,NULL,NULL,NULL),(00002415,00001318,'5','5','Y','Y',NULL,NULL,NULL,NULL),(00002416,00001318,'4','4','Y','Y',NULL,NULL,NULL,NULL),(00002417,00001318,'3','3','Y','Y',NULL,NULL,NULL,NULL),(00002421,00001320,'3','3','Y','Y',NULL,NULL,NULL,NULL),(00002422,00001320,'2','2','Y','Y',NULL,NULL,NULL,NULL),(00002423,00001320,'1','1','Y','Y',NULL,NULL,NULL,NULL),(00002424,00001321,'3','3','Y','Y',NULL,NULL,NULL,NULL),(00002425,00001321,'2','2','Y','Y',NULL,NULL,NULL,NULL),(00002426,00001321,'1','1','Y','Y',NULL,NULL,NULL,NULL),(00002427,00001322,'3','3','Y','Y',NULL,NULL,NULL,NULL),(00002428,00001322,'2','2','Y','Y',NULL,NULL,NULL,NULL),(00002429,00001322,'1','1','Y','Y',NULL,NULL,NULL,NULL),(00002430,00001323,'1','1','Y','Y',NULL,NULL,NULL,NULL),(00002435,00001325,'3','3','Y','Y',NULL,NULL,NULL,NULL),(00002436,00001325,'2','2','Y','Y',NULL,NULL,NULL,NULL),(00002437,00001325,'1','1','Y','Y',NULL,NULL,NULL,NULL),(00002438,00001326,'3','3','Y','Y',NULL,NULL,NULL,NULL),(00002439,00001326,'2','2','Y','Y',NULL,NULL,NULL,NULL),(00002440,00001326,'1','1','Y','Y',NULL,NULL,NULL,NULL),(00002441,00001327,'1','1','Y','Y',NULL,NULL,NULL,NULL),(00002445,00001329,'3','3','Y','Y',NULL,NULL,NULL,NULL),(00002446,00001329,'2','2','Y','Y',NULL,NULL,NULL,NULL),(00002447,00001329,'1','1','Y','Y',NULL,NULL,NULL,NULL),(00002448,00001330,'2','2','Y','Y',NULL,NULL,NULL,NULL),(00002449,00001330,'1','1','Y','Y',NULL,NULL,NULL,NULL),(00002450,00001330,'5','5','Y','Y',NULL,NULL,NULL,NULL),(00002451,00001330,'4','4','Y','Y',NULL,NULL,NULL,NULL),(00002452,00001330,'3','3','Y','Y',NULL,NULL,NULL,NULL),(00002453,00001331,'3','3','Y','Y',NULL,NULL,NULL,NULL),(00002454,00001331,'2','2','Y','Y',NULL,NULL,NULL,NULL),(00002455,00001331,'1','1','Y','Y',NULL,NULL,NULL,NULL),(00002460,00001333,'3','3','Y','Y',NULL,NULL,NULL,NULL),(00002461,00001333,'2','2','Y','Y',NULL,NULL,NULL,NULL),(00002462,00001333,'1','1','Y','Y',NULL,NULL,NULL,NULL),(00002463,00001334,'3','3','Y','Y',NULL,NULL,NULL,NULL),(00002464,00001334,'2','2','Y','Y',NULL,NULL,NULL,NULL),(00002465,00001334,'1','1','Y','Y',NULL,NULL,NULL,NULL),(00002466,00001335,'3','3','Y','Y',NULL,NULL,NULL,NULL),(00002467,00001335,'2','2','Y','Y',NULL,NULL,NULL,NULL),(00002468,00001335,'1','1','Y','Y',NULL,NULL,NULL,NULL),(00002469,00001336,'1','1','Y','Y',NULL,NULL,NULL,NULL),(00002474,00001338,'3','3','Y','Y',NULL,NULL,NULL,NULL),(00002475,00001338,'2','2','Y','Y',NULL,NULL,NULL,NULL),(00002476,00001338,'1','1','Y','Y',NULL,NULL,NULL,NULL),(00002477,00001339,'3','3','Y','Y',NULL,NULL,NULL,NULL),(00002478,00001339,'2','2','Y','Y',NULL,NULL,NULL,NULL),(00002479,00001339,'1','1','Y','Y',NULL,NULL,NULL,NULL),(00002480,00001340,'1','1','Y','Y',NULL,NULL,NULL,NULL),(00002484,00001342,'1','1','Y','Y',NULL,NULL,NULL,NULL),(00002485,00001343,'2','2','Y','Y',NULL,NULL,NULL,NULL),(00002486,00001343,'1','1','Y','Y',NULL,NULL,NULL,NULL),(00002487,00001343,'4','4','Y','Y',NULL,NULL,NULL,NULL),(00002488,00001343,'5','5','Y','Y',NULL,NULL,NULL,NULL),(00002489,00001343,'3','3','Y','Y',NULL,NULL,NULL,NULL),(00002493,00001345,'1','1','Y','Y',NULL,NULL,NULL,NULL),(00002494,00001346,'2','2','Y','Y',NULL,NULL,NULL,NULL),(00002495,00001346,'1','1','Y','Y',NULL,NULL,NULL,NULL),(00002496,00001346,'3','3','Y','Y',NULL,NULL,NULL,NULL),(00002497,00001347,'2','2','Y','Y',NULL,NULL,NULL,NULL),(00002498,00001347,'1','1','Y','Y',NULL,NULL,NULL,NULL),(00002499,00001347,'3','3','Y','Y',NULL,NULL,NULL,NULL),(00002500,00001348,'2','2','Y','Y',NULL,NULL,NULL,NULL),(00002501,00001348,'1','1','Y','Y',NULL,NULL,NULL,NULL),(00002502,00001348,'3','3','Y','Y',NULL,NULL,NULL,NULL),(00002503,00001349,'1','1','Y','Y',NULL,NULL,NULL,NULL),(00002507,00001351,'1','1','Y','Y',NULL,NULL,NULL,NULL),(00002508,00001352,'2','2','Y','Y',NULL,NULL,NULL,NULL),(00002509,00001352,'1','1','Y','Y',NULL,NULL,NULL,NULL),(00002510,00001352,'3','3','Y','Y',NULL,NULL,NULL,NULL),(00002511,00001353,'2','2','Y','Y',NULL,NULL,NULL,NULL),(00002512,00001353,'1','1','Y','Y',NULL,NULL,NULL,NULL),(00002513,00001353,'3','3','Y','Y',NULL,NULL,NULL,NULL),(00002514,00001354,'1','1','Y','Y',NULL,NULL,NULL,NULL),(00002518,00001316,'4','4','Y','Y',NULL,NULL,NULL,NULL),(00002519,00001317,'4','4','Y','Y',NULL,NULL,NULL,NULL),(00002520,00001236,'4','4','Y','Y',NULL,NULL,NULL,NULL),(00002521,00001236,'5','5','Y','Y',NULL,NULL,NULL,NULL),(00002522,00001356,'1','1','Y','Y',NULL,NULL,NULL,NULL),(00002523,00001257,'2','2','Y','Y',NULL,NULL,NULL,NULL),(00002524,00001221,'2','2','Y','Y',NULL,NULL,NULL,NULL),(00002525,00001357,'1','1','Y','Y',NULL,NULL,NULL,NULL),(00002526,00001319,'4','4','Y','Y',NULL,NULL,NULL,NULL),(00002527,00001319,'2','2','Y','Y',NULL,NULL,NULL,NULL),(00002528,00001319,'5','5','Y','Y',NULL,NULL,NULL,NULL),(00002529,00001319,'3','3','Y','Y',NULL,NULL,NULL,NULL),(00002530,00001319,'1','1','Y','Y',NULL,NULL,NULL,NULL),(00002531,00001332,'4','4','Y','Y',NULL,NULL,NULL,NULL),(00002532,00001332,'1','1','Y','Y',NULL,NULL,NULL,NULL),(00002533,00001332,'2','2','Y','Y',NULL,NULL,NULL,NULL),(00002534,00001332,'3','3','Y','Y',NULL,NULL,NULL,NULL),(00002535,00001344,'2','2','Y','Y',NULL,NULL,NULL,NULL),(00002536,00001344,'3','3','Y','Y',NULL,NULL,NULL,NULL),(00002537,00001344,'1','1','Y','Y',NULL,NULL,NULL,NULL),(00002538,00001344,'4','4','Y','Y',NULL,NULL,NULL,NULL),(00002539,00001222,'3','3','Y','Y',NULL,NULL,NULL,NULL),(00002540,00001222,'1','1','Y','Y',NULL,NULL,NULL,NULL),(00002541,00001222,'2','2','Y','Y',NULL,NULL,NULL,NULL),(00002542,00001239,'1','1','Y','Y',NULL,NULL,NULL,NULL),(00002543,00001239,'3','3','Y','Y',NULL,NULL,NULL,NULL),(00002544,00001239,'2','2','Y','Y',NULL,NULL,NULL,NULL),(00002545,00001223,'3','3','Y','Y',NULL,NULL,NULL,NULL),(00002546,00001259,'2','2','Y','Y',NULL,NULL,NULL,NULL),(00002547,00001320,'4','4','Y','Y',NULL,NULL,NULL,NULL),(00002548,00001321,'4','4','Y','Y',NULL,NULL,NULL,NULL),(00002549,00001358,'1','1','Y','Y',NULL,NULL,NULL,NULL),(00002550,00001359,'1','1','Y','Y',NULL,NULL,NULL,NULL),(00002551,00001360,'1','1','Y','Y',NULL,NULL,NULL,NULL),(00002552,00001361,'1','1','Y','Y',NULL,NULL,NULL,NULL),(00002553,00001361,'2','2','Y','Y',NULL,NULL,NULL,NULL),(00002554,00001322,'4','4','Y','Y',NULL,NULL,NULL,NULL),(00002555,00001226,'3','3','Y','Y',NULL,NULL,NULL,NULL),(00002556,00001324,'2','2','Y','Y',NULL,NULL,NULL,NULL),(00002557,00001324,'1','1','Y','Y',NULL,NULL,NULL,NULL),(00002558,00001324,'4','4','Y','Y',NULL,NULL,NULL,NULL),(00002559,00001324,'3','3','Y','Y',NULL,NULL,NULL,NULL),(00002560,00001324,'5','5','Y','Y',NULL,NULL,NULL,NULL),(00002561,00001337,'4','4','Y','Y',NULL,NULL,NULL,NULL),(00002562,00001337,'1','1','Y','Y',NULL,NULL,NULL,NULL),(00002563,00001337,'3','3','Y','Y',NULL,NULL,NULL,NULL),(00002564,00001337,'2','2','Y','Y',NULL,NULL,NULL,NULL),(00002565,00001350,'2','2','Y','Y',NULL,NULL,NULL,NULL),(00002566,00001350,'3','3','Y','Y',NULL,NULL,NULL,NULL),(00002567,00001350,'5','5','Y','Y',NULL,NULL,NULL,NULL),(00002568,00001350,'1','1','Y','Y',NULL,NULL,NULL,NULL),(00002569,00001350,'4','4','Y','Y',NULL,NULL,NULL,NULL),(00002570,00001228,'4','4','Y','Y',NULL,NULL,NULL,NULL),(00002571,00001228,'3','3','Y','Y',NULL,NULL,NULL,NULL),(00002572,00001228,'2','2','Y','Y',NULL,NULL,NULL,NULL),(00002574,00001244,'2','2','Y','Y',NULL,NULL,NULL,NULL),(00002575,00001244,'1','1','Y','Y',NULL,NULL,NULL,NULL),(00002576,00001244,'3','3','Y','Y',NULL,NULL,NULL,NULL),(00002577,00001362,'1','1','Y','Y',NULL,NULL,NULL,NULL),(00002578,00001363,'1','1','Y','Y',NULL,NULL,NULL,NULL),(00002579,00001364,'1','1','Y','Y',NULL,NULL,NULL,NULL),(00002580,00001325,'4','4','Y','Y',NULL,NULL,NULL,NULL),(00002581,00001230,'3','3','Y','Y',NULL,NULL,NULL,NULL),(00002582,00001365,'1','1','Y','Y',NULL,NULL,NULL,NULL),(00002583,00001326,'4','4','Y','Y',NULL,NULL,NULL,NULL),(00002584,00001231,'3','3','Y','Y',NULL,NULL,NULL,NULL),(00002585,00001366,'1','1','Y','Y',NULL,NULL,NULL,NULL),(00002586,00001280,'2','2','Y','Y',NULL,NULL,NULL,NULL),(00002587,00001367,'1','1','Y','Y',NULL,NULL,NULL,NULL),(00002588,00001368,'1','1','Y','Y',NULL,NULL,NULL,NULL),(00002590,00001228,'1','1','Y','Y',NULL,NULL,NULL,NULL);

--
-- Table structure for table `gibbonCourseClassMap`
--

CREATE TABLE `gibbonCourseClassMap` (
  `gibbonCourseClassMapID` int(8) unsigned zerofill NOT NULL AUTO_INCREMENT,
  `gibbonCourseClassID` int(8) unsigned zerofill DEFAULT NULL,
  `gibbonFormGroupID` int(5) unsigned zerofill DEFAULT NULL,
  `gibbonYearGroupID` int(3) unsigned zerofill DEFAULT NULL,
  PRIMARY KEY (`gibbonCourseClassMapID`),
  UNIQUE KEY `gibbonCourseClassID` (`gibbonCourseClassID`)
) ENGINE=InnoDB DEFAULT CHARSET=utf8mb3 COLLATE=utf8mb3_unicode_ci;

--
-- Dumping data for table `gibbonCourseClassMap`
--


--
-- Table structure for table `gibbonCourseClassPerson`
--

CREATE TABLE `gibbonCourseClassPerson` (
  `gibbonCourseClassPersonID` int(10) unsigned zerofill NOT NULL AUTO_INCREMENT,
  `gibbonCourseClassID` int(8) unsigned zerofill NOT NULL,
  `gibbonPersonID` int(10) unsigned zerofill NOT NULL,
  `role` enum('Student','Teacher','Assistant','Technician','Parent','Student - Left','Teacher - Left') NOT NULL,
  `dateEnrolled` date DEFAULT NULL,
  `dateUnenrolled` date DEFAULT NULL,
  `reportable` enum('Y','N') NOT NULL DEFAULT 'Y',
  PRIMARY KEY (`gibbonCourseClassPersonID`),
  KEY `gibbonCourseClassID` (`gibbonCourseClassID`),
  KEY `gibbonPersonID` (`gibbonPersonID`,`role`)
) ENGINE=InnoDB AUTO_INCREMENT=52969 DEFAULT CHARSET=utf8mb3 COLLATE=utf8mb3_general_ci;

--
-- Dumping data for table `gibbonCourseClassPerson`
--

INSERT INTO `gibbonCourseClassPerson` VALUES (0000048161,00002409,0000002363,'Teacher',NULL,NULL,'Y'),(0000048162,00002408,0000002363,'Teacher',NULL,NULL,'Y'),(0000048163,00002407,0000002363,'Teacher',NULL,NULL,'Y'),(0000048164,00002518,0000002363,'Teacher',NULL,NULL,'Y'),(0000048165,00002484,0000002363,'Teacher',NULL,NULL,'Y'),(0000048166,00002280,0000000374,'Teacher',NULL,NULL,'Y'),(0000048167,00002310,0000000374,'Teacher',NULL,NULL,'Y'),(0000048168,00002412,0000001110,'Teacher',NULL,NULL,'Y'),(0000048169,00002411,0000002722,'Teacher',NULL,NULL,'Y'),(0000048170,00002410,0000002722,'Teacher',NULL,NULL,'Y'),(0000048171,00002519,0000002722,'Teacher',NULL,NULL,'Y'),(0000048172,00002447,0000001110,'Teacher',NULL,NULL,'Y'),(0000048173,00002446,0000002733,'Teacher',NULL,NULL,'Y'),(0000048174,00002445,0000002733,'Teacher',NULL,NULL,'Y'),(0000048175,00002336,0000000870,'Teacher',NULL,NULL,'Y'),(0000048176,00002370,0000000870,'Teacher',NULL,NULL,'Y'),(0000048177,00002337,0000000589,'Teacher',NULL,NULL,'Y'),(0000048178,00002371,0000000870,'Teacher',NULL,NULL,'Y'),(0000048179,00002339,0000002026,'Teacher',NULL,NULL,'Y'),(0000048180,00002373,0000002026,'Teacher',NULL,NULL,'Y'),(0000048181,00002340,0000002026,'Teacher',NULL,NULL,'Y'),(0000048182,00002374,0000002026,'Teacher',NULL,NULL,'Y'),(0000048183,00002414,0000001119,'Teacher',NULL,NULL,'Y'),(0000048184,00002413,0000000140,'Teacher',NULL,NULL,'Y'),(0000048185,00002417,0000000869,'Teacher',NULL,NULL,'Y'),(0000048186,00002416,0000000198,'Teacher',NULL,NULL,'Y'),(0000048187,00002449,0000001119,'Teacher',NULL,NULL,'Y'),(0000048188,00002448,0000002347,'Teacher',NULL,NULL,'Y'),(0000048189,00002452,0000000869,'Teacher',NULL,NULL,'Y'),(0000048190,00002451,0000000198,'Teacher',NULL,NULL,'Y'),(0000048191,00002450,0000000140,'Teacher',NULL,NULL,'Y'),(0000048192,00002486,0000000869,'Teacher',NULL,NULL,'Y'),(0000048193,00002485,0000000198,'Teacher',NULL,NULL,'Y'),(0000048194,00002489,0000002347,'Teacher',NULL,NULL,'Y'),(0000048198,00002281,0000000869,'Teacher',NULL,NULL,'Y'),(0000048199,00002284,0000000198,'Teacher',NULL,NULL,'Y'),(0000048200,00002283,0000001119,'Teacher',NULL,NULL,'Y'),(0000048202,00002312,0000002347,'Teacher',NULL,NULL,'Y'),(0000048203,00002311,0000000198,'Teacher',NULL,NULL,'Y'),(0000048204,00002313,0000001119,'Teacher',NULL,NULL,'Y'),(0000048205,00002520,0000000140,'Teacher',NULL,NULL,'Y'),(0000048206,00002521,0000000869,'Teacher',NULL,NULL,'Y'),(0000048207,00002341,0000000869,'Teacher',NULL,NULL,'Y'),(0000048208,00002376,0000002347,'Teacher',NULL,NULL,'Y'),(0000048209,00002522,0000000140,'Teacher',NULL,NULL,'Y'),(0000048210,00002522,0000002347,'Teacher',NULL,NULL,'Y'),(0000048211,00002342,0000000198,'Teacher',NULL,NULL,'Y'),(0000048212,00002523,0000001119,'Teacher',NULL,NULL,'Y'),(0000048213,00002377,0000000198,'Teacher',NULL,NULL,'Y'),(0000048214,00002455,0000002363,'Teacher',NULL,NULL,'Y'),(0000048215,00002454,0000002363,'Teacher',NULL,NULL,'Y'),(0000048216,00002453,0000002363,'Teacher',NULL,NULL,'Y'),(0000048217,00002286,0000001506,'Teacher',NULL,NULL,'Y'),(0000048218,00002314,0000001506,'Teacher',NULL,NULL,'Y'),(0000048219,00002287,0000000124,'Teacher',NULL,NULL,'Y'),(0000048220,00002524,0000002722,'Teacher',NULL,NULL,'Y'),(0000048221,00002315,0000000124,'Teacher',NULL,NULL,'Y'),(0000048222,00002343,0000000124,'Teacher',NULL,NULL,'Y'),(0000048223,00002378,0000000124,'Teacher',NULL,NULL,'Y'),(0000048224,00002525,0000000124,'Teacher',NULL,NULL,'Y'),(0000048225,00002526,0000001777,'Teacher',NULL,NULL,'Y'),(0000048226,00002527,0000001778,'Teacher',NULL,NULL,'Y'),(0000048227,00002528,0000000373,'Teacher',NULL,NULL,'Y'),(0000048228,00002529,0000000151,'Teacher',NULL,NULL,'Y'),(0000048229,00002530,0000002562,'Teacher',NULL,NULL,'Y'),(0000048230,00002531,0000000867,'Teacher',NULL,NULL,'Y'),(0000048231,00002532,0000001502,'Teacher',NULL,NULL,'Y'),(0000048232,00002532,0000002562,'Teacher',NULL,NULL,'Y'),(0000048233,00002533,0000001777,'Teacher',NULL,NULL,'Y'),(0000048234,00002534,0000000151,'Teacher',NULL,NULL,'Y'),(0000048235,00002535,0000001778,'Teacher',NULL,NULL,'Y'),(0000048236,00002536,0000002562,'Teacher',NULL,NULL,'Y'),(0000048237,00002537,0000001777,'Teacher',NULL,NULL,'Y'),(0000048238,00002538,0000000867,'Teacher',NULL,NULL,'Y'),(0000048239,00002539,0000001778,'Teacher',NULL,NULL,'Y'),(0000048240,00002540,0000001777,'Teacher',NULL,NULL,'Y'),(0000048241,00002541,0000001123,'Teacher',NULL,NULL,'Y'),(0000048242,00002542,0000001502,'Teacher',NULL,NULL,'Y'),(0000048243,00002542,0000002562,'Teacher',NULL,NULL,'Y'),(0000048244,00002543,0000000867,'Teacher',NULL,NULL,'Y'),(0000048245,00002544,0000001123,'Teacher',NULL,NULL,'Y'),(0000048246,00002292,0000002363,'Teacher',NULL,NULL,'Y'),(0000048247,00002291,0000001123,'Teacher',NULL,NULL,'Y'),(0000048248,00002291,0000001122,'Teacher',NULL,NULL,'Y'),(0000048249,00002545,0000000374,'Teacher',NULL,NULL,'Y'),(0000048250,00002545,0000000119,'Teacher',NULL,NULL,'Y'),(0000048251,00002319,0000002363,'Teacher',NULL,NULL,'Y'),(0000048252,00002319,0000000373,'Teacher',NULL,NULL,'Y'),(0000048253,00002320,0000000374,'Teacher',NULL,NULL,'Y'),(0000048254,00002320,0000001110,'Teacher',NULL,NULL,'Y'),(0000048255,00002320,0000001122,'Teacher',NULL,NULL,'Y'),(0000048256,00002344,0000001502,'Teacher',NULL,NULL,'Y'),(0000048257,00002344,0000002562,'Teacher',NULL,NULL,'Y'),(0000048258,00002546,0000000867,'Teacher',NULL,NULL,'Y'),(0000048259,00002382,0000000867,'Teacher',NULL,NULL,'Y'),(0000048260,00002345,0000001123,'Teacher',NULL,NULL,'Y'),(0000048261,00002384,0000001777,'Teacher',NULL,NULL,'Y'),(0000048262,00002346,0000000589,'Teacher',NULL,NULL,'Y'),(0000048263,00002346,0000000124,'Teacher',NULL,NULL,'Y'),(0000048264,00002385,0000000589,'Teacher',NULL,NULL,'Y'),(0000048265,00002293,0000000589,'Teacher',NULL,NULL,'Y'),(0000048266,00002321,0000000589,'Teacher',NULL,NULL,'Y'),(0000048267,00002423,0000000375,'Teacher',NULL,NULL,'Y'),(0000048268,00002422,0000000375,'Teacher',NULL,NULL,'Y'),(0000048269,00002421,0000001506,'Teacher',NULL,NULL,'Y'),(0000048270,00002547,0000001506,'Teacher',NULL,NULL,'Y'),(0000048271,00002462,0000001506,'Teacher',NULL,NULL,'Y'),(0000048272,00002461,0000001506,'Teacher',NULL,NULL,'Y'),(0000048273,00002460,0000001506,'Teacher',NULL,NULL,'Y'),(0000048274,00002493,0000001506,'Teacher',NULL,NULL,'Y'),(0000048275,00002426,0000000001,'Teacher',NULL,NULL,'Y'),(0000048276,00002425,0000000001,'Teacher',NULL,NULL,'Y'),(0000048277,00002424,0000000001,'Teacher',NULL,NULL,'Y'),(0000048278,00002548,0000000001,'Teacher',NULL,NULL,'Y'),(0000048279,00002465,0000002733,'Teacher',NULL,NULL,'Y'),(0000048280,00002464,0000001502,'Teacher',NULL,NULL,'Y'),(0000048282,00002495,0000001502,'Teacher',NULL,NULL,'Y'),(0000048283,00002495,0000002562,'Teacher',NULL,NULL,'Y'),(0000048284,00002494,0000000119,'Teacher',NULL,NULL,'Y'),(0000048285,00002496,0000000119,'Teacher',NULL,NULL,'Y'),(0000048286,00002348,0000001776,'Teacher',NULL,NULL,'Y'),(0000048287,00002549,0000001776,'Teacher',NULL,NULL,'Y'),(0000048288,00002349,0000001776,'Teacher',NULL,NULL,'Y'),(0000048289,00002550,0000001776,'Teacher',NULL,NULL,'Y'),(0000048290,00002294,0000002027,'Teacher',NULL,NULL,'Y'),(0000048291,00002322,0000002027,'Teacher',NULL,NULL,'Y'),(0000048292,00002551,0000002027,'Teacher',NULL,NULL,'Y'),(0000048293,00002350,0000002027,'Teacher',NULL,NULL,'Y'),(0000048294,00002552,0000002027,'Teacher',NULL,NULL,'Y'),(0000048295,00002553,0000002027,'Teacher',NULL,NULL,'Y'),(0000048296,00002429,0000001110,'Teacher',NULL,NULL,'Y'),(0000048297,00002428,0000000373,'Teacher',NULL,NULL,'Y'),(0000048298,00002427,0000001778,'Teacher',NULL,NULL,'Y'),(0000048299,00002554,0000001123,'Teacher',NULL,NULL,'Y'),(0000048300,00002468,0000001110,'Teacher',NULL,NULL,'Y'),(0000048301,00002467,0000001778,'Teacher',NULL,NULL,'Y'),(0000048302,00002466,0000001123,'Teacher',NULL,NULL,'Y'),(0000048303,00002498,0000001123,'Teacher',NULL,NULL,'Y'),(0000048304,00002497,0000000375,'Teacher',NULL,NULL,'Y'),(0000048305,00002499,0000000373,'Teacher',NULL,NULL,'Y'),(0000048306,00002296,0000001778,'Teacher',NULL,NULL,'Y'),(0000048307,00002295,0000001506,'Teacher',NULL,NULL,'Y'),(0000048308,00002555,0000001123,'Teacher',NULL,NULL,'Y'),(0000048309,00002501,0000000124,'Teacher',NULL,NULL,'Y'),(0000048310,00002501,0000002722,'Teacher',NULL,NULL,'Y'),(0000048311,00002500,0000002722,'Teacher',NULL,NULL,'Y'),(0000048312,00002502,0000002722,'Teacher',NULL,NULL,'Y'),(0000048313,00002430,0000001122,'Teacher',NULL,NULL,'Y'),(0000048314,00002469,0000001122,'Teacher',NULL,NULL,'Y'),(0000048315,00002503,0000001122,'Teacher',NULL,NULL,'Y'),(0000048316,00002297,0000001122,'Teacher',NULL,NULL,'Y'),(0000048317,00002323,0000001122,'Teacher',NULL,NULL,'Y'),(0000048318,00002556,0000000866,'Teacher',NULL,NULL,'Y'),(0000048319,00002557,0000001104,'Teacher',NULL,NULL,'Y'),(0000048320,00002558,0000001601,'Teacher',NULL,NULL,'Y'),(0000048321,00002559,0000000120,'Teacher',NULL,NULL,'Y'),(0000048322,00002560,0000002732,'Teacher',NULL,NULL,'Y'),(0000048323,00002561,0000002732,'Teacher',NULL,NULL,'Y'),(0000048324,00002562,0000001104,'Teacher',NULL,NULL,'Y'),(0000048325,00002563,0000000866,'Teacher',NULL,NULL,'Y'),(0000048326,00002564,0000001117,'Teacher',NULL,NULL,'Y'),(0000048327,00002564,0000001601,'Teacher',NULL,NULL,'Y'),(0000048328,00002565,0000001117,'Teacher',NULL,NULL,'Y'),(0000048329,00002566,0000000866,'Teacher',NULL,NULL,'Y'),(0000048330,00002567,0000002732,'Teacher',NULL,NULL,'Y'),(0000048331,00002568,0000001104,'Teacher',NULL,NULL,'Y'),(0000048332,00002569,0000001601,'Teacher',NULL,NULL,'Y'),(0000048333,00002570,0000002732,'Teacher',NULL,NULL,'Y'),(0000048334,00002571,0000000120,'Teacher',NULL,NULL,'Y'),(0000048335,00002572,0000000866,'Teacher',NULL,NULL,'Y'),(0000048336,00002572,0000001601,'Teacher',NULL,NULL,'Y'),(0000048338,00002574,0000000120,'Teacher',NULL,NULL,'Y'),(0000048339,00002575,0000001117,'Teacher',NULL,NULL,'Y'),(0000048340,00002576,0000002732,'Teacher',NULL,NULL,'Y'),(0000048341,00002577,0000000120,'Teacher',NULL,NULL,'Y'),(0000048342,00002578,0000000866,'Teacher',NULL,NULL,'Y'),(0000048343,00002389,0000000120,'Teacher',NULL,NULL,'Y'),(0000048344,00002579,0000000866,'Teacher',NULL,NULL,'Y'),(0000048345,00002390,0000002732,'Teacher',NULL,NULL,'Y'),(0000048346,00002507,0000000375,'Teacher',NULL,NULL,'Y'),(0000048347,00002301,0000000375,'Teacher',NULL,NULL,'Y'),(0000048348,00002327,0000000001,'Teacher',NULL,NULL,'Y'),(0000048349,00002391,0000000866,'Teacher',NULL,NULL,'Y'),(0000048350,00002437,0000000373,'Teacher',NULL,NULL,'Y'),(0000048351,00002436,0000000373,'Teacher',NULL,NULL,'Y'),(0000048352,00002436,0000001104,'Teacher',NULL,NULL,'Y'),(0000048353,00002435,0000000373,'Teacher',NULL,NULL,'Y'),(0000048354,00002435,0000001104,'Teacher',NULL,NULL,'Y'),(0000048355,00002580,0000000373,'Teacher',NULL,NULL,'Y'),(0000048356,00002580,0000001104,'Teacher',NULL,NULL,'Y'),(0000048357,00002476,0000002134,'Teacher',NULL,NULL,'Y'),(0000048358,00002475,0000001104,'Teacher',NULL,NULL,'Y'),(0000048359,00002474,0000000373,'Teacher',NULL,NULL,'Y'),(0000048360,00002474,0000001104,'Teacher',NULL,NULL,'Y'),(0000048361,00002509,0000000119,'Teacher',NULL,NULL,'Y'),(0000048362,00002508,0000002134,'Teacher',NULL,NULL,'Y'),(0000048363,00002510,0000002134,'Teacher',NULL,NULL,'Y'),(0000048364,00002303,0000000373,'Teacher',NULL,NULL,'Y'),(0000048365,00002302,0000002134,'Teacher',NULL,NULL,'Y'),(0000048366,00002581,0000000119,'Teacher',NULL,NULL,'Y'),(0000048367,00002328,0000002134,'Teacher',NULL,NULL,'Y'),(0000048368,00002329,0000000119,'Teacher',NULL,NULL,'Y'),(0000048369,00002359,0000002326,'Teacher',NULL,NULL,'Y'),(0000048370,00002394,0000002326,'Teacher',NULL,NULL,'Y'),(0000048371,00002360,0000002326,'Teacher',NULL,NULL,'Y'),(0000048372,00002395,0000002326,'Teacher',NULL,NULL,'Y'),(0000048373,00002356,0000000144,'Teacher',NULL,NULL,'Y'),(0000048374,00002392,0000000144,'Teacher',NULL,NULL,'Y'),(0000048375,00002361,0000002096,'Teacher',NULL,NULL,'Y'),(0000048376,00002396,0000002027,'Teacher',NULL,NULL,'Y'),(0000048377,00002582,0000002096,'Teacher',NULL,NULL,'Y'),(0000048378,00002440,0000000870,'Teacher',NULL,NULL,'Y'),(0000048379,00002439,0000001117,'Teacher',NULL,NULL,'Y'),(0000048380,00002438,0000001104,'Teacher',NULL,NULL,'Y'),(0000048381,00002583,0000002134,'Teacher',NULL,NULL,'Y'),(0000048382,00002479,0000000589,'Teacher',NULL,NULL,'Y'),(0000048383,00002478,0000000589,'Teacher',NULL,NULL,'Y'),(0000048384,00002478,0000002134,'Teacher',NULL,NULL,'Y'),(0000048385,00002477,0000002134,'Teacher',NULL,NULL,'Y'),(0000048386,00002512,0000000870,'Teacher',NULL,NULL,'Y'),(0000048387,00002511,0000002326,'Teacher',NULL,NULL,'Y'),(0000048388,00002513,0000002026,'Teacher',NULL,NULL,'Y'),(0000048389,00002305,0000000870,'Teacher',NULL,NULL,'Y'),(0000048390,00002304,0000002326,'Teacher',NULL,NULL,'Y'),(0000048391,00002584,0000002026,'Teacher',NULL,NULL,'Y'),(0000048392,00002331,0000002326,'Teacher',NULL,NULL,'Y'),(0000048393,00002330,0000002026,'Teacher',NULL,NULL,'Y'),(0000048394,00002441,0000001776,'Teacher',NULL,NULL,'Y'),(0000048395,00002441,0000000144,'Teacher',NULL,NULL,'Y'),(0000048396,00002480,0000001776,'Teacher',NULL,NULL,'Y'),(0000048397,00002480,0000000144,'Teacher',NULL,NULL,'Y'),(0000048398,00002514,0000001776,'Teacher',NULL,NULL,'Y'),(0000048399,00002307,0000001776,'Teacher',NULL,NULL,'Y'),(0000048400,00002332,0000001776,'Teacher',NULL,NULL,'Y'),(0000048401,00002332,0000000144,'Teacher',NULL,NULL,'Y'),(0000048402,00002363,0000000144,'Teacher',NULL,NULL,'Y'),(0000048403,00002399,0000000144,'Teacher',NULL,NULL,'Y'),(0000048404,00002364,0000000144,'Teacher',NULL,NULL,'Y'),(0000048405,00002585,0000000144,'Teacher',NULL,NULL,'Y'),(0000048406,00002362,0000000151,'Teacher',NULL,NULL,'Y'),(0000048407,00002365,0000000375,'Teacher',NULL,NULL,'Y'),(0000048408,00002366,0000000375,'Teacher',NULL,NULL,'Y'),(0000048409,00002367,0000002027,'Teacher',NULL,NULL,'Y'),(0000048410,00002586,0000001777,'Teacher',NULL,NULL,'Y'),(0000048411,00002402,0000001777,'Teacher',NULL,NULL,'Y'),(0000048412,00002587,0000000374,'Teacher',NULL,NULL,'Y'),(0000048413,00002588,0000000374,'Teacher',NULL,NULL,'Y'),(0000048420,00002385,0000000124,'Teacher',NULL,NULL,'Y'),(0000048582,00002463,0000002733,'Teacher',NULL,NULL,'Y'),(0000048583,00002589,0000002735,'Student',NULL,NULL,'Y'),(0000048584,00002589,0000002734,'Student',NULL,NULL,'Y'),(0000048585,00002589,0000001110,'Teacher',NULL,NULL,'Y'),(0000048586,00002590,0000001117,'Teacher',NULL,NULL,'Y'),(0000048587,00002487,0000000140,'Teacher',NULL,NULL,'Y'),(0000048588,00002488,0000001119,'Teacher',NULL,NULL,'Y'),(0000048593,00002464,0000002562,'Teacher',NULL,NULL,'Y'),(0000048594,00002464,0000002363,'Teacher',NULL,NULL,'Y'),(0000048595,00002446,0000002371,'Student',NULL,NULL,'Y'),(0000048596,00002454,0000002371,'Student',NULL,NULL,'Y'),(0000048597,00002461,0000002371,'Student',NULL,NULL,'Y'),(0000048598,00002464,0000002371,'Student',NULL,NULL,'Y'),(0000048599,00002467,0000002371,'Student',NULL,NULL,'Y'),(0000048600,00002475,0000002371,'Student',NULL,NULL,'Y'),(0000048601,00002478,0000002371,'Student',NULL,NULL,'Y'),(0000048602,00002446,0000002190,'Student',NULL,NULL,'Y'),(0000048603,00002454,0000002190,'Student',NULL,NULL,'Y'),(0000048604,00002461,0000002190,'Student',NULL,NULL,'Y'),(0000048605,00002464,0000002190,'Student',NULL,NULL,'Y'),(0000048606,00002467,0000002190,'Student',NULL,NULL,'Y'),(0000048607,00002475,0000002190,'Student',NULL,NULL,'Y'),(0000048608,00002478,0000002190,'Student',NULL,NULL,'Y'),(0000048609,00002446,0000002334,'Student',NULL,NULL,'Y'),(0000048610,00002454,0000002334,'Student',NULL,NULL,'Y'),(0000048611,00002461,0000002334,'Student',NULL,NULL,'Y'),(0000048612,00002464,0000002334,'Student',NULL,NULL,'Y'),(0000048613,00002467,0000002334,'Student',NULL,NULL,'Y'),(0000048614,00002475,0000002334,'Student',NULL,NULL,'Y'),(0000048615,00002478,0000002334,'Student',NULL,NULL,'Y'),(0000048616,00002446,0000002236,'Student',NULL,NULL,'Y'),(0000048617,00002454,0000002236,'Student',NULL,NULL,'Y'),(0000048618,00002461,0000002236,'Student',NULL,NULL,'Y'),(0000048619,00002464,0000002236,'Student',NULL,NULL,'Y'),(0000048620,00002467,0000002236,'Student',NULL,NULL,'Y'),(0000048621,00002475,0000002236,'Student',NULL,NULL,'Y'),(0000048622,00002478,0000002236,'Student',NULL,NULL,'Y'),(0000048623,00002446,0000002520,'Student',NULL,NULL,'Y'),(0000048624,00002454,0000002520,'Student',NULL,NULL,'Y'),(0000048625,00002461,0000002520,'Student',NULL,NULL,'Y'),(0000048626,00002464,0000002520,'Student',NULL,NULL,'Y'),(0000048627,00002467,0000002520,'Student',NULL,NULL,'Y'),(0000048628,00002475,0000002520,'Student',NULL,NULL,'Y'),(0000048629,00002478,0000002520,'Student',NULL,NULL,'Y'),(0000048630,00002446,0000002150,'Student',NULL,NULL,'Y'),(0000048631,00002454,0000002150,'Student',NULL,NULL,'Y'),(0000048632,00002461,0000002150,'Student',NULL,NULL,'Y'),(0000048633,00002464,0000002150,'Student',NULL,NULL,'Y'),(0000048634,00002467,0000002150,'Student',NULL,NULL,'Y'),(0000048635,00002475,0000002150,'Student',NULL,NULL,'Y'),(0000048636,00002478,0000002150,'Student',NULL,NULL,'Y'),(0000048637,00002446,0000002239,'Student',NULL,NULL,'Y'),(0000048638,00002454,0000002239,'Student',NULL,NULL,'Y'),(0000048639,00002461,0000002239,'Student',NULL,NULL,'Y'),(0000048640,00002464,0000002239,'Student',NULL,NULL,'Y'),(0000048641,00002467,0000002239,'Student',NULL,NULL,'Y'),(0000048642,00002475,0000002239,'Student',NULL,NULL,'Y'),(0000048643,00002478,0000002239,'Student',NULL,NULL,'Y'),(0000048644,00002446,0000002501,'Student',NULL,NULL,'Y'),(0000048645,00002454,0000002501,'Student',NULL,NULL,'Y'),(0000048646,00002461,0000002501,'Student',NULL,NULL,'Y'),(0000048647,00002464,0000002501,'Student',NULL,NULL,'Y'),(0000048648,00002467,0000002501,'Student',NULL,NULL,'Y'),(0000048649,00002475,0000002501,'Student',NULL,NULL,'Y'),(0000048650,00002478,0000002501,'Student',NULL,NULL,'Y'),(0000048651,00002446,0000002523,'Student',NULL,NULL,'Y'),(0000048652,00002454,0000002523,'Student',NULL,NULL,'Y'),(0000048653,00002461,0000002523,'Student',NULL,NULL,'Y'),(0000048654,00002464,0000002523,'Student',NULL,NULL,'Y'),(0000048655,00002467,0000002523,'Student',NULL,NULL,'Y'),(0000048656,00002475,0000002523,'Student',NULL,NULL,'Y'),(0000048657,00002478,0000002523,'Student',NULL,NULL,'Y'),(0000048658,00002446,0000002178,'Student',NULL,NULL,'Y'),(0000048659,00002454,0000002178,'Student',NULL,NULL,'Y'),(0000048660,00002461,0000002178,'Student',NULL,NULL,'Y'),(0000048661,00002464,0000002178,'Student',NULL,NULL,'Y'),(0000048662,00002467,0000002178,'Student',NULL,NULL,'Y'),(0000048663,00002475,0000002178,'Student',NULL,NULL,'Y'),(0000048664,00002478,0000002178,'Student',NULL,NULL,'Y'),(0000048665,00002446,0000002206,'Student',NULL,NULL,'Y'),(0000048666,00002454,0000002206,'Student',NULL,NULL,'Y'),(0000048667,00002461,0000002206,'Student',NULL,NULL,'Y'),(0000048668,00002464,0000002206,'Student',NULL,NULL,'Y'),(0000048669,00002467,0000002206,'Student',NULL,NULL,'Y'),(0000048670,00002475,0000002206,'Student',NULL,NULL,'Y'),(0000048671,00002478,0000002206,'Student',NULL,NULL,'Y'),(0000048672,00002446,0000002529,'Student',NULL,NULL,'Y'),(0000048673,00002454,0000002529,'Student',NULL,NULL,'Y'),(0000048674,00002461,0000002529,'Student',NULL,NULL,'Y'),(0000048675,00002464,0000002529,'Student',NULL,NULL,'Y'),(0000048676,00002467,0000002529,'Student',NULL,NULL,'Y'),(0000048677,00002475,0000002529,'Student',NULL,NULL,'Y'),(0000048678,00002478,0000002529,'Student',NULL,NULL,'Y'),(0000048679,00002446,0000002271,'Student',NULL,NULL,'Y'),(0000048680,00002454,0000002271,'Student',NULL,NULL,'Y'),(0000048681,00002461,0000002271,'Student',NULL,NULL,'Y'),(0000048682,00002464,0000002271,'Student',NULL,NULL,'Y'),(0000048683,00002467,0000002271,'Student',NULL,NULL,'Y'),(0000048684,00002475,0000002271,'Student',NULL,NULL,'Y'),(0000048685,00002478,0000002271,'Student',NULL,NULL,'Y'),(0000048686,00002446,0000002420,'Student',NULL,NULL,'Y'),(0000048687,00002454,0000002420,'Student',NULL,NULL,'Y'),(0000048688,00002461,0000002420,'Student',NULL,NULL,'Y'),(0000048689,00002464,0000002420,'Student',NULL,NULL,'Y'),(0000048690,00002467,0000002420,'Student',NULL,NULL,'Y'),(0000048691,00002475,0000002420,'Student',NULL,NULL,'Y'),(0000048692,00002478,0000002420,'Student',NULL,NULL,'Y'),(0000048693,00002446,0000002175,'Student',NULL,NULL,'Y'),(0000048694,00002454,0000002175,'Student',NULL,NULL,'Y'),(0000048695,00002461,0000002175,'Student',NULL,NULL,'Y'),(0000048696,00002464,0000002175,'Student',NULL,NULL,'Y'),(0000048697,00002467,0000002175,'Student',NULL,NULL,'Y'),(0000048698,00002475,0000002175,'Student',NULL,NULL,'Y'),(0000048699,00002478,0000002175,'Student',NULL,NULL,'Y'),(0000048700,00002446,0000002253,'Student',NULL,NULL,'Y'),(0000048701,00002454,0000002253,'Student',NULL,NULL,'Y'),(0000048702,00002461,0000002253,'Student',NULL,NULL,'Y'),(0000048703,00002464,0000002253,'Student',NULL,NULL,'Y'),(0000048704,00002467,0000002253,'Student',NULL,NULL,'Y'),(0000048705,00002475,0000002253,'Student',NULL,NULL,'Y'),(0000048706,00002478,0000002253,'Student',NULL,NULL,'Y'),(0000048707,00002446,0000002383,'Student',NULL,NULL,'Y'),(0000048708,00002454,0000002383,'Student',NULL,NULL,'Y'),(0000048709,00002461,0000002383,'Student',NULL,NULL,'Y'),(0000048710,00002464,0000002383,'Student',NULL,NULL,'Y'),(0000048711,00002467,0000002383,'Student',NULL,NULL,'Y'),(0000048712,00002475,0000002383,'Student',NULL,NULL,'Y'),(0000048713,00002478,0000002383,'Student',NULL,NULL,'Y'),(0000048714,00002446,0000002535,'Student',NULL,NULL,'Y'),(0000048715,00002454,0000002535,'Student',NULL,NULL,'Y'),(0000048716,00002461,0000002535,'Student',NULL,NULL,'Y'),(0000048717,00002464,0000002535,'Student',NULL,NULL,'Y'),(0000048718,00002467,0000002535,'Student',NULL,NULL,'Y'),(0000048719,00002475,0000002535,'Student',NULL,NULL,'Y'),(0000048720,00002478,0000002535,'Student',NULL,NULL,'Y'),(0000048721,00002446,0000002360,'Student',NULL,NULL,'Y'),(0000048722,00002454,0000002360,'Student',NULL,NULL,'Y'),(0000048723,00002461,0000002360,'Student',NULL,NULL,'Y'),(0000048724,00002464,0000002360,'Student',NULL,NULL,'Y'),(0000048725,00002467,0000002360,'Student',NULL,NULL,'Y'),(0000048726,00002475,0000002360,'Student',NULL,NULL,'Y'),(0000048727,00002478,0000002360,'Student',NULL,NULL,'Y'),(0000048728,00002446,0000002166,'Student',NULL,NULL,'Y'),(0000048729,00002454,0000002166,'Student',NULL,NULL,'Y'),(0000048730,00002461,0000002166,'Student',NULL,NULL,'Y'),(0000048731,00002464,0000002166,'Student',NULL,NULL,'Y'),(0000048732,00002467,0000002166,'Student',NULL,NULL,'Y'),(0000048733,00002475,0000002166,'Student',NULL,NULL,'Y'),(0000048734,00002478,0000002166,'Student',NULL,NULL,'Y'),(0000048735,00002447,0000002169,'Student',NULL,NULL,'Y'),(0000048736,00002455,0000002169,'Student',NULL,NULL,'Y'),(0000048737,00002462,0000002169,'Student',NULL,NULL,'Y'),(0000048738,00002465,0000002169,'Student',NULL,NULL,'Y'),(0000048739,00002468,0000002169,'Student',NULL,NULL,'Y'),(0000048740,00002476,0000002169,'Student',NULL,NULL,'Y'),(0000048741,00002479,0000002169,'Student',NULL,NULL,'Y'),(0000048742,00002447,0000002505,'Student',NULL,NULL,'Y'),(0000048743,00002455,0000002505,'Student',NULL,NULL,'Y'),(0000048744,00002462,0000002505,'Student',NULL,NULL,'Y'),(0000048745,00002465,0000002505,'Student',NULL,NULL,'Y'),(0000048746,00002468,0000002505,'Student',NULL,NULL,'Y'),(0000048747,00002476,0000002505,'Student',NULL,NULL,'Y'),(0000048748,00002479,0000002505,'Student',NULL,NULL,'Y'),(0000048749,00002447,0000002283,'Student',NULL,NULL,'Y'),(0000048750,00002455,0000002283,'Student',NULL,NULL,'Y'),(0000048751,00002462,0000002283,'Student',NULL,NULL,'Y'),(0000048752,00002465,0000002283,'Student',NULL,NULL,'Y'),(0000048753,00002468,0000002283,'Student',NULL,NULL,'Y'),(0000048754,00002476,0000002283,'Student',NULL,NULL,'Y'),(0000048755,00002479,0000002283,'Student',NULL,NULL,'Y'),(0000048756,00002447,0000002511,'Student',NULL,NULL,'Y'),(0000048757,00002455,0000002511,'Student',NULL,NULL,'Y'),(0000048758,00002462,0000002511,'Student',NULL,NULL,'Y'),(0000048759,00002465,0000002511,'Student',NULL,NULL,'Y'),(0000048760,00002468,0000002511,'Student',NULL,NULL,'Y'),(0000048761,00002476,0000002511,'Student',NULL,NULL,'Y'),(0000048762,00002479,0000002511,'Student',NULL,NULL,'Y'),(0000048763,00002447,0000002498,'Student',NULL,NULL,'Y'),(0000048764,00002455,0000002498,'Student',NULL,NULL,'Y'),(0000048765,00002462,0000002498,'Student',NULL,NULL,'Y'),(0000048766,00002465,0000002498,'Student',NULL,NULL,'Y'),(0000048767,00002468,0000002498,'Student',NULL,NULL,'Y'),(0000048768,00002476,0000002498,'Student',NULL,NULL,'Y'),(0000048769,00002479,0000002498,'Student',NULL,NULL,'Y'),(0000048770,00002447,0000002193,'Student',NULL,NULL,'Y'),(0000048771,00002455,0000002193,'Student',NULL,NULL,'Y'),(0000048772,00002462,0000002193,'Student',NULL,NULL,'Y'),(0000048773,00002465,0000002193,'Student',NULL,NULL,'Y'),(0000048774,00002468,0000002193,'Student',NULL,NULL,'Y'),(0000048775,00002476,0000002193,'Student',NULL,NULL,'Y'),(0000048776,00002479,0000002193,'Student',NULL,NULL,'Y'),(0000048777,00002447,0000002537,'Student',NULL,NULL,'Y'),(0000048778,00002455,0000002537,'Student',NULL,NULL,'Y'),(0000048779,00002462,0000002537,'Student',NULL,NULL,'Y'),(0000048780,00002465,0000002537,'Student',NULL,NULL,'Y'),(0000048781,00002468,0000002537,'Student',NULL,NULL,'Y'),(0000048782,00002476,0000002537,'Student',NULL,NULL,'Y'),(0000048783,00002479,0000002537,'Student',NULL,NULL,'Y'),(0000048784,00002447,0000002212,'Student',NULL,NULL,'Y'),(0000048785,00002455,0000002212,'Student',NULL,NULL,'Y'),(0000048786,00002462,0000002212,'Student',NULL,NULL,'Y'),(0000048787,00002465,0000002212,'Student',NULL,NULL,'Y'),(0000048788,00002468,0000002212,'Student',NULL,NULL,'Y'),(0000048789,00002476,0000002212,'Student',NULL,NULL,'Y'),(0000048790,00002479,0000002212,'Student',NULL,NULL,'Y'),(0000048791,00002447,0000002374,'Student',NULL,NULL,'Y'),(0000048792,00002455,0000002374,'Student',NULL,NULL,'Y'),(0000048793,00002462,0000002374,'Student',NULL,NULL,'Y'),(0000048794,00002465,0000002374,'Student',NULL,NULL,'Y'),(0000048795,00002468,0000002374,'Student',NULL,NULL,'Y'),(0000048796,00002476,0000002374,'Student',NULL,NULL,'Y'),(0000048797,00002479,0000002374,'Student',NULL,NULL,'Y'),(0000048798,00002447,0000002323,'Student',NULL,NULL,'Y'),(0000048799,00002455,0000002323,'Student',NULL,NULL,'Y'),(0000048800,00002462,0000002323,'Student',NULL,NULL,'Y'),(0000048801,00002465,0000002323,'Student',NULL,NULL,'Y'),(0000048802,00002468,0000002323,'Student',NULL,NULL,'Y'),(0000048803,00002476,0000002323,'Student',NULL,NULL,'Y'),(0000048804,00002479,0000002323,'Student',NULL,NULL,'Y'),(0000048805,00002447,0000002364,'Student',NULL,NULL,'Y'),(0000048806,00002455,0000002364,'Student',NULL,NULL,'Y'),(0000048807,00002462,0000002364,'Student',NULL,NULL,'Y'),(0000048808,00002465,0000002364,'Student',NULL,NULL,'Y'),(0000048809,00002468,0000002364,'Student',NULL,NULL,'Y'),(0000048810,00002476,0000002364,'Student',NULL,NULL,'Y'),(0000048811,00002479,0000002364,'Student',NULL,NULL,'Y'),(0000048812,00002447,0000002333,'Student',NULL,NULL,'Y'),(0000048813,00002455,0000002333,'Student',NULL,NULL,'Y'),(0000048814,00002462,0000002333,'Student',NULL,NULL,'Y'),(0000048815,00002465,0000002333,'Student',NULL,NULL,'Y'),(0000048816,00002468,0000002333,'Student',NULL,NULL,'Y'),(0000048817,00002476,0000002333,'Student',NULL,NULL,'Y'),(0000048818,00002479,0000002333,'Student',NULL,NULL,'Y'),(0000048819,00002447,0000002233,'Student',NULL,NULL,'Y'),(0000048820,00002455,0000002233,'Student',NULL,NULL,'Y'),(0000048821,00002462,0000002233,'Student',NULL,NULL,'Y'),(0000048822,00002465,0000002233,'Student',NULL,NULL,'Y'),(0000048823,00002468,0000002233,'Student',NULL,NULL,'Y'),(0000048824,00002476,0000002233,'Student',NULL,NULL,'Y'),(0000048825,00002479,0000002233,'Student',NULL,NULL,'Y'),(0000048826,00002447,0000002243,'Student',NULL,NULL,'Y'),(0000048827,00002455,0000002243,'Student',NULL,NULL,'Y'),(0000048828,00002462,0000002243,'Student',NULL,NULL,'Y'),(0000048829,00002465,0000002243,'Student',NULL,NULL,'Y'),(0000048830,00002468,0000002243,'Student',NULL,NULL,'Y'),(0000048831,00002476,0000002243,'Student',NULL,NULL,'Y'),(0000048832,00002479,0000002243,'Student',NULL,NULL,'Y'),(0000048833,00002447,0000002216,'Student',NULL,NULL,'Y'),(0000048834,00002455,0000002216,'Student',NULL,NULL,'Y'),(0000048835,00002462,0000002216,'Student',NULL,NULL,'Y'),(0000048836,00002465,0000002216,'Student',NULL,NULL,'Y'),(0000048837,00002468,0000002216,'Student',NULL,NULL,'Y'),(0000048838,00002476,0000002216,'Student',NULL,NULL,'Y'),(0000048839,00002479,0000002216,'Student',NULL,NULL,'Y'),(0000048840,00002447,0000002330,'Student',NULL,NULL,'Y'),(0000048841,00002455,0000002330,'Student',NULL,NULL,'Y'),(0000048842,00002462,0000002330,'Student',NULL,NULL,'Y'),(0000048843,00002465,0000002330,'Student',NULL,NULL,'Y'),(0000048844,00002468,0000002330,'Student',NULL,NULL,'Y'),(0000048845,00002476,0000002330,'Student',NULL,NULL,'Y'),(0000048846,00002479,0000002330,'Student',NULL,NULL,'Y'),(0000048847,00002447,0000002514,'Student',NULL,NULL,'Y'),(0000048848,00002455,0000002514,'Student',NULL,NULL,'Y'),(0000048849,00002462,0000002514,'Student',NULL,NULL,'Y'),(0000048850,00002465,0000002514,'Student',NULL,NULL,'Y'),(0000048851,00002468,0000002514,'Student',NULL,NULL,'Y'),(0000048852,00002476,0000002514,'Student',NULL,NULL,'Y'),(0000048853,00002479,0000002514,'Student',NULL,NULL,'Y'),(0000048854,00002447,0000002215,'Student',NULL,NULL,'Y'),(0000048855,00002455,0000002215,'Student',NULL,NULL,'Y'),(0000048856,00002462,0000002215,'Student',NULL,NULL,'Y'),(0000048857,00002465,0000002215,'Student',NULL,NULL,'Y'),(0000048858,00002468,0000002215,'Student',NULL,NULL,'Y'),(0000048859,00002476,0000002215,'Student',NULL,NULL,'Y'),(0000048860,00002479,0000002215,'Student',NULL,NULL,'Y'),(0000048861,00002447,0000002302,'Student',NULL,NULL,'Y'),(0000048862,00002455,0000002302,'Student',NULL,NULL,'Y'),(0000048863,00002462,0000002302,'Student',NULL,NULL,'Y'),(0000048864,00002465,0000002302,'Student',NULL,NULL,'Y'),(0000048865,00002468,0000002302,'Student',NULL,NULL,'Y'),(0000048866,00002476,0000002302,'Student',NULL,NULL,'Y'),(0000048867,00002479,0000002302,'Student',NULL,NULL,'Y'),(0000048868,00002447,0000002517,'Student',NULL,NULL,'Y'),(0000048869,00002455,0000002517,'Student',NULL,NULL,'Y'),(0000048870,00002462,0000002517,'Student',NULL,NULL,'Y'),(0000048871,00002465,0000002517,'Student',NULL,NULL,'Y'),(0000048872,00002468,0000002517,'Student',NULL,NULL,'Y'),(0000048873,00002476,0000002517,'Student',NULL,NULL,'Y'),(0000048874,00002479,0000002517,'Student',NULL,NULL,'Y'),(0000048875,00002447,0000002340,'Student',NULL,NULL,'Y'),(0000048876,00002455,0000002340,'Student',NULL,NULL,'Y'),(0000048877,00002462,0000002340,'Student',NULL,NULL,'Y'),(0000048878,00002465,0000002340,'Student',NULL,NULL,'Y'),(0000048879,00002468,0000002340,'Student',NULL,NULL,'Y'),(0000048880,00002476,0000002340,'Student',NULL,NULL,'Y'),(0000048881,00002479,0000002340,'Student',NULL,NULL,'Y'),(0000048882,00002445,0000002247,'Student',NULL,NULL,'Y'),(0000048883,00002453,0000002247,'Student',NULL,NULL,'Y'),(0000048884,00002460,0000002247,'Student',NULL,NULL,'Y'),(0000048885,00002463,0000002247,'Student',NULL,NULL,'Y'),(0000048886,00002466,0000002247,'Student',NULL,NULL,'Y'),(0000048887,00002474,0000002247,'Student',NULL,NULL,'Y'),(0000048888,00002477,0000002247,'Student',NULL,NULL,'Y'),(0000048889,00002445,0000002194,'Student',NULL,NULL,'Y'),(0000048890,00002453,0000002194,'Student',NULL,NULL,'Y'),(0000048891,00002460,0000002194,'Student',NULL,NULL,'Y'),(0000048892,00002463,0000002194,'Student',NULL,NULL,'Y'),(0000048893,00002466,0000002194,'Student',NULL,NULL,'Y'),(0000048894,00002474,0000002194,'Student',NULL,NULL,'Y'),(0000048895,00002477,0000002194,'Student',NULL,NULL,'Y'),(0000048896,00002445,0000002172,'Student',NULL,NULL,'Y'),(0000048897,00002453,0000002172,'Student',NULL,NULL,'Y'),(0000048898,00002460,0000002172,'Student',NULL,NULL,'Y'),(0000048899,00002463,0000002172,'Student',NULL,NULL,'Y'),(0000048900,00002466,0000002172,'Student',NULL,NULL,'Y'),(0000048901,00002474,0000002172,'Student',NULL,NULL,'Y'),(0000048902,00002477,0000002172,'Student',NULL,NULL,'Y'),(0000048903,00002445,0000002293,'Student',NULL,NULL,'Y'),(0000048904,00002453,0000002293,'Student',NULL,NULL,'Y'),(0000048905,00002460,0000002293,'Student',NULL,NULL,'Y'),(0000048906,00002463,0000002293,'Student',NULL,NULL,'Y'),(0000048907,00002466,0000002293,'Student',NULL,NULL,'Y'),(0000048908,00002474,0000002293,'Student',NULL,NULL,'Y'),(0000048909,00002477,0000002293,'Student',NULL,NULL,'Y'),(0000048910,00002445,0000002250,'Student',NULL,NULL,'Y'),(0000048911,00002453,0000002250,'Student',NULL,NULL,'Y'),(0000048912,00002460,0000002250,'Student',NULL,NULL,'Y'),(0000048913,00002463,0000002250,'Student',NULL,NULL,'Y'),(0000048914,00002466,0000002250,'Student',NULL,NULL,'Y'),(0000048915,00002474,0000002250,'Student',NULL,NULL,'Y'),(0000048916,00002477,0000002250,'Student',NULL,NULL,'Y'),(0000048917,00002445,0000002277,'Student',NULL,NULL,'Y'),(0000048918,00002453,0000002277,'Student',NULL,NULL,'Y'),(0000048919,00002460,0000002277,'Student',NULL,NULL,'Y'),(0000048920,00002463,0000002277,'Student',NULL,NULL,'Y'),(0000048921,00002466,0000002277,'Student',NULL,NULL,'Y'),(0000048922,00002474,0000002277,'Student',NULL,NULL,'Y'),(0000048923,00002477,0000002277,'Student',NULL,NULL,'Y'),(0000048924,00002445,0000002319,'Student',NULL,NULL,'Y'),(0000048925,00002453,0000002319,'Student',NULL,NULL,'Y'),(0000048926,00002460,0000002319,'Student',NULL,NULL,'Y'),(0000048927,00002463,0000002319,'Student',NULL,NULL,'Y'),(0000048928,00002466,0000002319,'Student',NULL,NULL,'Y'),(0000048929,00002474,0000002319,'Student',NULL,NULL,'Y'),(0000048930,00002477,0000002319,'Student',NULL,NULL,'Y'),(0000048931,00002445,0000002299,'Student',NULL,NULL,'Y'),(0000048932,00002453,0000002299,'Student',NULL,NULL,'Y'),(0000048933,00002460,0000002299,'Student',NULL,NULL,'Y'),(0000048934,00002463,0000002299,'Student',NULL,NULL,'Y'),(0000048935,00002466,0000002299,'Student',NULL,NULL,'Y'),(0000048936,00002474,0000002299,'Student',NULL,NULL,'Y'),(0000048937,00002477,0000002299,'Student',NULL,NULL,'Y'),(0000048938,00002445,0000002508,'Student',NULL,NULL,'Y'),(0000048939,00002453,0000002508,'Student',NULL,NULL,'Y'),(0000048940,00002460,0000002508,'Student',NULL,NULL,'Y'),(0000048941,00002463,0000002508,'Student',NULL,NULL,'Y'),(0000048942,00002466,0000002508,'Student',NULL,NULL,'Y'),(0000048943,00002474,0000002508,'Student',NULL,NULL,'Y'),(0000048944,00002477,0000002508,'Student',NULL,NULL,'Y'),(0000048945,00002445,0000002504,'Student',NULL,NULL,'Y'),(0000048946,00002453,0000002504,'Student',NULL,NULL,'Y'),(0000048947,00002460,0000002504,'Student',NULL,NULL,'Y'),(0000048948,00002463,0000002504,'Student',NULL,NULL,'Y'),(0000048949,00002466,0000002504,'Student',NULL,NULL,'Y'),(0000048950,00002474,0000002504,'Student',NULL,NULL,'Y'),(0000048951,00002477,0000002504,'Student',NULL,NULL,'Y'),(0000048952,00002445,0000002187,'Student',NULL,NULL,'Y'),(0000048953,00002453,0000002187,'Student',NULL,NULL,'Y'),(0000048954,00002460,0000002187,'Student',NULL,NULL,'Y'),(0000048955,00002463,0000002187,'Student',NULL,NULL,'Y'),(0000048956,00002466,0000002187,'Student',NULL,NULL,'Y'),(0000048957,00002474,0000002187,'Student',NULL,NULL,'Y'),(0000048958,00002477,0000002187,'Student',NULL,NULL,'Y'),(0000048959,00002445,0000002200,'Student',NULL,NULL,'Y'),(0000048960,00002453,0000002200,'Student',NULL,NULL,'Y'),(0000048961,00002460,0000002200,'Student',NULL,NULL,'Y'),(0000048962,00002463,0000002200,'Student',NULL,NULL,'Y'),(0000048963,00002466,0000002200,'Student',NULL,NULL,'Y'),(0000048964,00002474,0000002200,'Student',NULL,NULL,'Y'),(0000048965,00002477,0000002200,'Student',NULL,NULL,'Y'),(0000048966,00002445,0000002545,'Student',NULL,NULL,'Y'),(0000048967,00002453,0000002545,'Student',NULL,NULL,'Y'),(0000048968,00002460,0000002545,'Student',NULL,NULL,'Y'),(0000048969,00002463,0000002545,'Student',NULL,NULL,'Y'),(0000048970,00002466,0000002545,'Student',NULL,NULL,'Y'),(0000048971,00002474,0000002545,'Student',NULL,NULL,'Y'),(0000048972,00002477,0000002545,'Student',NULL,NULL,'Y'),(0000048973,00002445,0000002163,'Student',NULL,NULL,'Y'),(0000048974,00002453,0000002163,'Student',NULL,NULL,'Y'),(0000048975,00002460,0000002163,'Student',NULL,NULL,'Y'),(0000048976,00002463,0000002163,'Student',NULL,NULL,'Y'),(0000048977,00002466,0000002163,'Student',NULL,NULL,'Y'),(0000048978,00002474,0000002163,'Student',NULL,NULL,'Y'),(0000048979,00002477,0000002163,'Student',NULL,NULL,'Y'),(0000048980,00002445,0000002348,'Student',NULL,NULL,'Y'),(0000048981,00002453,0000002348,'Student',NULL,NULL,'Y'),(0000048982,00002460,0000002348,'Student',NULL,NULL,'Y'),(0000048983,00002463,0000002348,'Student',NULL,NULL,'Y'),(0000048984,00002466,0000002348,'Student',NULL,NULL,'Y'),(0000048985,00002474,0000002348,'Student',NULL,NULL,'Y'),(0000048986,00002477,0000002348,'Student',NULL,NULL,'Y'),(0000048987,00002445,0000002231,'Student',NULL,NULL,'Y'),(0000048988,00002453,0000002231,'Student',NULL,NULL,'Y'),(0000048989,00002460,0000002231,'Student',NULL,NULL,'Y'),(0000048990,00002463,0000002231,'Student',NULL,NULL,'Y'),(0000048991,00002466,0000002231,'Student',NULL,NULL,'Y'),(0000048992,00002474,0000002231,'Student',NULL,NULL,'Y'),(0000048993,00002477,0000002231,'Student',NULL,NULL,'Y'),(0000048994,00002445,0000002160,'Student',NULL,NULL,'Y'),(0000048995,00002453,0000002160,'Student',NULL,NULL,'Y'),(0000048996,00002460,0000002160,'Student',NULL,NULL,'Y'),(0000048997,00002463,0000002160,'Student',NULL,NULL,'Y'),(0000048998,00002466,0000002160,'Student',NULL,NULL,'Y'),(0000048999,00002474,0000002160,'Student',NULL,NULL,'Y'),(0000049000,00002477,0000002160,'Student',NULL,NULL,'Y'),(0000049001,00002445,0000002203,'Student',NULL,NULL,'Y'),(0000049002,00002453,0000002203,'Student',NULL,NULL,'Y'),(0000049003,00002460,0000002203,'Student',NULL,NULL,'Y'),(0000049004,00002463,0000002203,'Student',NULL,NULL,'Y'),(0000049005,00002466,0000002203,'Student',NULL,NULL,'Y'),(0000049006,00002474,0000002203,'Student',NULL,NULL,'Y'),(0000049007,00002477,0000002203,'Student',NULL,NULL,'Y'),(0000049008,00002445,0000002526,'Student',NULL,NULL,'Y'),(0000049009,00002453,0000002526,'Student',NULL,NULL,'Y'),(0000049010,00002460,0000002526,'Student',NULL,NULL,'Y'),(0000049011,00002463,0000002526,'Student',NULL,NULL,'Y'),(0000049012,00002466,0000002526,'Student',NULL,NULL,'Y'),(0000049013,00002474,0000002526,'Student',NULL,NULL,'Y'),(0000049014,00002477,0000002526,'Student',NULL,NULL,'Y'),(0000049015,00002445,0000002296,'Student',NULL,NULL,'Y'),(0000049016,00002453,0000002296,'Student',NULL,NULL,'Y'),(0000049017,00002460,0000002296,'Student',NULL,NULL,'Y'),(0000049018,00002463,0000002296,'Student',NULL,NULL,'Y'),(0000049019,00002466,0000002296,'Student',NULL,NULL,'Y'),(0000049020,00002474,0000002296,'Student',NULL,NULL,'Y'),(0000049021,00002477,0000002296,'Student',NULL,NULL,'Y'),(0000049118,00002367,0000001276,'Student',NULL,NULL,'Y'),(0000049119,00002367,0000001157,'Student',NULL,NULL,'Y'),(0000049120,00002367,0000001275,'Student',NULL,NULL,'Y'),(0000049121,00002367,0000002100,'Student',NULL,NULL,'Y'),(0000049122,00002367,0000001251,'Student',NULL,NULL,'Y'),(0000049123,00002367,0000001236,'Student',NULL,NULL,'Y'),(0000049124,00002367,0000001257,'Student',NULL,NULL,'Y'),(0000049125,00002367,0000001163,'Student',NULL,NULL,'Y'),(0000049126,00002367,0000001191,'Student',NULL,NULL,'Y'),(0000049127,00002367,0000001226,'Student',NULL,NULL,'Y'),(0000049128,00002367,0000002138,'Student',NULL,NULL,'Y'),(0000049129,00002367,0000001160,'Student',NULL,NULL,'Y'),(0000049130,00002367,0000002145,'Student',NULL,NULL,'Y'),(0000049131,00002367,0000001178,'Student',NULL,NULL,'Y'),(0000049132,00002367,0000002411,'Student',NULL,NULL,'Y'),(0000049133,00002367,0000001214,'Student',NULL,NULL,'Y'),(0000049134,00002367,0000001204,'Student',NULL,NULL,'Y'),(0000049135,00002586,0000001245,'Student',NULL,NULL,'Y'),(0000049136,00002586,0000002120,'Student',NULL,NULL,'Y'),(0000049137,00002586,0000001200,'Student',NULL,NULL,'Y'),(0000049138,00002586,0000001680,'Student',NULL,NULL,'Y'),(0000049139,00002586,0000001193,'Student',NULL,NULL,'Y'),(0000049140,00002586,0000001154,'Student',NULL,NULL,'Y'),(0000049141,00002586,0000001259,'Student',NULL,NULL,'Y'),(0000049142,00002586,0000001233,'Student',NULL,NULL,'Y'),(0000049143,00002586,0000001548,'Student',NULL,NULL,'Y'),(0000049144,00002586,0000001814,'Student',NULL,NULL,'Y'),(0000049145,00002586,0000001254,'Student',NULL,NULL,'Y'),(0000049146,00002586,0000001242,'Student',NULL,NULL,'Y'),(0000049147,00002586,0000001528,'Student',NULL,NULL,'Y'),(0000049148,00002586,0000001201,'Student',NULL,NULL,'Y'),(0000049149,00002586,0000002103,'Student',NULL,NULL,'Y'),(0000049150,00002586,0000002090,'Student',NULL,NULL,'Y'),(0000049151,00002586,0000001179,'Student',NULL,NULL,'Y'),(0000049152,00002310,0000001364,'Student',NULL,NULL,'Y'),(0000049153,00002310,0000001710,'Student',NULL,NULL,'Y'),(0000049154,00002310,0000001477,'Student',NULL,NULL,'Y'),(0000049155,00002310,0000001403,'Student',NULL,NULL,'Y'),(0000049156,00002310,0000001355,'Student',NULL,NULL,'Y'),(0000049157,00002310,0000001867,'Student',NULL,NULL,'Y'),(0000049158,00002310,0000002380,'Student',NULL,NULL,'Y'),(0000049159,00002310,0000002286,'Student',NULL,NULL,'Y'),(0000049160,00002310,0000001631,'Student',NULL,NULL,'Y'),(0000049161,00002310,0000002490,'Student',NULL,NULL,'Y'),(0000049162,00002501,0000001915,'Student',NULL,NULL,'Y'),(0000049163,00002501,0000001934,'Student',NULL,NULL,'Y'),(0000049164,00002501,0000002009,'Student',NULL,NULL,'Y'),(0000049165,00002501,0000001992,'Student',NULL,NULL,'Y'),(0000049166,00002501,0000001974,'Student',NULL,NULL,'Y'),(0000049167,00002501,0000001995,'Student',NULL,NULL,'Y'),(0000049168,00002501,0000001983,'Student',NULL,NULL,'Y'),(0000049169,00002501,0000001870,'Student',NULL,NULL,'Y'),(0000049170,00002501,0000001901,'Student',NULL,NULL,'Y'),(0000049171,00002501,0000001914,'Student',NULL,NULL,'Y'),(0000049172,00002501,0000001980,'Student',NULL,NULL,'Y'),(0000049173,00002501,0000001864,'Student',NULL,NULL,'Y'),(0000049174,00002501,0000002006,'Student',NULL,NULL,'Y'),(0000049175,00002501,0000001878,'Student',NULL,NULL,'Y'),(0000049176,00002501,0000001882,'Student',NULL,NULL,'Y'),(0000049177,00002501,0000001897,'Student',NULL,NULL,'Y'),(0000049178,00002501,0000002113,'Student',NULL,NULL,'Y'),(0000049179,00002501,0000002280,'Student',NULL,NULL,'Y'),(0000049180,00002501,0000002327,'Student',NULL,NULL,'Y'),(0000049181,00002501,0000002491,'Student',NULL,NULL,'Y'),(0000049182,00002501,0000002532,'Student',NULL,NULL,'Y'),(0000049183,00002501,0000002495,'Student',NULL,NULL,'Y'),(0000049184,00002500,0000002012,'Student',NULL,NULL,'Y'),(0000049185,00002500,0000001891,'Student',NULL,NULL,'Y'),(0000049186,00002500,0000001888,'Student',NULL,NULL,'Y'),(0000049187,00002500,0000001924,'Student',NULL,NULL,'Y'),(0000049188,00002500,0000002056,'Student',NULL,NULL,'Y'),(0000049189,00002500,0000001977,'Student',NULL,NULL,'Y'),(0000049190,00002500,0000001885,'Student',NULL,NULL,'Y'),(0000049191,00002500,0000001955,'Student',NULL,NULL,'Y'),(0000049192,00002500,0000001986,'Student',NULL,NULL,'Y'),(0000049193,00002500,0000002000,'Student',NULL,NULL,'Y'),(0000049194,00002500,0000001913,'Student',NULL,NULL,'Y'),(0000049195,00002500,0000001898,'Student',NULL,NULL,'Y'),(0000049196,00002500,0000002037,'Student',NULL,NULL,'Y'),(0000049197,00002500,0000001921,'Student',NULL,NULL,'Y'),(0000049198,00002500,0000001918,'Student',NULL,NULL,'Y'),(0000049199,00002500,0000001964,'Student',NULL,NULL,'Y'),(0000049200,00002500,0000001946,'Student',NULL,NULL,'Y'),(0000049201,00002500,0000002135,'Student',NULL,NULL,'Y'),(0000049202,00002500,0000002141,'Student',NULL,NULL,'Y'),(0000049203,00002500,0000002389,'Student',NULL,NULL,'Y'),(0000049204,00002500,0000001937,'Student',NULL,NULL,'Y'),(0000049205,00002500,0000002555,'Student',NULL,NULL,'Y'),(0000049206,00002502,0000002116,'Student',NULL,NULL,'Y'),(0000049207,00002502,0000001928,'Student',NULL,NULL,'Y'),(0000049208,00002502,0000001894,'Student',NULL,NULL,'Y'),(0000049209,00002502,0000001875,'Student',NULL,NULL,'Y'),(0000049210,00002502,0000002093,'Student',NULL,NULL,'Y'),(0000049211,00002502,0000001904,'Student',NULL,NULL,'Y'),(0000049212,00002502,0000001989,'Student',NULL,NULL,'Y'),(0000049213,00002502,0000002019,'Student',NULL,NULL,'Y'),(0000049214,00002502,0000002022,'Student',NULL,NULL,'Y'),(0000049215,00002502,0000002040,'Student',NULL,NULL,'Y'),(0000049216,00002502,0000001911,'Student',NULL,NULL,'Y'),(0000049217,00002502,0000001970,'Student',NULL,NULL,'Y'),(0000049218,00002502,0000001960,'Student',NULL,NULL,'Y'),(0000049219,00002502,0000002029,'Student',NULL,NULL,'Y'),(0000049220,00002502,0000001879,'Student',NULL,NULL,'Y'),(0000049221,00002502,0000002079,'Student',NULL,NULL,'Y'),(0000049222,00002502,0000002076,'Student',NULL,NULL,'Y'),(0000049223,00002502,0000002123,'Student',NULL,NULL,'Y'),(0000049224,00002502,0000002129,'Student',NULL,NULL,'Y'),(0000049225,00002502,0000001931,'Student',NULL,NULL,'Y'),(0000049226,00002502,0000002404,'Student',NULL,NULL,'Y'),(0000049227,00002502,0000001925,'Student',NULL,NULL,'Y'),(0000049228,00002370,0000000928,'Student',NULL,NULL,'Y'),(0000049229,00002370,0000000922,'Student',NULL,NULL,'Y'),(0000049230,00002370,0000000897,'Student',NULL,NULL,'Y'),(0000049231,00002370,0000000937,'Student',NULL,NULL,'Y'),(0000049232,00002370,0000001819,'Student',NULL,NULL,'Y'),(0000049233,00002370,0000000934,'Student',NULL,NULL,'Y'),(0000049234,00002370,0000000925,'Student',NULL,NULL,'Y'),(0000049235,00002371,0000000928,'Student',NULL,NULL,'Y'),(0000049236,00002371,0000000922,'Student',NULL,NULL,'Y'),(0000049237,00002371,0000000925,'Student',NULL,NULL,'Y'),(0000049238,00002371,0000000897,'Student',NULL,NULL,'Y'),(0000049239,00002371,0000000934,'Student',NULL,NULL,'Y'),(0000049240,00002371,0000000937,'Student',NULL,NULL,'Y'),(0000049241,00002371,0000001819,'Student',NULL,NULL,'Y'),(0000049242,00002372,0000000876,'Student',NULL,NULL,'Y'),(0000049243,00002372,0000001016,'Student',NULL,NULL,'Y'),(0000049244,00002372,0000000905,'Student',NULL,NULL,'Y'),(0000049245,00002372,0000000922,'Student',NULL,NULL,'Y'),(0000049246,00002372,0000000928,'Student',NULL,NULL,'Y'),(0000049247,00002372,0000000931,'Student',NULL,NULL,'Y'),(0000049248,00002372,0000000964,'Student',NULL,NULL,'Y'),(0000049249,00002372,0000002392,'Student',NULL,NULL,'Y'),(0000049250,00002372,0000001019,'Student',NULL,NULL,'Y'),(0000049251,00002372,0000001819,'Student',NULL,NULL,'Y'),(0000049252,00002372,0000000897,'Student',NULL,NULL,'Y'),(0000049253,00002372,0000001022,'Student',NULL,NULL,'Y'),(0000049254,00002372,0000002184,'Student',NULL,NULL,'Y'),(0000049255,00002372,0000000913,'Student',NULL,NULL,'Y'),(0000049256,00002372,0000000934,'Student',NULL,NULL,'Y'),(0000049257,00002372,0000001008,'Student',NULL,NULL,'Y'),(0000049258,00002372,0000000925,'Student',NULL,NULL,'Y'),(0000049259,00002372,0000000937,'Student',NULL,NULL,'Y'),(0000049260,00002373,0000000905,'Student',NULL,NULL,'Y'),(0000049261,00002373,0000000928,'Student',NULL,NULL,'Y'),(0000049262,00002373,0000000925,'Student',NULL,NULL,'Y'),(0000049263,00002373,0000000937,'Student',NULL,NULL,'Y'),(0000049264,00002373,0000001022,'Student',NULL,NULL,'Y'),(0000049265,00002374,0000000905,'Student',NULL,NULL,'Y'),(0000049266,00002374,0000000928,'Student',NULL,NULL,'Y'),(0000049267,00002374,0000000931,'Student',NULL,NULL,'Y'),(0000049268,00002374,0000001022,'Student',NULL,NULL,'Y'),(0000049269,00002374,0000000925,'Student',NULL,NULL,'Y'),(0000049270,00002374,0000000937,'Student',NULL,NULL,'Y'),(0000049271,00002449,0000002330,'Student',NULL,NULL,'Y'),(0000049272,00002449,0000002340,'Student',NULL,NULL,'Y'),(0000049273,00002449,0000002334,'Student',NULL,NULL,'Y'),(0000049274,00002449,0000002187,'Student',NULL,NULL,'Y'),(0000049275,00002449,0000002319,'Student',NULL,NULL,'Y'),(0000049276,00002449,0000002215,'Student',NULL,NULL,'Y'),(0000049277,00002449,0000002302,'Student',NULL,NULL,'Y'),(0000049278,00002449,0000002383,'Student',NULL,NULL,'Y'),(0000049279,00002449,0000002420,'Student',NULL,NULL,'Y'),(0000049280,00002449,0000002526,'Student',NULL,NULL,'Y'),(0000049281,00002449,0000002520,'Student',NULL,NULL,'Y'),(0000049282,00002449,0000002498,'Student',NULL,NULL,'Y'),(0000049283,00002449,0000002508,'Student',NULL,NULL,'Y'),(0000049284,00002449,0000002505,'Student',NULL,NULL,'Y'),(0000049285,00002449,0000002535,'Student',NULL,NULL,'Y'),(0000049286,00002449,0000002545,'Student',NULL,NULL,'Y'),(0000049287,00002448,0000002194,'Student',NULL,NULL,'Y'),(0000049288,00002448,0000002172,'Student',NULL,NULL,'Y'),(0000049289,00002448,0000002250,'Student',NULL,NULL,'Y'),(0000049290,00002448,0000002160,'Student',NULL,NULL,'Y'),(0000049291,00002448,0000002166,'Student',NULL,NULL,'Y'),(0000049292,00002448,0000002501,'Student',NULL,NULL,'Y'),(0000049293,00002448,0000002277,'Student',NULL,NULL,'Y'),(0000049294,00002448,0000002293,'Student',NULL,NULL,'Y'),(0000049295,00002452,0000002348,'Student',NULL,NULL,'Y'),(0000049296,00002452,0000002178,'Student',NULL,NULL,'Y'),(0000049297,00002452,0000002262,'Student',NULL,NULL,'Y'),(0000049298,00002452,0000002206,'Student',NULL,NULL,'Y'),(0000049299,00002452,0000002175,'Student',NULL,NULL,'Y'),(0000049300,00002452,0000002150,'Student',NULL,NULL,'Y'),(0000049301,00002452,0000002233,'Student',NULL,NULL,'Y'),(0000049302,00002452,0000002268,'Student',NULL,NULL,'Y'),(0000049303,00002452,0000002371,'Student',NULL,NULL,'Y'),(0000049304,00002452,0000002504,'Student',NULL,NULL,'Y'),(0000049305,00002452,0000002514,'Student',NULL,NULL,'Y'),(0000049306,00002452,0000002517,'Student',NULL,NULL,'Y'),(0000049307,00002451,0000002212,'Student',NULL,NULL,'Y'),(0000049308,00002451,0000002333,'Student',NULL,NULL,'Y'),(0000049309,00002451,0000002232,'Student',NULL,NULL,'Y'),(0000049310,00002451,0000002243,'Student',NULL,NULL,'Y'),(0000049311,00002451,0000002239,'Student',NULL,NULL,'Y'),(0000049312,00002451,0000002395,'Student',NULL,NULL,'Y'),(0000049313,00002451,0000002236,'Student',NULL,NULL,'Y'),(0000049314,00002451,0000002169,'Student',NULL,NULL,'Y'),(0000049315,00002450,0000002193,'Student',NULL,NULL,'Y'),(0000049316,00002450,0000002323,'Student',NULL,NULL,'Y'),(0000049317,00002450,0000002190,'Student',NULL,NULL,'Y'),(0000049318,00002450,0000002283,'Student',NULL,NULL,'Y'),(0000049319,00002450,0000002537,'Student',NULL,NULL,'Y'),(0000049320,00002486,0000001992,'Student',NULL,NULL,'Y'),(0000049321,00002486,0000001870,'Student',NULL,NULL,'Y'),(0000049322,00002486,0000001980,'Student',NULL,NULL,'Y'),(0000049323,00002486,0000002012,'Student',NULL,NULL,'Y'),(0000049324,00002486,0000001888,'Student',NULL,NULL,'Y'),(0000049325,00002486,0000001898,'Student',NULL,NULL,'Y'),(0000049326,00002486,0000002037,'Student',NULL,NULL,'Y'),(0000049327,00002486,0000001970,'Student',NULL,NULL,'Y'),(0000049328,00002486,0000002135,'Student',NULL,NULL,'Y'),(0000049329,00002486,0000002116,'Student',NULL,NULL,'Y'),(0000049330,00002486,0000002280,'Student',NULL,NULL,'Y'),(0000049331,00002486,0000002389,'Student',NULL,NULL,'Y'),(0000049332,00002486,0000002404,'Student',NULL,NULL,'Y'),(0000049333,00002486,0000002532,'Student',NULL,NULL,'Y'),(0000049334,00002486,0000002495,'Student',NULL,NULL,'Y'),(0000049335,00002486,0000002555,'Student',NULL,NULL,'Y'),(0000049336,00002485,0000001924,'Student',NULL,NULL,'Y'),(0000049337,00002485,0000002056,'Student',NULL,NULL,'Y'),(0000049338,00002485,0000001894,'Student',NULL,NULL,'Y'),(0000049339,00002485,0000001931,'Student',NULL,NULL,'Y'),(0000049340,00002485,0000001879,'Student',NULL,NULL,'Y'),(0000049341,00002485,0000002079,'Student',NULL,NULL,'Y'),(0000049342,00002485,0000002040,'Student',NULL,NULL,'Y'),(0000049343,00002485,0000001864,'Student',NULL,NULL,'Y'),(0000049344,00002485,0000001925,'Student',NULL,NULL,'Y'),(0000049345,00002485,0000001897,'Student',NULL,NULL,'Y'),(0000049346,00002485,0000001891,'Student',NULL,NULL,'Y'),(0000049347,00002485,0000002000,'Student',NULL,NULL,'Y'),(0000049348,00002485,0000002093,'Student',NULL,NULL,'Y'),(0000049349,00002489,0000001915,'Student',NULL,NULL,'Y'),(0000049350,00002489,0000001974,'Student',NULL,NULL,'Y'),(0000049351,00002489,0000001901,'Student',NULL,NULL,'Y'),(0000049352,00002489,0000001914,'Student',NULL,NULL,'Y'),(0000049353,00002489,0000002327,'Student',NULL,NULL,'Y'),(0000049354,00002489,0000001905,'Student',NULL,NULL,'Y'),(0000049355,00002489,0000001977,'Student',NULL,NULL,'Y'),(0000049356,00002489,0000001885,'Student',NULL,NULL,'Y'),(0000049357,00002489,0000001964,'Student',NULL,NULL,'Y'),(0000049358,00002489,0000001911,'Student',NULL,NULL,'Y'),(0000049359,00002489,0000002009,'Student',NULL,NULL,'Y'),(0000049360,00002489,0000001934,'Student',NULL,NULL,'Y'),(0000049361,00002489,0000001955,'Student',NULL,NULL,'Y'),(0000049362,00002487,0000001995,'Student',NULL,NULL,'Y'),(0000049363,00002487,0000001921,'Student',NULL,NULL,'Y'),(0000049364,00002487,0000002129,'Student',NULL,NULL,'Y'),(0000049365,00002487,0000002029,'Student',NULL,NULL,'Y'),(0000049366,00002487,0000002141,'Student',NULL,NULL,'Y'),(0000049367,00002487,0000001875,'Student',NULL,NULL,'Y'),(0000049368,00002487,0000001983,'Student',NULL,NULL,'Y'),(0000049369,00002487,0000002491,'Student',NULL,NULL,'Y'),(0000049370,00002487,0000001946,'Student',NULL,NULL,'Y'),(0000049371,00002488,0000001913,'Student',NULL,NULL,'Y'),(0000049372,00002488,0000001928,'Student',NULL,NULL,'Y'),(0000049373,00002488,0000001904,'Student',NULL,NULL,'Y'),(0000049374,00002488,0000001989,'Student',NULL,NULL,'Y'),(0000049375,00002282,0000001642,'Student',NULL,NULL,'Y'),(0000049376,00002282,0000001639,'Student',NULL,NULL,'Y'),(0000049377,00002282,0000001700,'Student',NULL,NULL,'Y'),(0000049378,00002282,0000001617,'Student',NULL,NULL,'Y'),(0000049379,00002282,0000001654,'Student',NULL,NULL,'Y'),(0000049380,00002282,0000001657,'Student',NULL,NULL,'Y'),(0000049381,00002282,0000001603,'Student',NULL,NULL,'Y'),(0000049382,00002282,0000001779,'Student',NULL,NULL,'Y'),(0000049383,00002282,0000001744,'Student',NULL,NULL,'Y'),(0000049384,00002282,0000002097,'Student',NULL,NULL,'Y'),(0000049385,00002282,0000002156,'Student',NULL,NULL,'Y'),(0000049386,00002282,0000002386,'Student',NULL,NULL,'Y'),(0000049387,00002282,0000002035,'Student',NULL,NULL,'Y'),(0000049388,00002282,0000002441,'Student',NULL,NULL,'Y'),(0000049389,00002282,0000002673,'Student',NULL,NULL,'Y'),(0000049390,00002282,0000002737,'Student',NULL,NULL,'Y'),(0000049391,00002281,0000001848,'Student',NULL,NULL,'Y'),(0000049392,00002281,0000001612,'Student',NULL,NULL,'Y'),(0000049393,00002281,0000001645,'Student',NULL,NULL,'Y'),(0000049394,00002281,0000001713,'Student',NULL,NULL,'Y'),(0000049395,00002281,0000001739,'Student',NULL,NULL,'Y'),(0000049396,00002281,0000002066,'Student',NULL,NULL,'Y'),(0000049397,00002281,0000001828,'Student',NULL,NULL,'Y'),(0000049398,00002281,0000001677,'Student',NULL,NULL,'Y'),(0000049399,00002281,0000002548,'Student',NULL,NULL,'Y'),(0000049400,00002281,0000002719,'Student',NULL,NULL,'Y'),(0000049401,00002281,0000002723,'Student',NULL,NULL,'Y'),(0000049402,00002284,0000001721,'Student',NULL,NULL,'Y'),(0000049403,00002284,0000002309,'Student',NULL,NULL,'Y'),(0000049404,00002284,0000001735,'Student',NULL,NULL,'Y'),(0000049405,00002284,0000001791,'Student',NULL,NULL,'Y'),(0000049406,00002284,0000001621,'Student',NULL,NULL,'Y'),(0000049407,00002283,0000001593,'Student',NULL,NULL,'Y'),(0000049408,00002283,0000001761,'Student',NULL,NULL,'Y'),(0000049409,00002283,0000001773,'Student',NULL,NULL,'Y'),(0000049410,00002283,0000001753,'Student',NULL,NULL,'Y'),(0000049411,00002283,0000001796,'Student',NULL,NULL,'Y'),(0000049412,00002283,0000001628,'Student',NULL,NULL,'Y'),(0000049413,00002283,0000002081,'Student',NULL,NULL,'Y'),(0000049414,00002283,0000001801,'Student',NULL,NULL,'Y'),(0000049415,00002285,0000001591,'Student',NULL,NULL,'Y'),(0000049416,00002285,0000001706,'Student',NULL,NULL,'Y'),(0000049417,00002285,0000002063,'Student',NULL,NULL,'Y'),(0000049418,00002285,0000001600,'Student',NULL,NULL,'Y'),(0000049419,00002285,0000002401,'Student',NULL,NULL,'Y'),(0000049420,00002285,0000002488,'Student',NULL,NULL,'Y'),(0000049421,00002312,0000001445,'Student',NULL,NULL,'Y'),(0000049422,00002312,0000001403,'Student',NULL,NULL,'Y'),(0000049423,00002312,0000001477,'Student',NULL,NULL,'Y'),(0000049424,00002312,0000001364,'Student',NULL,NULL,'Y'),(0000049425,00002312,0000001571,'Student',NULL,NULL,'Y'),(0000049426,00002312,0000001427,'Student',NULL,NULL,'Y'),(0000049427,00002312,0000001585,'Student',NULL,NULL,'Y'),(0000049428,00002312,0000001631,'Student',NULL,NULL,'Y'),(0000049429,00002312,0000001867,'Student',NULL,NULL,'Y'),(0000049430,00002312,0000002084,'Student',NULL,NULL,'Y'),(0000049431,00002312,0000001400,'Student',NULL,NULL,'Y'),(0000049432,00002312,0000002286,'Student',NULL,NULL,'Y'),(0000049433,00002312,0000002306,'Student',NULL,NULL,'Y'),(0000049434,00002312,0000002398,'Student',NULL,NULL,'Y'),(0000049435,00002312,0000002380,'Student',NULL,NULL,'Y'),(0000049436,00002312,0000002444,'Student',NULL,NULL,'Y'),(0000049437,00002312,0000002729,'Student',NULL,NULL,'Y'),(0000049438,00002311,0000001352,'Student',NULL,NULL,'Y'),(0000049439,00002311,0000001358,'Student',NULL,NULL,'Y'),(0000049440,00002311,0000001486,'Student',NULL,NULL,'Y'),(0000049441,00002311,0000001355,'Student',NULL,NULL,'Y'),(0000049442,00002311,0000001492,'Student',NULL,NULL,'Y'),(0000049443,00002311,0000001483,'Student',NULL,NULL,'Y'),(0000049444,00002311,0000001377,'Student',NULL,NULL,'Y'),(0000049445,00002311,0000001845,'Student',NULL,NULL,'Y'),(0000049446,00002313,0000001393,'Student',NULL,NULL,'Y'),(0000049447,00002313,0000001391,'Student',NULL,NULL,'Y'),(0000049448,00002313,0000001465,'Student',NULL,NULL,'Y'),(0000049449,00002313,0000001424,'Student',NULL,NULL,'Y'),(0000049450,00002313,0000001538,'Student',NULL,NULL,'Y'),(0000049451,00002313,0000001507,'Student',NULL,NULL,'Y'),(0000049452,00002313,0000001396,'Student',NULL,NULL,'Y'),(0000049453,00002520,0000001520,'Student',NULL,NULL,'Y'),(0000049454,00002520,0000001430,'Student',NULL,NULL,'Y'),(0000049455,00002520,0000001367,'Student',NULL,NULL,'Y'),(0000049456,00002520,0000001440,'Student',NULL,NULL,'Y'),(0000049457,00002520,0000002407,'Student',NULL,NULL,'Y'),(0000049458,00002520,0000001410,'Student',NULL,NULL,'Y'),(0000049459,00002521,0000002316,'Student',NULL,NULL,'Y'),(0000049460,00002521,0000002357,'Student',NULL,NULL,'Y'),(0000049461,00002521,0000002490,'Student',NULL,NULL,'Y'),(0000049462,00002376,0000001016,'Student',NULL,NULL,'Y'),(0000049463,00002376,0000001008,'Student',NULL,NULL,'Y'),(0000049464,00002376,0000001819,'Student',NULL,NULL,'Y'),(0000049465,00002376,0000001019,'Student',NULL,NULL,'Y'),(0000049466,00002376,0000002392,'Student',NULL,NULL,'Y'),(0000049467,00002377,0000000905,'Student',NULL,NULL,'Y'),(0000049468,00002377,0000000928,'Student',NULL,NULL,'Y'),(0000049469,00002377,0000000931,'Student',NULL,NULL,'Y'),(0000049470,00002377,0000000922,'Student',NULL,NULL,'Y'),(0000049471,00002377,0000000925,'Student',NULL,NULL,'Y'),(0000049472,00002377,0000000964,'Student',NULL,NULL,'Y'),(0000049473,00002377,0000000897,'Student',NULL,NULL,'Y'),(0000049474,00002377,0000000913,'Student',NULL,NULL,'Y'),(0000049475,00002377,0000000937,'Student',NULL,NULL,'Y'),(0000049476,00002377,0000000934,'Student',NULL,NULL,'Y'),(0000049477,00002314,0000001692,'Student',NULL,NULL,'Y'),(0000049478,00002314,0000001430,'Student',NULL,NULL,'Y'),(0000049479,00002314,0000002084,'Student',NULL,NULL,'Y'),(0000049480,00002314,0000001416,'Student',NULL,NULL,'Y'),(0000049481,00002314,0000001445,'Student',NULL,NULL,'Y'),(0000049482,00002314,0000001486,'Student',NULL,NULL,'Y'),(0000049483,00002314,0000001367,'Student',NULL,NULL,'Y'),(0000049484,00002314,0000001440,'Student',NULL,NULL,'Y'),(0000049485,00002314,0000001507,'Student',NULL,NULL,'Y'),(0000049486,00002314,0000001520,'Student',NULL,NULL,'Y'),(0000049487,00002314,0000001410,'Student',NULL,NULL,'Y'),(0000049488,00002314,0000001538,'Student',NULL,NULL,'Y'),(0000049489,00002314,0000001393,'Student',NULL,NULL,'Y'),(0000049490,00002314,0000001377,'Student',NULL,NULL,'Y'),(0000049491,00002314,0000001492,'Student',NULL,NULL,'Y'),(0000049492,00002314,0000001465,'Student',NULL,NULL,'Y'),(0000049493,00002314,0000001585,'Student',NULL,NULL,'Y'),(0000049494,00002314,0000001424,'Student',NULL,NULL,'Y'),(0000049495,00002314,0000002316,'Student',NULL,NULL,'Y'),(0000049496,00002315,0000001364,'Student',NULL,NULL,'Y'),(0000049497,00002315,0000001424,'Student',NULL,NULL,'Y'),(0000049498,00002315,0000002084,'Student',NULL,NULL,'Y'),(0000049499,00002315,0000001710,'Student',NULL,NULL,'Y'),(0000049500,00002315,0000001396,'Student',NULL,NULL,'Y'),(0000049501,00002315,0000001358,'Student',NULL,NULL,'Y'),(0000049502,00002315,0000001440,'Student',NULL,NULL,'Y'),(0000049503,00002315,0000001507,'Student',NULL,NULL,'Y'),(0000049504,00002315,0000001374,'Student',NULL,NULL,'Y'),(0000049505,00002315,0000001403,'Student',NULL,NULL,'Y'),(0000049506,00002315,0000001538,'Student',NULL,NULL,'Y'),(0000049507,00002315,0000001393,'Student',NULL,NULL,'Y'),(0000049508,00002315,0000001355,'Student',NULL,NULL,'Y'),(0000049509,00002315,0000001492,'Student',NULL,NULL,'Y'),(0000049510,00002315,0000001465,'Student',NULL,NULL,'Y'),(0000049511,00002315,0000001585,'Student',NULL,NULL,'Y'),(0000049512,00002315,0000001692,'Student',NULL,NULL,'Y'),(0000049513,00002315,0000001391,'Student',NULL,NULL,'Y'),(0000049514,00002315,0000002357,'Student',NULL,NULL,'Y'),(0000049515,00002315,0000002398,'Student',NULL,NULL,'Y'),(0000049516,00002315,0000002407,'Student',NULL,NULL,'Y'),(0000049517,00002315,0000001631,'Student',NULL,NULL,'Y'),(0000049518,00002315,0000001867,'Student',NULL,NULL,'Y'),(0000049519,00002315,0000002380,'Student',NULL,NULL,'Y'),(0000049520,00002378,0000000905,'Student',NULL,NULL,'Y'),(0000049521,00002378,0000000931,'Student',NULL,NULL,'Y'),(0000049522,00002378,0000001016,'Student',NULL,NULL,'Y'),(0000049523,00002378,0000001022,'Student',NULL,NULL,'Y'),(0000049524,00002378,0000000964,'Student',NULL,NULL,'Y'),(0000049525,00002378,0000002184,'Student',NULL,NULL,'Y'),(0000049526,00002378,0000001008,'Student',NULL,NULL,'Y'),(0000049527,00002386,0000000876,'Student',NULL,NULL,'Y'),(0000049528,00002386,0000001016,'Student',NULL,NULL,'Y'),(0000049529,00002386,0000000905,'Student',NULL,NULL,'Y'),(0000049530,00002386,0000000922,'Student',NULL,NULL,'Y'),(0000049531,00002386,0000000928,'Student',NULL,NULL,'Y'),(0000049532,00002386,0000000931,'Student',NULL,NULL,'Y'),(0000049533,00002386,0000000964,'Student',NULL,NULL,'Y'),(0000049534,00002386,0000002392,'Student',NULL,NULL,'Y'),(0000049535,00002386,0000001019,'Student',NULL,NULL,'Y'),(0000049536,00002386,0000001819,'Student',NULL,NULL,'Y'),(0000049537,00002386,0000000897,'Student',NULL,NULL,'Y'),(0000049538,00002386,0000001022,'Student',NULL,NULL,'Y'),(0000049539,00002386,0000002184,'Student',NULL,NULL,'Y'),(0000049540,00002386,0000000913,'Student',NULL,NULL,'Y'),(0000049541,00002386,0000000934,'Student',NULL,NULL,'Y'),(0000049542,00002386,0000001008,'Student',NULL,NULL,'Y'),(0000049543,00002386,0000000925,'Student',NULL,NULL,'Y'),(0000049544,00002386,0000000937,'Student',NULL,NULL,'Y'),(0000049545,00002532,0000002283,'Student',NULL,NULL,'Y'),(0000049546,00002532,0000002193,'Student',NULL,NULL,'Y'),(0000049547,00002532,0000002212,'Student',NULL,NULL,'Y'),(0000049548,00002532,0000002299,'Student',NULL,NULL,'Y'),(0000049549,00002532,0000002323,'Student',NULL,NULL,'Y'),(0000049550,00002532,0000002333,'Student',NULL,NULL,'Y'),(0000049551,00002532,0000002232,'Student',NULL,NULL,'Y'),(0000049552,00002532,0000002243,'Student',NULL,NULL,'Y'),(0000049553,00002532,0000002216,'Student',NULL,NULL,'Y'),(0000049554,00002532,0000002330,'Student',NULL,NULL,'Y'),(0000049555,00002532,0000002340,'Student',NULL,NULL,'Y'),(0000049556,00002532,0000002215,'Student',NULL,NULL,'Y'),(0000049557,00002532,0000002233,'Student',NULL,NULL,'Y'),(0000049558,00002532,0000002169,'Student',NULL,NULL,'Y'),(0000049559,00002532,0000002175,'Student',NULL,NULL,'Y'),(0000049560,00002532,0000002374,'Student',NULL,NULL,'Y'),(0000049561,00002532,0000002364,'Student',NULL,NULL,'Y'),(0000049562,00002532,0000002395,'Student',NULL,NULL,'Y'),(0000049563,00002532,0000002514,'Student',NULL,NULL,'Y'),(0000049564,00002532,0000002511,'Student',NULL,NULL,'Y'),(0000049565,00002532,0000002505,'Student',NULL,NULL,'Y'),(0000049566,00002532,0000002529,'Student',NULL,NULL,'Y'),(0000049567,00002533,0000002190,'Student',NULL,NULL,'Y'),(0000049568,00002533,0000002334,'Student',NULL,NULL,'Y'),(0000049569,00002533,0000002236,'Student',NULL,NULL,'Y'),(0000049570,00002533,0000002239,'Student',NULL,NULL,'Y'),(0000049571,00002533,0000002187,'Student',NULL,NULL,'Y'),(0000049572,00002533,0000002178,'Student',NULL,NULL,'Y'),(0000049573,00002533,0000002206,'Student',NULL,NULL,'Y'),(0000049574,00002533,0000002274,'Student',NULL,NULL,'Y'),(0000049575,00002533,0000002271,'Student',NULL,NULL,'Y'),(0000049576,00002533,0000002253,'Student',NULL,NULL,'Y'),(0000049577,00002533,0000002166,'Student',NULL,NULL,'Y'),(0000049578,00002533,0000002348,'Student',NULL,NULL,'Y'),(0000049579,00002533,0000002150,'Student',NULL,NULL,'Y'),(0000049580,00002533,0000002163,'Student',NULL,NULL,'Y'),(0000049581,00002533,0000002360,'Student',NULL,NULL,'Y'),(0000049582,00002533,0000002371,'Student',NULL,NULL,'Y'),(0000049583,00002533,0000002383,'Student',NULL,NULL,'Y'),(0000049584,00002533,0000002420,'Student',NULL,NULL,'Y'),(0000049585,00002533,0000002523,'Student',NULL,NULL,'Y'),(0000049586,00002533,0000002517,'Student',NULL,NULL,'Y'),(0000049587,00002533,0000002501,'Student',NULL,NULL,'Y'),(0000049588,00002533,0000002520,'Student',NULL,NULL,'Y'),(0000049589,00002533,0000002526,'Student',NULL,NULL,'Y'),(0000049590,00002531,0000002247,'Student',NULL,NULL,'Y'),(0000049591,00002531,0000002194,'Student',NULL,NULL,'Y'),(0000049592,00002531,0000002293,'Student',NULL,NULL,'Y'),(0000049593,00002531,0000002250,'Student',NULL,NULL,'Y'),(0000049594,00002531,0000002277,'Student',NULL,NULL,'Y'),(0000049595,00002531,0000002319,'Student',NULL,NULL,'Y'),(0000049596,00002531,0000002200,'Student',NULL,NULL,'Y'),(0000049597,00002531,0000002231,'Student',NULL,NULL,'Y'),(0000049598,00002531,0000002268,'Student',NULL,NULL,'Y'),(0000049599,00002531,0000002262,'Student',NULL,NULL,'Y'),(0000049600,00002531,0000002203,'Student',NULL,NULL,'Y'),(0000049601,00002531,0000002296,'Student',NULL,NULL,'Y'),(0000049602,00002531,0000002302,'Student',NULL,NULL,'Y'),(0000049603,00002531,0000002265,'Student',NULL,NULL,'Y'),(0000049604,00002531,0000002160,'Student',NULL,NULL,'Y'),(0000049605,00002531,0000002172,'Student',NULL,NULL,'Y'),(0000049606,00002531,0000002508,'Student',NULL,NULL,'Y'),(0000049607,00002531,0000002504,'Student',NULL,NULL,'Y'),(0000049608,00002531,0000002498,'Student',NULL,NULL,'Y'),(0000049609,00002531,0000002535,'Student',NULL,NULL,'Y'),(0000049610,00002531,0000002537,'Student',NULL,NULL,'Y'),(0000049611,00002531,0000002545,'Student',NULL,NULL,'Y'),(0000049612,00002537,0000001964,'Student',NULL,NULL,'Y'),(0000049613,00002537,0000001918,'Student',NULL,NULL,'Y'),(0000049614,00002537,0000001898,'Student',NULL,NULL,'Y'),(0000049615,00002537,0000001913,'Student',NULL,NULL,'Y'),(0000049616,00002537,0000001885,'Student',NULL,NULL,'Y'),(0000049617,00002537,0000001875,'Student',NULL,NULL,'Y'),(0000049618,00002537,0000002029,'Student',NULL,NULL,'Y'),(0000049619,00002537,0000002009,'Student',NULL,NULL,'Y'),(0000049620,00002537,0000001974,'Student',NULL,NULL,'Y'),(0000049621,00002537,0000001870,'Student',NULL,NULL,'Y'),(0000049622,00002537,0000001980,'Student',NULL,NULL,'Y'),(0000049623,00002537,0000001925,'Student',NULL,NULL,'Y'),(0000049624,00002537,0000002280,'Student',NULL,NULL,'Y'),(0000049625,00002537,0000001864,'Student',NULL,NULL,'Y'),(0000049626,00002537,0000002006,'Student',NULL,NULL,'Y'),(0000049627,00002537,0000002491,'Student',NULL,NULL,'Y'),(0000049628,00002537,0000002532,'Student',NULL,NULL,'Y'),(0000049629,00002536,0000001888,'Student',NULL,NULL,'Y'),(0000049630,00002536,0000002056,'Student',NULL,NULL,'Y'),(0000049631,00002536,0000001977,'Student',NULL,NULL,'Y'),(0000049632,00002536,0000002141,'Student',NULL,NULL,'Y'),(0000049633,00002536,0000001921,'Student',NULL,NULL,'Y'),(0000049634,00002536,0000002135,'Student',NULL,NULL,'Y'),(0000049635,00002536,0000001934,'Student',NULL,NULL,'Y'),(0000049636,00002536,0000001983,'Student',NULL,NULL,'Y'),(0000049637,00002536,0000002327,'Student',NULL,NULL,'Y'),(0000049638,00002536,0000001937,'Student',NULL,NULL,'Y'),(0000049639,00002536,0000001882,'Student',NULL,NULL,'Y'),(0000049640,00002536,0000001897,'Student',NULL,NULL,'Y'),(0000049641,00002536,0000001904,'Student',NULL,NULL,'Y'),(0000049642,00002536,0000002019,'Student',NULL,NULL,'Y'),(0000049643,00002536,0000001970,'Student',NULL,NULL,'Y'),(0000049644,00002536,0000002116,'Student',NULL,NULL,'Y'),(0000049645,00002536,0000002040,'Student',NULL,NULL,'Y'),(0000049646,00002535,0000002079,'Student',NULL,NULL,'Y'),(0000049647,00002535,0000001960,'Student',NULL,NULL,'Y'),(0000049648,00002535,0000001911,'Student',NULL,NULL,'Y'),(0000049649,00002535,0000002093,'Student',NULL,NULL,'Y'),(0000049650,00002535,0000002129,'Student',NULL,NULL,'Y'),(0000049651,00002535,0000001928,'Student',NULL,NULL,'Y'),(0000049652,00002535,0000002113,'Student',NULL,NULL,'Y'),(0000049653,00002535,0000001989,'Student',NULL,NULL,'Y'),(0000049654,00002535,0000001931,'Student',NULL,NULL,'Y'),(0000049655,00002535,0000002012,'Student',NULL,NULL,'Y'),(0000049656,00002535,0000001905,'Student',NULL,NULL,'Y'),(0000049657,00002535,0000001924,'Student',NULL,NULL,'Y'),(0000049658,00002535,0000002037,'Student',NULL,NULL,'Y'),(0000049659,00002535,0000002000,'Student',NULL,NULL,'Y'),(0000049660,00002535,0000002389,'Student',NULL,NULL,'Y'),(0000049661,00002535,0000002404,'Student',NULL,NULL,'Y'),(0000049662,00002535,0000002555,'Student',NULL,NULL,'Y'),(0000049663,00002538,0000001878,'Student',NULL,NULL,'Y'),(0000049664,00002538,0000001914,'Student',NULL,NULL,'Y'),(0000049665,00002538,0000001901,'Student',NULL,NULL,'Y'),(0000049666,00002538,0000001995,'Student',NULL,NULL,'Y'),(0000049667,00002538,0000001915,'Student',NULL,NULL,'Y'),(0000049668,00002538,0000001992,'Student',NULL,NULL,'Y'),(0000049669,00002538,0000001894,'Student',NULL,NULL,'Y'),(0000049670,00002538,0000002123,'Student',NULL,NULL,'Y'),(0000049671,00002538,0000002022,'Student',NULL,NULL,'Y'),(0000049672,00002538,0000001879,'Student',NULL,NULL,'Y'),(0000049673,00002538,0000002076,'Student',NULL,NULL,'Y'),(0000049674,00002538,0000001891,'Student',NULL,NULL,'Y'),(0000049675,00002538,0000001955,'Student',NULL,NULL,'Y'),(0000049676,00002538,0000001986,'Student',NULL,NULL,'Y'),(0000049677,00002538,0000001946,'Student',NULL,NULL,'Y'),(0000049678,00002538,0000002495,'Student',NULL,NULL,'Y'),(0000049679,00002540,0000001627,'Student',NULL,NULL,'Y'),(0000049680,00002540,0000001730,'Student',NULL,NULL,'Y'),(0000049681,00002540,0000001791,'Student',NULL,NULL,'Y'),(0000049682,00002540,0000001642,'Student',NULL,NULL,'Y'),(0000049683,00002540,0000001612,'Student',NULL,NULL,'Y'),(0000049684,00002540,0000002035,'Student',NULL,NULL,'Y'),(0000049685,00002540,0000002097,'Student',NULL,NULL,'Y'),(0000049686,00002540,0000001773,'Student',NULL,NULL,'Y'),(0000049687,00002540,0000001828,'Student',NULL,NULL,'Y'),(0000049688,00002540,0000001654,'Student',NULL,NULL,'Y'),(0000049689,00002540,0000001831,'Student',NULL,NULL,'Y'),(0000049690,00002540,0000001616,'Student',NULL,NULL,'Y'),(0000049691,00002540,0000001609,'Student',NULL,NULL,'Y'),(0000049692,00002540,0000001628,'Student',NULL,NULL,'Y'),(0000049693,00002540,0000002066,'Student',NULL,NULL,'Y'),(0000049694,00002540,0000002309,'Student',NULL,NULL,'Y'),(0000049695,00002540,0000002386,'Student',NULL,NULL,'Y'),(0000049696,00002540,0000002401,'Student',NULL,NULL,'Y'),(0000049697,00002540,0000002723,'Student',NULL,NULL,'Y'),(0000049698,00002541,0000001801,'Student',NULL,NULL,'Y'),(0000049699,00002541,0000001621,'Student',NULL,NULL,'Y'),(0000049700,00002541,0000001617,'Student',NULL,NULL,'Y'),(0000049701,00002541,0000001735,'Student',NULL,NULL,'Y'),(0000049702,00002541,0000001858,'Student',NULL,NULL,'Y'),(0000049703,00002541,0000001639,'Student',NULL,NULL,'Y'),(0000049704,00002541,0000001744,'Student',NULL,NULL,'Y'),(0000049705,00002541,0000002033,'Student',NULL,NULL,'Y'),(0000049706,00002541,0000001796,'Student',NULL,NULL,'Y'),(0000049707,00002541,0000001761,'Student',NULL,NULL,'Y'),(0000049708,00002541,0000001779,'Student',NULL,NULL,'Y'),(0000049709,00002541,0000001645,'Student',NULL,NULL,'Y'),(0000049710,00002541,0000001706,'Student',NULL,NULL,'Y'),(0000049711,00002541,0000001667,'Student',NULL,NULL,'Y'),(0000049712,00002541,0000002087,'Student',NULL,NULL,'Y'),(0000049713,00002541,0000002156,'Student',NULL,NULL,'Y'),(0000049714,00002541,0000002441,'Student',NULL,NULL,'Y'),(0000049715,00002541,0000002548,'Student',NULL,NULL,'Y'),(0000049716,00002541,0000002060,'Student',NULL,NULL,'Y'),(0000049717,00002541,0000002737,'Student',NULL,NULL,'Y'),(0000049718,00002539,0000001686,'Student',NULL,NULL,'Y'),(0000049719,00002539,0000001591,'Student',NULL,NULL,'Y'),(0000049720,00002539,0000001848,'Student',NULL,NULL,'Y'),(0000049721,00002539,0000001593,'Student',NULL,NULL,'Y'),(0000049722,00002539,0000001600,'Student',NULL,NULL,'Y'),(0000049723,00002539,0000001700,'Student',NULL,NULL,'Y'),(0000049724,00002539,0000001739,'Student',NULL,NULL,'Y'),(0000049725,00002539,0000001677,'Student',NULL,NULL,'Y'),(0000049726,00002539,0000001753,'Student',NULL,NULL,'Y'),(0000049727,00002539,0000001713,'Student',NULL,NULL,'Y'),(0000049728,00002539,0000001657,'Student',NULL,NULL,'Y'),(0000049729,00002539,0000001603,'Student',NULL,NULL,'Y'),(0000049730,00002539,0000002081,'Student',NULL,NULL,'Y'),(0000049731,00002539,0000002063,'Student',NULL,NULL,'Y'),(0000049732,00002539,0000001721,'Student',NULL,NULL,'Y'),(0000049733,00002539,0000002488,'Student',NULL,NULL,'Y'),(0000049734,00002539,0000002673,'Student',NULL,NULL,'Y'),(0000049735,00002539,0000002719,'Student',NULL,NULL,'Y'),(0000049736,00002542,0000001364,'Student',NULL,NULL,'Y'),(0000049737,00002542,0000001396,'Student',NULL,NULL,'Y'),(0000049738,00002542,0000001486,'Student',NULL,NULL,'Y'),(0000049739,00002542,0000001483,'Student',NULL,NULL,'Y'),(0000049740,00002542,0000001477,'Student',NULL,NULL,'Y'),(0000049741,00002542,0000001374,'Student',NULL,NULL,'Y'),(0000049742,00002542,0000001352,'Student',NULL,NULL,'Y'),(0000049743,00002542,0000001355,'Student',NULL,NULL,'Y'),(0000049744,00002542,0000001440,'Student',NULL,NULL,'Y'),(0000049745,00002542,0000001410,'Student',NULL,NULL,'Y'),(0000049746,00002542,0000002306,'Student',NULL,NULL,'Y'),(0000049747,00002542,0000002316,'Student',NULL,NULL,'Y'),(0000049748,00002542,0000002357,'Student',NULL,NULL,'Y'),(0000049749,00002542,0000002398,'Student',NULL,NULL,'Y'),(0000049750,00002542,0000002407,'Student',NULL,NULL,'Y'),(0000049751,00002542,0000002444,'Student',NULL,NULL,'Y'),(0000049752,00002542,0000002490,'Student',NULL,NULL,'Y'),(0000049753,00002544,0000001424,'Student',NULL,NULL,'Y'),(0000049754,00002544,0000001571,'Student',NULL,NULL,'Y'),(0000049755,00002544,0000001585,'Student',NULL,NULL,'Y'),(0000049756,00002544,0000001430,'Student',NULL,NULL,'Y'),(0000049757,00002544,0000001427,'Student',NULL,NULL,'Y'),(0000049758,00002544,0000001507,'Student',NULL,NULL,'Y'),(0000049759,00002544,0000001492,'Student',NULL,NULL,'Y'),(0000049760,00002544,0000001465,'Student',NULL,NULL,'Y'),(0000049761,00002544,0000001692,'Student',NULL,NULL,'Y'),(0000049762,00002544,0000001845,'Student',NULL,NULL,'Y'),(0000049763,00002544,0000001867,'Student',NULL,NULL,'Y'),(0000049764,00002544,0000001631,'Student',NULL,NULL,'Y'),(0000049765,00002544,0000001377,'Student',NULL,NULL,'Y'),(0000049766,00002544,0000001471,'Student',NULL,NULL,'Y'),(0000049767,00002544,0000001416,'Student',NULL,NULL,'Y'),(0000049768,00002544,0000002084,'Student',NULL,NULL,'Y'),(0000049769,00002543,0000001399,'Student',NULL,NULL,'Y'),(0000049770,00002543,0000001367,'Student',NULL,NULL,'Y'),(0000049771,00002543,0000001388,'Student',NULL,NULL,'Y'),(0000049772,00002543,0000001393,'Student',NULL,NULL,'Y'),(0000049773,00002543,0000001358,'Student',NULL,NULL,'Y'),(0000049774,00002543,0000001400,'Student',NULL,NULL,'Y'),(0000049775,00002543,0000001520,'Student',NULL,NULL,'Y'),(0000049776,00002543,0000001445,'Student',NULL,NULL,'Y'),(0000049777,00002543,0000001710,'Student',NULL,NULL,'Y'),(0000049778,00002543,0000001538,'Student',NULL,NULL,'Y'),(0000049779,00002543,0000001391,'Student',NULL,NULL,'Y'),(0000049780,00002543,0000001403,'Student',NULL,NULL,'Y'),(0000049781,00002543,0000002286,'Student',NULL,NULL,'Y'),(0000049782,00002543,0000002380,'Student',NULL,NULL,'Y'),(0000049783,00002543,0000002729,'Student',NULL,NULL,'Y'),(0000049822,00002382,0000000876,'Student',NULL,NULL,'Y'),(0000049823,00002382,0000000922,'Student',NULL,NULL,'Y'),(0000049824,00002382,0000000964,'Student',NULL,NULL,'Y'),(0000049825,00002382,0000000897,'Student',NULL,NULL,'Y'),(0000049826,00002382,0000000913,'Student',NULL,NULL,'Y'),(0000049827,00002382,0000002184,'Student',NULL,NULL,'Y'),(0000049828,00002382,0000001019,'Student',NULL,NULL,'Y'),(0000049829,00002384,0000000905,'Student',NULL,NULL,'Y'),(0000049830,00002384,0000000928,'Student',NULL,NULL,'Y'),(0000049831,00002384,0000000931,'Student',NULL,NULL,'Y'),(0000049832,00002384,0000001016,'Student',NULL,NULL,'Y'),(0000049833,00002384,0000001022,'Student',NULL,NULL,'Y'),(0000049834,00002384,0000000925,'Student',NULL,NULL,'Y'),(0000049835,00002384,0000000934,'Student',NULL,NULL,'Y'),(0000049836,00002384,0000001008,'Student',NULL,NULL,'Y'),(0000049837,00002384,0000001819,'Student',NULL,NULL,'Y'),(0000049838,00002384,0000000937,'Student',NULL,NULL,'Y'),(0000049839,00002384,0000002392,'Student',NULL,NULL,'Y'),(0000049840,00002385,0000001016,'Student',NULL,NULL,'Y'),(0000049841,00002385,0000000922,'Student',NULL,NULL,'Y'),(0000049842,00002385,0000000964,'Student',NULL,NULL,'Y'),(0000049843,00002385,0000000897,'Student',NULL,NULL,'Y'),(0000049844,00002385,0000001008,'Student',NULL,NULL,'Y'),(0000049845,00002385,0000002184,'Student',NULL,NULL,'Y'),(0000049846,00002385,0000001019,'Student',NULL,NULL,'Y'),(0000049847,00002385,0000002392,'Student',NULL,NULL,'Y'),(0000049848,00002385,0000002541,'Student',NULL,NULL,'Y'),(0000049849,00002321,0000001352,'Student',NULL,NULL,'Y'),(0000049850,00002321,0000001430,'Student',NULL,NULL,'Y'),(0000049851,00002321,0000001845,'Student',NULL,NULL,'Y'),(0000049852,00002321,0000001477,'Student',NULL,NULL,'Y'),(0000049853,00002321,0000001571,'Student',NULL,NULL,'Y'),(0000049854,00002321,0000001486,'Student',NULL,NULL,'Y'),(0000049855,00002321,0000001367,'Student',NULL,NULL,'Y'),(0000049856,00002321,0000001520,'Student',NULL,NULL,'Y'),(0000049857,00002321,0000001471,'Student',NULL,NULL,'Y'),(0000049858,00002321,0000001410,'Student',NULL,NULL,'Y'),(0000049859,00002321,0000001377,'Student',NULL,NULL,'Y'),(0000049860,00002321,0000002286,'Student',NULL,NULL,'Y'),(0000049861,00002321,0000001400,'Student',NULL,NULL,'Y'),(0000049862,00002321,0000002444,'Student',NULL,NULL,'Y'),(0000049863,00002495,0000001897,'Student',NULL,NULL,'Y'),(0000049864,00002495,0000001882,'Student',NULL,NULL,'Y'),(0000049865,00002495,0000001878,'Student',NULL,NULL,'Y'),(0000049866,00002495,0000002006,'Student',NULL,NULL,'Y'),(0000049867,00002495,0000001980,'Student',NULL,NULL,'Y'),(0000049868,00002495,0000001914,'Student',NULL,NULL,'Y'),(0000049869,00002495,0000001995,'Student',NULL,NULL,'Y'),(0000049870,00002495,0000001974,'Student',NULL,NULL,'Y'),(0000049871,00002495,0000001992,'Student',NULL,NULL,'Y'),(0000049872,00002495,0000002009,'Student',NULL,NULL,'Y'),(0000049873,00002495,0000001864,'Student',NULL,NULL,'Y'),(0000049874,00002495,0000001901,'Student',NULL,NULL,'Y'),(0000049875,00002495,0000001870,'Student',NULL,NULL,'Y'),(0000049876,00002495,0000001983,'Student',NULL,NULL,'Y'),(0000049877,00002495,0000001934,'Student',NULL,NULL,'Y'),(0000049878,00002495,0000001915,'Student',NULL,NULL,'Y'),(0000049879,00002495,0000002113,'Student',NULL,NULL,'Y'),(0000049880,00002495,0000002280,'Student',NULL,NULL,'Y'),(0000049881,00002495,0000002327,'Student',NULL,NULL,'Y'),(0000049882,00002495,0000002491,'Student',NULL,NULL,'Y'),(0000049883,00002495,0000002532,'Student',NULL,NULL,'Y'),(0000049884,00002495,0000002495,'Student',NULL,NULL,'Y'),(0000049885,00002494,0000001946,'Student',NULL,NULL,'Y'),(0000049886,00002494,0000001964,'Student',NULL,NULL,'Y'),(0000049887,00002494,0000001918,'Student',NULL,NULL,'Y'),(0000049888,00002494,0000001921,'Student',NULL,NULL,'Y'),(0000049889,00002494,0000002037,'Student',NULL,NULL,'Y'),(0000049890,00002494,0000001898,'Student',NULL,NULL,'Y'),(0000049891,00002494,0000001913,'Student',NULL,NULL,'Y'),(0000049892,00002494,0000001986,'Student',NULL,NULL,'Y'),(0000049893,00002494,0000001955,'Student',NULL,NULL,'Y'),(0000049894,00002494,0000001885,'Student',NULL,NULL,'Y'),(0000049895,00002494,0000001977,'Student',NULL,NULL,'Y'),(0000049896,00002494,0000002056,'Student',NULL,NULL,'Y'),(0000049897,00002494,0000001924,'Student',NULL,NULL,'Y'),(0000049898,00002494,0000001888,'Student',NULL,NULL,'Y'),(0000049899,00002494,0000001891,'Student',NULL,NULL,'Y'),(0000049900,00002494,0000002012,'Student',NULL,NULL,'Y'),(0000049901,00002494,0000002135,'Student',NULL,NULL,'Y'),(0000049902,00002494,0000002141,'Student',NULL,NULL,'Y'),(0000049903,00002494,0000002389,'Student',NULL,NULL,'Y'),(0000049904,00002494,0000001937,'Student',NULL,NULL,'Y'),(0000049905,00002494,0000002555,'Student',NULL,NULL,'Y'),(0000049906,00002496,0000002079,'Student',NULL,NULL,'Y'),(0000049907,00002496,0000001879,'Student',NULL,NULL,'Y'),(0000049908,00002496,0000002040,'Student',NULL,NULL,'Y'),(0000049909,00002496,0000001904,'Student',NULL,NULL,'Y'),(0000049910,00002496,0000002093,'Student',NULL,NULL,'Y'),(0000049911,00002496,0000001875,'Student',NULL,NULL,'Y'),(0000049912,00002496,0000001894,'Student',NULL,NULL,'Y'),(0000049913,00002496,0000002076,'Student',NULL,NULL,'Y'),(0000049914,00002496,0000002029,'Student',NULL,NULL,'Y'),(0000049915,00002496,0000001960,'Student',NULL,NULL,'Y'),(0000049916,00002496,0000001970,'Student',NULL,NULL,'Y'),(0000049917,00002496,0000001911,'Student',NULL,NULL,'Y'),(0000049918,00002496,0000002022,'Student',NULL,NULL,'Y'),(0000049919,00002496,0000002019,'Student',NULL,NULL,'Y'),(0000049920,00002496,0000001989,'Student',NULL,NULL,'Y'),(0000049921,00002496,0000001928,'Student',NULL,NULL,'Y'),(0000049922,00002496,0000002116,'Student',NULL,NULL,'Y'),(0000049923,00002496,0000002123,'Student',NULL,NULL,'Y'),(0000049924,00002496,0000002129,'Student',NULL,NULL,'Y'),(0000049925,00002496,0000001931,'Student',NULL,NULL,'Y'),(0000049926,00002496,0000002404,'Student',NULL,NULL,'Y'),(0000049927,00002496,0000001925,'Student',NULL,NULL,'Y'),(0000049928,00002549,0000001008,'Student',NULL,NULL,'Y'),(0000049929,00002549,0000002392,'Student',NULL,NULL,'Y'),(0000049930,00002550,0000001008,'Student',NULL,NULL,'Y'),(0000049931,00002550,0000002392,'Student',NULL,NULL,'Y'),(0000049932,00002322,0000001427,'Student',NULL,NULL,'Y'),(0000049933,00002322,0000001416,'Student',NULL,NULL,'Y'),(0000049934,00002322,0000001445,'Student',NULL,NULL,'Y'),(0000049935,00002322,0000001399,'Student',NULL,NULL,'Y'),(0000049936,00002322,0000001483,'Student',NULL,NULL,'Y'),(0000049937,00002322,0000001388,'Student',NULL,NULL,'Y'),(0000049938,00002322,0000002306,'Student',NULL,NULL,'Y'),(0000049939,00002322,0000002316,'Student',NULL,NULL,'Y'),(0000049940,00002322,0000002729,'Student',NULL,NULL,'Y'),(0000049941,00002552,0000001819,'Student',NULL,NULL,'Y'),(0000049942,00002553,0000001019,'Student',NULL,NULL,'Y'),(0000049943,00002498,0000001915,'Student',NULL,NULL,'Y'),(0000049944,00002498,0000001934,'Student',NULL,NULL,'Y'),(0000049945,00002498,0000002009,'Student',NULL,NULL,'Y'),(0000049946,00002498,0000001992,'Student',NULL,NULL,'Y'),(0000049947,00002498,0000001974,'Student',NULL,NULL,'Y'),(0000049948,00002498,0000001995,'Student',NULL,NULL,'Y'),(0000049949,00002498,0000001983,'Student',NULL,NULL,'Y'),(0000049950,00002498,0000001870,'Student',NULL,NULL,'Y'),(0000049951,00002498,0000001901,'Student',NULL,NULL,'Y'),(0000049952,00002498,0000001914,'Student',NULL,NULL,'Y'),(0000049953,00002498,0000001980,'Student',NULL,NULL,'Y'),(0000049954,00002498,0000001864,'Student',NULL,NULL,'Y'),(0000049955,00002498,0000002006,'Student',NULL,NULL,'Y'),(0000049956,00002498,0000001878,'Student',NULL,NULL,'Y'),(0000049957,00002498,0000001882,'Student',NULL,NULL,'Y'),(0000049958,00002498,0000001897,'Student',NULL,NULL,'Y'),(0000049959,00002498,0000002113,'Student',NULL,NULL,'Y'),(0000049960,00002498,0000002280,'Student',NULL,NULL,'Y'),(0000049961,00002498,0000002327,'Student',NULL,NULL,'Y'),(0000049962,00002498,0000002491,'Student',NULL,NULL,'Y'),(0000049963,00002498,0000002532,'Student',NULL,NULL,'Y'),(0000049964,00002498,0000002495,'Student',NULL,NULL,'Y'),(0000049965,00002497,0000002012,'Student',NULL,NULL,'Y'),(0000049966,00002497,0000001891,'Student',NULL,NULL,'Y'),(0000049967,00002497,0000001888,'Student',NULL,NULL,'Y'),(0000049968,00002497,0000001924,'Student',NULL,NULL,'Y'),(0000049969,00002497,0000002056,'Student',NULL,NULL,'Y'),(0000049970,00002497,0000001977,'Student',NULL,NULL,'Y'),(0000049971,00002497,0000001885,'Student',NULL,NULL,'Y'),(0000049972,00002497,0000001955,'Student',NULL,NULL,'Y'),(0000049973,00002497,0000001986,'Student',NULL,NULL,'Y'),(0000049974,00002497,0000002000,'Student',NULL,NULL,'Y'),(0000049975,00002497,0000001913,'Student',NULL,NULL,'Y'),(0000049976,00002497,0000001898,'Student',NULL,NULL,'Y'),(0000049977,00002497,0000002037,'Student',NULL,NULL,'Y'),(0000049978,00002497,0000001921,'Student',NULL,NULL,'Y'),(0000049979,00002497,0000001918,'Student',NULL,NULL,'Y'),(0000049980,00002497,0000001964,'Student',NULL,NULL,'Y'),(0000049981,00002497,0000001946,'Student',NULL,NULL,'Y'),(0000049982,00002497,0000002135,'Student',NULL,NULL,'Y'),(0000049983,00002497,0000002141,'Student',NULL,NULL,'Y'),(0000049984,00002497,0000002389,'Student',NULL,NULL,'Y'),(0000049985,00002497,0000001937,'Student',NULL,NULL,'Y'),(0000049986,00002497,0000002555,'Student',NULL,NULL,'Y'),(0000049987,00002499,0000002116,'Student',NULL,NULL,'Y'),(0000049988,00002499,0000001928,'Student',NULL,NULL,'Y'),(0000049989,00002499,0000001894,'Student',NULL,NULL,'Y'),(0000049990,00002499,0000001875,'Student',NULL,NULL,'Y'),(0000049991,00002499,0000002093,'Student',NULL,NULL,'Y'),(0000049992,00002499,0000001904,'Student',NULL,NULL,'Y'),(0000049993,00002499,0000001989,'Student',NULL,NULL,'Y'),(0000049994,00002499,0000002019,'Student',NULL,NULL,'Y'),(0000049995,00002499,0000002022,'Student',NULL,NULL,'Y'),(0000049996,00002499,0000002040,'Student',NULL,NULL,'Y'),(0000049997,00002499,0000001911,'Student',NULL,NULL,'Y'),(0000049998,00002499,0000001970,'Student',NULL,NULL,'Y'),(0000049999,00002499,0000001960,'Student',NULL,NULL,'Y'),(0000050000,00002499,0000002029,'Student',NULL,NULL,'Y'),(0000050001,00002499,0000001879,'Student',NULL,NULL,'Y'),(0000050002,00002499,0000002079,'Student',NULL,NULL,'Y'),(0000050003,00002499,0000002076,'Student',NULL,NULL,'Y'),(0000050004,00002499,0000002123,'Student',NULL,NULL,'Y'),(0000050005,00002499,0000002129,'Student',NULL,NULL,'Y'),(0000050006,00002499,0000001931,'Student',NULL,NULL,'Y'),(0000050007,00002499,0000002404,'Student',NULL,NULL,'Y'),(0000050008,00002499,0000001925,'Student',NULL,NULL,'Y'),(0000050009,00002296,0000001593,'Student',NULL,NULL,'Y'),(0000050010,00002296,0000001642,'Student',NULL,NULL,'Y'),(0000050011,00002296,0000001639,'Student',NULL,NULL,'Y'),(0000050012,00002296,0000001744,'Student',NULL,NULL,'Y'),(0000050013,00002296,0000001686,'Student',NULL,NULL,'Y'),(0000050014,00002296,0000001591,'Student',NULL,NULL,'Y'),(0000050015,00002296,0000001600,'Student',NULL,NULL,'Y'),(0000050016,00002296,0000001791,'Student',NULL,NULL,'Y'),(0000050017,00002296,0000001730,'Student',NULL,NULL,'Y'),(0000050018,00002296,0000001761,'Student',NULL,NULL,'Y'),(0000050019,00002296,0000001779,'Student',NULL,NULL,'Y'),(0000050020,00002296,0000001721,'Student',NULL,NULL,'Y'),(0000050021,00002296,0000002097,'Student',NULL,NULL,'Y'),(0000050022,00002296,0000002309,'Student',NULL,NULL,'Y'),(0000050023,00002296,0000002156,'Student',NULL,NULL,'Y'),(0000050024,00002296,0000002719,'Student',NULL,NULL,'Y'),(0000050025,00002296,0000002737,'Student',NULL,NULL,'Y'),(0000050026,00002295,0000001645,'Student',NULL,NULL,'Y'),(0000050027,00002295,0000001677,'Student',NULL,NULL,'Y'),(0000050028,00002295,0000001739,'Student',NULL,NULL,'Y'),(0000050029,00002295,0000001773,'Student',NULL,NULL,'Y'),(0000050030,00002295,0000001627,'Student',NULL,NULL,'Y'),(0000050031,00002295,0000001706,'Student',NULL,NULL,'Y'),(0000050032,00002295,0000001612,'Student',NULL,NULL,'Y'),(0000050033,00002295,0000001735,'Student',NULL,NULL,'Y'),(0000050034,00002295,0000001617,'Student',NULL,NULL,'Y'),(0000050035,00002295,0000001700,'Student',NULL,NULL,'Y'),(0000050036,00002295,0000001828,'Student',NULL,NULL,'Y'),(0000050037,00002295,0000001848,'Student',NULL,NULL,'Y'),(0000050038,00002295,0000002035,'Student',NULL,NULL,'Y'),(0000050039,00002295,0000002087,'Student',NULL,NULL,'Y'),(0000050040,00002295,0000002081,'Student',NULL,NULL,'Y'),(0000050041,00002295,0000002401,'Student',NULL,NULL,'Y'),(0000050042,00002295,0000002488,'Student',NULL,NULL,'Y'),(0000050043,00002295,0000002060,'Student',NULL,NULL,'Y'),(0000050044,00002295,0000002673,'Student',NULL,NULL,'Y'),(0000050045,00002555,0000001858,'Student',NULL,NULL,'Y'),(0000050046,00002555,0000001667,'Student',NULL,NULL,'Y'),(0000050047,00002555,0000001753,'Student',NULL,NULL,'Y'),(0000050048,00002555,0000001713,'Student',NULL,NULL,'Y'),(0000050049,00002555,0000001654,'Student',NULL,NULL,'Y'),(0000050050,00002555,0000001616,'Student',NULL,NULL,'Y'),(0000050051,00002555,0000001609,'Student',NULL,NULL,'Y'),(0000050052,00002555,0000001657,'Student',NULL,NULL,'Y'),(0000050053,00002555,0000001621,'Student',NULL,NULL,'Y'),(0000050054,00002555,0000001628,'Student',NULL,NULL,'Y'),(0000050055,00002555,0000001603,'Student',NULL,NULL,'Y'),(0000050056,00002555,0000001796,'Student',NULL,NULL,'Y'),(0000050057,00002555,0000001831,'Student',NULL,NULL,'Y'),(0000050058,00002555,0000002063,'Student',NULL,NULL,'Y'),(0000050059,00002555,0000002386,'Student',NULL,NULL,'Y'),(0000050060,00002555,0000002441,'Student',NULL,NULL,'Y'),(0000050061,00002555,0000002548,'Student',NULL,NULL,'Y'),(0000050062,00002555,0000002723,'Student',NULL,NULL,'Y'),(0000050063,00002469,0000002299,'Student',NULL,NULL,'Y'),(0000050064,00002469,0000002216,'Student',NULL,NULL,'Y'),(0000050065,00002469,0000002253,'Student',NULL,NULL,'Y'),(0000050066,00002503,0000001878,'Student',NULL,NULL,'Y'),(0000050067,00002503,0000001918,'Student',NULL,NULL,'Y'),(0000050068,00002503,0000002022,'Student',NULL,NULL,'Y'),(0000050069,00002297,0000001667,'Student',NULL,NULL,'Y'),(0000050070,00002297,0000001616,'Student',NULL,NULL,'Y'),(0000050071,00002323,0000001388,'Student',NULL,NULL,'Y'),(0000050072,00002562,0000002212,'Student',NULL,NULL,'Y'),(0000050073,00002562,0000002299,'Student',NULL,NULL,'Y'),(0000050074,00002562,0000002175,'Student',NULL,NULL,'Y'),(0000050075,00002562,0000002330,'Student',NULL,NULL,'Y'),(0000050076,00002562,0000002340,'Student',NULL,NULL,'Y'),(0000050077,00002562,0000002262,'Student',NULL,NULL,'Y'),(0000050078,00002562,0000002296,'Student',NULL,NULL,'Y'),(0000050079,00002562,0000002194,'Student',NULL,NULL,'Y'),(0000050080,00002562,0000002250,'Student',NULL,NULL,'Y'),(0000050081,00002562,0000002293,'Student',NULL,NULL,'Y'),(0000050082,00002562,0000002268,'Student',NULL,NULL,'Y'),(0000050083,00002562,0000002247,'Student',NULL,NULL,'Y'),(0000050084,00002562,0000002200,'Student',NULL,NULL,'Y'),(0000050085,00002562,0000002190,'Student',NULL,NULL,'Y'),(0000050086,00002562,0000002160,'Student',NULL,NULL,'Y'),(0000050087,00002562,0000002420,'Student',NULL,NULL,'Y'),(0000050088,00002562,0000002523,'Student',NULL,NULL,'Y'),(0000050089,00002562,0000002271,'Student',NULL,NULL,'Y'),(0000050090,00002562,0000002514,'Student',NULL,NULL,'Y'),(0000050091,00002562,0000002520,'Student',NULL,NULL,'Y'),(0000050092,00002564,0000002206,'Student',NULL,NULL,'Y'),(0000050093,00002564,0000002253,'Student',NULL,NULL,'Y'),(0000050094,00002564,0000002166,'Student',NULL,NULL,'Y'),(0000050095,00002564,0000002383,'Student',NULL,NULL,'Y'),(0000050096,00002564,0000002333,'Student',NULL,NULL,'Y'),(0000050097,00002564,0000002233,'Student',NULL,NULL,'Y'),(0000050098,00002564,0000002232,'Student',NULL,NULL,'Y'),(0000050099,00002564,0000002374,'Student',NULL,NULL,'Y'),(0000050100,00002564,0000002265,'Student',NULL,NULL,'Y'),(0000050101,00002564,0000002511,'Student',NULL,NULL,'Y'),(0000050102,00002564,0000002501,'Student',NULL,NULL,'Y'),(0000050103,00002564,0000002215,'Student',NULL,NULL,'Y'),(0000050104,00002564,0000002243,'Student',NULL,NULL,'Y'),(0000050105,00002564,0000002203,'Student',NULL,NULL,'Y'),(0000050106,00002564,0000002283,'Student',NULL,NULL,'Y'),(0000050107,00002563,0000002231,'Student',NULL,NULL,'Y'),(0000050108,00002563,0000002169,'Student',NULL,NULL,'Y'),(0000050109,00002563,0000002150,'Student',NULL,NULL,'Y'),(0000050110,00002563,0000002323,'Student',NULL,NULL,'Y'),(0000050111,00002563,0000002395,'Student',NULL,NULL,'Y'),(0000050112,00002563,0000002216,'Student',NULL,NULL,'Y'),(0000050113,00002563,0000002334,'Student',NULL,NULL,'Y'),(0000050114,00002563,0000002239,'Student',NULL,NULL,'Y'),(0000050115,00002563,0000002236,'Student',NULL,NULL,'Y'),(0000050116,00002563,0000002529,'Student',NULL,NULL,'Y'),(0000050117,00002563,0000002517,'Student',NULL,NULL,'Y'),(0000050118,00002563,0000002504,'Student',NULL,NULL,'Y'),(0000050119,00002561,0000002360,'Student',NULL,NULL,'Y'),(0000050120,00002561,0000002364,'Student',NULL,NULL,'Y'),(0000050121,00002561,0000002277,'Student',NULL,NULL,'Y'),(0000050122,00002561,0000002498,'Student',NULL,NULL,'Y'),(0000050123,00002561,0000002348,'Student',NULL,NULL,'Y'),(0000050124,00002561,0000002193,'Student',NULL,NULL,'Y'),(0000050125,00002561,0000002187,'Student',NULL,NULL,'Y'),(0000050126,00002561,0000002302,'Student',NULL,NULL,'Y'),(0000050127,00002561,0000002178,'Student',NULL,NULL,'Y'),(0000050128,00002561,0000002172,'Student',NULL,NULL,'Y'),(0000050129,00002561,0000002319,'Student',NULL,NULL,'Y'),(0000050130,00002561,0000002526,'Student',NULL,NULL,'Y'),(0000050131,00002561,0000002508,'Student',NULL,NULL,'Y'),(0000050132,00002561,0000002505,'Student',NULL,NULL,'Y'),(0000050133,00002561,0000002371,'Student',NULL,NULL,'Y'),(0000050134,00002561,0000002163,'Student',NULL,NULL,'Y'),(0000050135,00002561,0000002535,'Student',NULL,NULL,'Y'),(0000050136,00002561,0000002537,'Student',NULL,NULL,'Y'),(0000050137,00002561,0000002545,'Student',NULL,NULL,'Y'),(0000050138,00002568,0000002129,'Student',NULL,NULL,'Y'),(0000050139,00002568,0000002012,'Student',NULL,NULL,'Y'),(0000050140,00002568,0000001934,'Student',NULL,NULL,'Y'),(0000050141,00002568,0000001875,'Student',NULL,NULL,'Y'),(0000050142,00002568,0000001888,'Student',NULL,NULL,'Y'),(0000050143,00002568,0000002056,'Student',NULL,NULL,'Y'),(0000050144,00002568,0000002019,'Student',NULL,NULL,'Y'),(0000050145,00002568,0000001986,'Student',NULL,NULL,'Y'),(0000050146,00002568,0000001870,'Student',NULL,NULL,'Y'),(0000050147,00002568,0000002022,'Student',NULL,NULL,'Y'),(0000050148,00002568,0000001901,'Student',NULL,NULL,'Y'),(0000050149,00002568,0000001914,'Student',NULL,NULL,'Y'),(0000050150,00002568,0000001864,'Student',NULL,NULL,'Y'),(0000050151,00002568,0000002029,'Student',NULL,NULL,'Y'),(0000050152,00002568,0000001882,'Student',NULL,NULL,'Y'),(0000050153,00002568,0000002389,'Student',NULL,NULL,'Y'),(0000050154,00002568,0000001928,'Student',NULL,NULL,'Y'),(0000050155,00002568,0000002280,'Student',NULL,NULL,'Y'),(0000050156,00002568,0000002404,'Student',NULL,NULL,'Y'),(0000050157,00002568,0000002491,'Student',NULL,NULL,'Y'),(0000050158,00002565,0000001898,'Student',NULL,NULL,'Y'),(0000050159,00002565,0000001921,'Student',NULL,NULL,'Y'),(0000050160,00002565,0000001894,'Student',NULL,NULL,'Y'),(0000050161,00002565,0000002123,'Student',NULL,NULL,'Y'),(0000050162,00002565,0000002009,'Student',NULL,NULL,'Y'),(0000050163,00002565,0000001992,'Student',NULL,NULL,'Y'),(0000050164,00002565,0000001924,'Student',NULL,NULL,'Y'),(0000050165,00002565,0000001995,'Student',NULL,NULL,'Y'),(0000050166,00002565,0000001989,'Student',NULL,NULL,'Y'),(0000050167,00002565,0000001980,'Student',NULL,NULL,'Y'),(0000050168,00002565,0000001925,'Student',NULL,NULL,'Y'),(0000050169,00002565,0000002037,'Student',NULL,NULL,'Y'),(0000050170,00002565,0000002006,'Student',NULL,NULL,'Y'),(0000050171,00002565,0000001918,'Student',NULL,NULL,'Y'),(0000050172,00002565,0000001964,'Student',NULL,NULL,'Y'),(0000050173,00002565,0000001878,'Student',NULL,NULL,'Y'),(0000050174,00002565,0000002135,'Student',NULL,NULL,'Y'),(0000050175,00002565,0000001897,'Student',NULL,NULL,'Y'),(0000050176,00002565,0000002076,'Student',NULL,NULL,'Y'),(0000050177,00002565,0000002555,'Student',NULL,NULL,'Y'),(0000050178,00002566,0000002093,'Student',NULL,NULL,'Y'),(0000050179,00002566,0000001977,'Student',NULL,NULL,'Y'),(0000050180,00002566,0000001974,'Student',NULL,NULL,'Y'),(0000050181,00002566,0000001885,'Student',NULL,NULL,'Y'),(0000050182,00002566,0000001913,'Student',NULL,NULL,'Y'),(0000050183,00002566,0000001937,'Student',NULL,NULL,'Y'),(0000050184,00002566,0000002116,'Student',NULL,NULL,'Y'),(0000050185,00002566,0000002079,'Student',NULL,NULL,'Y'),(0000050186,00002566,0000001946,'Student',NULL,NULL,'Y'),(0000050187,00002567,0000001904,'Student',NULL,NULL,'Y'),(0000050188,00002567,0000002040,'Student',NULL,NULL,'Y'),(0000050189,00002567,0000001911,'Student',NULL,NULL,'Y'),(0000050190,00002567,0000001970,'Student',NULL,NULL,'Y'),(0000050191,00002567,0000001960,'Student',NULL,NULL,'Y'),(0000050192,00002567,0000001879,'Student',NULL,NULL,'Y'),(0000050193,00002567,0000001891,'Student',NULL,NULL,'Y'),(0000050194,00002567,0000001955,'Student',NULL,NULL,'Y'),(0000050195,00002567,0000001905,'Student',NULL,NULL,'Y'),(0000050196,00002567,0000001983,'Student',NULL,NULL,'Y'),(0000050197,00002567,0000001931,'Student',NULL,NULL,'Y'),(0000050198,00002567,0000002141,'Student',NULL,NULL,'Y'),(0000050199,00002567,0000001915,'Student',NULL,NULL,'Y'),(0000050200,00002567,0000002000,'Student',NULL,NULL,'Y'),(0000050201,00002567,0000002327,'Student',NULL,NULL,'Y'),(0000050202,00002567,0000002113,'Student',NULL,NULL,'Y'),(0000050203,00002567,0000002532,'Student',NULL,NULL,'Y'),(0000050204,00002567,0000002495,'Student',NULL,NULL,'Y'),(0000050205,00002571,0000002386,'Student',NULL,NULL,'Y'),(0000050206,00002571,0000001593,'Student',NULL,NULL,'Y'),(0000050207,00002571,0000001744,'Student',NULL,NULL,'Y'),(0000050208,00002571,0000001591,'Student',NULL,NULL,'Y'),(0000050209,00002571,0000001713,'Student',NULL,NULL,'Y'),(0000050210,00002571,0000001753,'Student',NULL,NULL,'Y'),(0000050211,00002571,0000001617,'Student',NULL,NULL,'Y'),(0000050212,00002571,0000001654,'Student',NULL,NULL,'Y'),(0000050213,00002571,0000001612,'Student',NULL,NULL,'Y'),(0000050214,00002571,0000001796,'Student',NULL,NULL,'Y'),(0000050215,00002571,0000001627,'Student',NULL,NULL,'Y'),(0000050216,00002571,0000001616,'Student',NULL,NULL,'Y'),(0000050217,00002571,0000001773,'Student',NULL,NULL,'Y'),(0000050218,00002571,0000001761,'Student',NULL,NULL,'Y'),(0000050219,00002571,0000001739,'Student',NULL,NULL,'Y'),(0000050220,00002571,0000001628,'Student',NULL,NULL,'Y'),(0000050221,00002571,0000001828,'Student',NULL,NULL,'Y'),(0000050222,00002571,0000001779,'Student',NULL,NULL,'Y'),(0000050223,00002571,0000001657,'Student',NULL,NULL,'Y'),(0000050224,00002571,0000002156,'Student',NULL,NULL,'Y'),(0000050225,00002571,0000001603,'Student',NULL,NULL,'Y'),(0000050226,00002571,0000002548,'Student',NULL,NULL,'Y'),(0000050227,00002571,0000002719,'Student',NULL,NULL,'Y'),(0000050228,00002571,0000002723,'Student',NULL,NULL,'Y'),(0000050229,00002590,0000002063,'Student',NULL,NULL,'Y'),(0000050230,00002590,0000001706,'Student',NULL,NULL,'Y'),(0000050231,00002590,0000001645,'Student',NULL,NULL,'Y'),(0000050232,00002590,0000001721,'Student',NULL,NULL,'Y'),(0000050233,00002590,0000001848,'Student',NULL,NULL,'Y'),(0000050234,00002590,0000001858,'Student',NULL,NULL,'Y'),(0000050235,00002590,0000001735,'Student',NULL,NULL,'Y'),(0000050236,00002590,0000001831,'Student',NULL,NULL,'Y'),(0000050237,00002590,0000001609,'Student',NULL,NULL,'Y'),(0000050238,00002590,0000001801,'Student',NULL,NULL,'Y'),(0000050239,00002590,0000001621,'Student',NULL,NULL,'Y'),(0000050240,00002590,0000002401,'Student',NULL,NULL,'Y'),(0000050241,00002590,0000002488,'Student',NULL,NULL,'Y'),(0000050242,00002572,0000001639,'Student',NULL,NULL,'Y'),(0000050243,00002572,0000001642,'Student',NULL,NULL,'Y'),(0000050244,00002572,0000002081,'Student',NULL,NULL,'Y'),(0000050245,00002572,0000001686,'Student',NULL,NULL,'Y'),(0000050246,00002572,0000002033,'Student',NULL,NULL,'Y'),(0000050247,00002572,0000002309,'Student',NULL,NULL,'Y'),(0000050248,00002572,0000001700,'Student',NULL,NULL,'Y'),(0000050249,00002572,0000001600,'Student',NULL,NULL,'Y'),(0000050250,00002572,0000001791,'Student',NULL,NULL,'Y'),(0000050251,00002572,0000001730,'Student',NULL,NULL,'Y'),(0000050252,00002572,0000001667,'Student',NULL,NULL,'Y'),(0000050253,00002572,0000002097,'Student',NULL,NULL,'Y'),(0000050254,00002572,0000002066,'Student',NULL,NULL,'Y'),(0000050255,00002572,0000001677,'Student',NULL,NULL,'Y'),(0000050256,00002572,0000002035,'Student',NULL,NULL,'Y'),(0000050257,00002572,0000002087,'Student',NULL,NULL,'Y'),(0000050258,00002572,0000002060,'Student',NULL,NULL,'Y'),(0000050259,00002572,0000002673,'Student',NULL,NULL,'Y'),(0000050260,00002572,0000002441,'Student',NULL,NULL,'Y'),(0000050261,00002572,0000002737,'Student',NULL,NULL,'Y'),(0000050262,00002575,0000001486,'Student',NULL,NULL,'Y'),(0000050263,00002575,0000001430,'Student',NULL,NULL,'Y'),(0000050264,00002575,0000001367,'Student',NULL,NULL,'Y'),(0000050265,00002575,0000001440,'Student',NULL,NULL,'Y'),(0000050266,00002575,0000001520,'Student',NULL,NULL,'Y'),(0000050267,00002575,0000001845,'Student',NULL,NULL,'Y'),(0000050268,00002575,0000002490,'Student',NULL,NULL,'Y'),(0000050269,00002575,0000002541,'Student',NULL,NULL,'Y'),(0000050270,00002575,0000002407,'Student',NULL,NULL,'Y'),(0000050271,00002575,0000000876,'Student',NULL,NULL,'Y'),(0000050272,00002576,0000001355,'Student',NULL,NULL,'Y'),(0000050273,00002576,0000001410,'Student',NULL,NULL,'Y'),(0000050274,00002576,0000001471,'Student',NULL,NULL,'Y'),(0000050275,00002576,0000001416,'Student',NULL,NULL,'Y'),(0000050276,00002576,0000001393,'Student',NULL,NULL,'Y'),(0000050277,00002576,0000001399,'Student',NULL,NULL,'Y'),(0000050278,00002576,0000001483,'Student',NULL,NULL,'Y'),(0000050279,00002576,0000001631,'Student',NULL,NULL,'Y'),(0000050280,00002576,0000001374,'Student',NULL,NULL,'Y'),(0000050281,00002576,0000001507,'Student',NULL,NULL,'Y'),(0000050282,00002576,0000001388,'Student',NULL,NULL,'Y'),(0000050283,00002576,0000001571,'Student',NULL,NULL,'Y'),(0000050284,00002576,0000001396,'Student',NULL,NULL,'Y'),(0000050285,00002576,0000002286,'Student',NULL,NULL,'Y'),(0000050286,00002576,0000002306,'Student',NULL,NULL,'Y'),(0000050287,00002576,0000001352,'Student',NULL,NULL,'Y'),(0000050288,00002576,0000002316,'Student',NULL,NULL,'Y'),(0000050289,00002576,0000002398,'Student',NULL,NULL,'Y'),(0000050290,00002576,0000001358,'Student',NULL,NULL,'Y'),(0000050291,00002576,0000002357,'Student',NULL,NULL,'Y'),(0000050292,00002574,0000001377,'Student',NULL,NULL,'Y'),(0000050293,00002574,0000001391,'Student',NULL,NULL,'Y'),(0000050294,00002574,0000001424,'Student',NULL,NULL,'Y'),(0000050295,00002574,0000001400,'Student',NULL,NULL,'Y'),(0000050296,00002574,0000001492,'Student',NULL,NULL,'Y'),(0000050297,00002574,0000001403,'Student',NULL,NULL,'Y'),(0000050298,00002574,0000001445,'Student',NULL,NULL,'Y'),(0000050299,00002574,0000001477,'Student',NULL,NULL,'Y'),(0000050300,00002574,0000001538,'Student',NULL,NULL,'Y'),(0000050301,00002574,0000001692,'Student',NULL,NULL,'Y'),(0000050302,00002574,0000001585,'Student',NULL,NULL,'Y'),(0000050303,00002574,0000001427,'Student',NULL,NULL,'Y'),(0000050304,00002574,0000002084,'Student',NULL,NULL,'Y'),(0000050305,00002574,0000001710,'Student',NULL,NULL,'Y'),(0000050306,00002574,0000002380,'Student',NULL,NULL,'Y'),(0000050307,00002574,0000002444,'Student',NULL,NULL,'Y'),(0000050308,00002574,0000001364,'Student',NULL,NULL,'Y'),(0000050309,00002574,0000001465,'Student',NULL,NULL,'Y'),(0000050310,00002574,0000001867,'Student',NULL,NULL,'Y'),(0000050311,00002574,0000002729,'Student',NULL,NULL,'Y'),(0000050312,00002389,0000000905,'Student',NULL,NULL,'Y'),(0000050313,00002389,0000000931,'Student',NULL,NULL,'Y'),(0000050314,00002389,0000001016,'Student',NULL,NULL,'Y'),(0000050315,00002389,0000001022,'Student',NULL,NULL,'Y'),(0000050316,00002389,0000000925,'Student',NULL,NULL,'Y'),(0000050317,00002389,0000001019,'Student',NULL,NULL,'Y'),(0000050318,00002390,0000000928,'Student',NULL,NULL,'Y'),(0000050319,00002390,0000000897,'Student',NULL,NULL,'Y'),(0000050320,00002390,0000000937,'Student',NULL,NULL,'Y'),(0000050321,00002390,0000002392,'Student',NULL,NULL,'Y'),(0000050322,00002390,0000001008,'Student',NULL,NULL,'Y'),(0000050323,00002390,0000002184,'Student',NULL,NULL,'Y'),(0000050324,00002327,0000001352,'Student',NULL,NULL,'Y'),(0000050325,00002327,0000001400,'Student',NULL,NULL,'Y'),(0000050326,00002327,0000001571,'Student',NULL,NULL,'Y'),(0000050327,00002327,0000001396,'Student',NULL,NULL,'Y'),(0000050328,00002327,0000001358,'Student',NULL,NULL,'Y'),(0000050329,00002327,0000001374,'Student',NULL,NULL,'Y'),(0000050330,00002327,0000001471,'Student',NULL,NULL,'Y'),(0000050331,00002327,0000001391,'Student',NULL,NULL,'Y'),(0000050332,00002327,0000001483,'Student',NULL,NULL,'Y'),(0000050333,00002327,0000001388,'Student',NULL,NULL,'Y'),(0000050334,00002327,0000002357,'Student',NULL,NULL,'Y'),(0000050335,00002327,0000002306,'Student',NULL,NULL,'Y'),(0000050336,00002327,0000001845,'Student',NULL,NULL,'Y'),(0000050337,00002327,0000001427,'Student',NULL,NULL,'Y'),(0000050338,00002327,0000001399,'Student',NULL,NULL,'Y'),(0000050339,00002327,0000002407,'Student',NULL,NULL,'Y'),(0000050340,00002327,0000002444,'Student',NULL,NULL,'Y'),(0000050341,00002391,0000000964,'Student',NULL,NULL,'Y'),(0000050342,00002391,0000000934,'Student',NULL,NULL,'Y'),(0000050343,00002391,0000001819,'Student',NULL,NULL,'Y'),(0000050344,00002391,0000000913,'Student',NULL,NULL,'Y'),(0000050345,00002391,0000000922,'Student',NULL,NULL,'Y'),(0000050346,00002509,0000001915,'Student',NULL,NULL,'Y'),(0000050347,00002509,0000001934,'Student',NULL,NULL,'Y'),(0000050348,00002509,0000002009,'Student',NULL,NULL,'Y'),(0000050349,00002509,0000001992,'Student',NULL,NULL,'Y'),(0000050350,00002509,0000001974,'Student',NULL,NULL,'Y'),(0000050351,00002509,0000001995,'Student',NULL,NULL,'Y'),(0000050352,00002509,0000001983,'Student',NULL,NULL,'Y'),(0000050353,00002509,0000001870,'Student',NULL,NULL,'Y'),(0000050354,00002509,0000001901,'Student',NULL,NULL,'Y'),(0000050355,00002509,0000001914,'Student',NULL,NULL,'Y'),(0000050356,00002509,0000001980,'Student',NULL,NULL,'Y'),(0000050357,00002509,0000001864,'Student',NULL,NULL,'Y'),(0000050358,00002509,0000002006,'Student',NULL,NULL,'Y'),(0000050359,00002509,0000001878,'Student',NULL,NULL,'Y'),(0000050360,00002509,0000001882,'Student',NULL,NULL,'Y'),(0000050361,00002509,0000001897,'Student',NULL,NULL,'Y'),(0000050362,00002509,0000002113,'Student',NULL,NULL,'Y'),(0000050363,00002509,0000002280,'Student',NULL,NULL,'Y'),(0000050364,00002509,0000002327,'Student',NULL,NULL,'Y'),(0000050365,00002509,0000002491,'Student',NULL,NULL,'Y'),(0000050366,00002509,0000002532,'Student',NULL,NULL,'Y'),(0000050367,00002509,0000002495,'Student',NULL,NULL,'Y'),(0000050368,00002508,0000002012,'Student',NULL,NULL,'Y'),(0000050369,00002508,0000001891,'Student',NULL,NULL,'Y'),(0000050370,00002508,0000001888,'Student',NULL,NULL,'Y'),(0000050371,00002508,0000001905,'Student',NULL,NULL,'Y'),(0000050372,00002508,0000001924,'Student',NULL,NULL,'Y'),(0000050373,00002508,0000002056,'Student',NULL,NULL,'Y'),(0000050374,00002508,0000001977,'Student',NULL,NULL,'Y'),(0000050375,00002508,0000001885,'Student',NULL,NULL,'Y'),(0000050376,00002508,0000001955,'Student',NULL,NULL,'Y'),(0000050377,00002508,0000001986,'Student',NULL,NULL,'Y'),(0000050378,00002508,0000002000,'Student',NULL,NULL,'Y'),(0000050379,00002508,0000001913,'Student',NULL,NULL,'Y'),(0000050380,00002508,0000001898,'Student',NULL,NULL,'Y'),(0000050381,00002508,0000002037,'Student',NULL,NULL,'Y'),(0000050382,00002508,0000001921,'Student',NULL,NULL,'Y'),(0000050383,00002508,0000001918,'Student',NULL,NULL,'Y'),(0000050384,00002508,0000001964,'Student',NULL,NULL,'Y'),(0000050385,00002508,0000001946,'Student',NULL,NULL,'Y'),(0000050386,00002508,0000002135,'Student',NULL,NULL,'Y'),(0000050387,00002508,0000002141,'Student',NULL,NULL,'Y'),(0000050388,00002508,0000002389,'Student',NULL,NULL,'Y'),(0000050389,00002508,0000001937,'Student',NULL,NULL,'Y'),(0000050390,00002508,0000002555,'Student',NULL,NULL,'Y'),(0000050391,00002510,0000002116,'Student',NULL,NULL,'Y'),(0000050392,00002510,0000001928,'Student',NULL,NULL,'Y'),(0000050393,00002510,0000001894,'Student',NULL,NULL,'Y'),(0000050394,00002510,0000001875,'Student',NULL,NULL,'Y'),(0000050395,00002510,0000002093,'Student',NULL,NULL,'Y'),(0000050396,00002510,0000001904,'Student',NULL,NULL,'Y'),(0000050397,00002510,0000001989,'Student',NULL,NULL,'Y'),(0000050398,00002510,0000002019,'Student',NULL,NULL,'Y'),(0000050399,00002510,0000002022,'Student',NULL,NULL,'Y'),(0000050400,00002510,0000002040,'Student',NULL,NULL,'Y'),(0000050401,00002510,0000001911,'Student',NULL,NULL,'Y'),(0000050402,00002510,0000001970,'Student',NULL,NULL,'Y'),(0000050403,00002510,0000001960,'Student',NULL,NULL,'Y'),(0000050404,00002510,0000002029,'Student',NULL,NULL,'Y'),(0000050405,00002510,0000001879,'Student',NULL,NULL,'Y'),(0000050406,00002510,0000002079,'Student',NULL,NULL,'Y'),(0000050407,00002510,0000002076,'Student',NULL,NULL,'Y'),(0000050408,00002510,0000002123,'Student',NULL,NULL,'Y'),(0000050409,00002510,0000002129,'Student',NULL,NULL,'Y'),(0000050410,00002510,0000001931,'Student',NULL,NULL,'Y'),(0000050411,00002510,0000002404,'Student',NULL,NULL,'Y'),(0000050412,00002510,0000001925,'Student',NULL,NULL,'Y'),(0000050413,00002303,0000001593,'Student',NULL,NULL,'Y'),(0000050414,00002303,0000001642,'Student',NULL,NULL,'Y'),(0000050415,00002303,0000001639,'Student',NULL,NULL,'Y'),(0000050416,00002303,0000001744,'Student',NULL,NULL,'Y'),(0000050417,00002303,0000001686,'Student',NULL,NULL,'Y'),(0000050418,00002303,0000001591,'Student',NULL,NULL,'Y'),(0000050419,00002303,0000001600,'Student',NULL,NULL,'Y'),(0000050420,00002303,0000001791,'Student',NULL,NULL,'Y'),(0000050421,00002303,0000001730,'Student',NULL,NULL,'Y'),(0000050422,00002303,0000001801,'Student',NULL,NULL,'Y'),(0000050423,00002303,0000001761,'Student',NULL,NULL,'Y'),(0000050424,00002303,0000001779,'Student',NULL,NULL,'Y'),(0000050425,00002303,0000001721,'Student',NULL,NULL,'Y'),(0000050426,00002303,0000002033,'Student',NULL,NULL,'Y'),(0000050427,00002303,0000002097,'Student',NULL,NULL,'Y'),(0000050428,00002303,0000002309,'Student',NULL,NULL,'Y'),(0000050429,00002303,0000002156,'Student',NULL,NULL,'Y'),(0000050430,00002303,0000002719,'Student',NULL,NULL,'Y'),(0000050431,00002303,0000002737,'Student',NULL,NULL,'Y'),(0000050432,00002302,0000001645,'Student',NULL,NULL,'Y'),(0000050433,00002302,0000001700,'Student',NULL,NULL,'Y'),(0000050434,00002302,0000001617,'Student',NULL,NULL,'Y'),(0000050435,00002302,0000001735,'Student',NULL,NULL,'Y'),(0000050436,00002302,0000001612,'Student',NULL,NULL,'Y'),(0000050437,00002302,0000001706,'Student',NULL,NULL,'Y'),(0000050438,00002302,0000001627,'Student',NULL,NULL,'Y'),(0000050439,00002302,0000001773,'Student',NULL,NULL,'Y'),(0000050440,00002302,0000001739,'Student',NULL,NULL,'Y'),(0000050441,00002302,0000001677,'Student',NULL,NULL,'Y'),(0000050442,00002302,0000001828,'Student',NULL,NULL,'Y'),(0000050443,00002302,0000001848,'Student',NULL,NULL,'Y'),(0000050444,00002302,0000002035,'Student',NULL,NULL,'Y'),(0000050445,00002302,0000002066,'Student',NULL,NULL,'Y'),(0000050446,00002302,0000002087,'Student',NULL,NULL,'Y'),(0000050447,00002302,0000002081,'Student',NULL,NULL,'Y'),(0000050448,00002302,0000002401,'Student',NULL,NULL,'Y'),(0000050449,00002302,0000002488,'Student',NULL,NULL,'Y'),(0000050450,00002302,0000002060,'Student',NULL,NULL,'Y'),(0000050451,00002302,0000002673,'Student',NULL,NULL,'Y'),(0000050452,00002581,0000001858,'Student',NULL,NULL,'Y'),(0000050453,00002581,0000001796,'Student',NULL,NULL,'Y'),(0000050454,00002581,0000001667,'Student',NULL,NULL,'Y'),(0000050455,00002581,0000001753,'Student',NULL,NULL,'Y'),(0000050456,00002581,0000001713,'Student',NULL,NULL,'Y'),(0000050457,00002581,0000001654,'Student',NULL,NULL,'Y'),(0000050458,00002581,0000001616,'Student',NULL,NULL,'Y'),(0000050459,00002581,0000001609,'Student',NULL,NULL,'Y'),(0000050460,00002581,0000001657,'Student',NULL,NULL,'Y'),(0000050461,00002581,0000001621,'Student',NULL,NULL,'Y'),(0000050462,00002581,0000001628,'Student',NULL,NULL,'Y'),(0000050463,00002581,0000001603,'Student',NULL,NULL,'Y'),(0000050464,00002581,0000001831,'Student',NULL,NULL,'Y'),(0000050465,00002581,0000002063,'Student',NULL,NULL,'Y'),(0000050466,00002581,0000002386,'Student',NULL,NULL,'Y'),(0000050467,00002581,0000002441,'Student',NULL,NULL,'Y'),(0000050468,00002581,0000002548,'Student',NULL,NULL,'Y'),(0000050469,00002581,0000002723,'Student',NULL,NULL,'Y'),(0000050508,00002358,0000001276,'Student',NULL,NULL,'Y'),(0000050509,00002358,0000001275,'Student',NULL,NULL,'Y'),(0000050510,00002358,0000001251,'Student',NULL,NULL,'Y'),(0000050511,00002358,0000001163,'Student',NULL,NULL,'Y'),(0000050512,00002358,0000001226,'Student',NULL,NULL,'Y'),(0000050513,00002358,0000001222,'Student',NULL,NULL,'Y'),(0000050514,00002358,0000001182,'Student',NULL,NULL,'Y'),(0000050515,00002358,0000001166,'Student',NULL,NULL,'Y'),(0000050516,00002358,0000001178,'Student',NULL,NULL,'Y'),(0000050517,00002358,0000001263,'Student',NULL,NULL,'Y'),(0000050518,00002358,0000001214,'Student',NULL,NULL,'Y'),(0000050519,00002358,0000001204,'Student',NULL,NULL,'Y'),(0000050520,00002358,0000001245,'Student',NULL,NULL,'Y'),(0000050521,00002358,0000001200,'Student',NULL,NULL,'Y'),(0000050522,00002358,0000001680,'Student',NULL,NULL,'Y'),(0000050523,00002358,0000001193,'Student',NULL,NULL,'Y'),(0000050524,00002358,0000001154,'Student',NULL,NULL,'Y'),(0000050525,00002358,0000001259,'Student',NULL,NULL,'Y'),(0000050526,00002358,0000001233,'Student',NULL,NULL,'Y'),(0000050527,00002358,0000002109,'Student',NULL,NULL,'Y'),(0000050528,00002358,0000002100,'Student',NULL,NULL,'Y'),(0000050529,00002357,0000001548,'Student',NULL,NULL,'Y'),(0000050530,00002357,0000001814,'Student',NULL,NULL,'Y'),(0000050531,00002357,0000001254,'Student',NULL,NULL,'Y'),(0000050532,00002357,0000001528,'Student',NULL,NULL,'Y'),(0000050533,00002357,0000001201,'Student',NULL,NULL,'Y'),(0000050534,00002357,0000002090,'Student',NULL,NULL,'Y'),(0000050535,00002357,0000001157,'Student',NULL,NULL,'Y'),(0000050536,00002357,0000001236,'Student',NULL,NULL,'Y'),(0000050537,00002357,0000001257,'Student',NULL,NULL,'Y'),(0000050538,00002357,0000001191,'Student',NULL,NULL,'Y'),(0000050539,00002357,0000001160,'Student',NULL,NULL,'Y'),(0000050540,00002357,0000001207,'Student',NULL,NULL,'Y'),(0000050541,00002357,0000001242,'Student',NULL,NULL,'Y'),(0000050542,00002357,0000001179,'Student',NULL,NULL,'Y'),(0000050543,00002357,0000002120,'Student',NULL,NULL,'Y'),(0000050544,00002357,0000002103,'Student',NULL,NULL,'Y'),(0000050545,00002357,0000002138,'Student',NULL,NULL,'Y'),(0000050546,00002357,0000002145,'Student',NULL,NULL,'Y'),(0000050547,00002393,0000000922,'Student',NULL,NULL,'Y'),(0000050548,00002393,0000001008,'Student',NULL,NULL,'Y'),(0000050549,00002393,0000000934,'Student',NULL,NULL,'Y'),(0000050550,00002393,0000000931,'Student',NULL,NULL,'Y'),(0000050551,00002393,0000000913,'Student',NULL,NULL,'Y'),(0000050552,00002393,0000000925,'Student',NULL,NULL,'Y'),(0000050553,00002393,0000000905,'Student',NULL,NULL,'Y'),(0000050554,00002393,0000001016,'Student',NULL,NULL,'Y'),(0000050555,00002394,0000000931,'Student',NULL,NULL,'Y'),(0000050556,00002395,0000000905,'Student',NULL,NULL,'Y'),(0000050557,00002395,0000000931,'Student',NULL,NULL,'Y'),(0000050558,00002395,0000001016,'Student',NULL,NULL,'Y'),(0000050559,00002395,0000001022,'Student',NULL,NULL,'Y'),(0000050560,00002395,0000001019,'Student',NULL,NULL,'Y'),(0000050561,00002392,0000002184,'Student',NULL,NULL,'Y'),(0000050562,00002396,0000000928,'Student',NULL,NULL,'Y'),(0000050563,00002396,0000000922,'Student',NULL,NULL,'Y'),(0000050564,00002396,0000000925,'Student',NULL,NULL,'Y'),(0000050565,00002396,0000000897,'Student',NULL,NULL,'Y'),(0000050566,00002396,0000000913,'Student',NULL,NULL,'Y'),(0000050567,00002396,0000000934,'Student',NULL,NULL,'Y'),(0000050568,00002396,0000000937,'Student',NULL,NULL,'Y'),(0000050569,00002396,0000001819,'Student',NULL,NULL,'Y'),(0000050570,00002396,0000002392,'Student',NULL,NULL,'Y'),(0000050571,00002396,0000000876,'Student',NULL,NULL,'Y'),(0000050572,00002396,0000000964,'Student',NULL,NULL,'Y'),(0000050573,00002512,0000001915,'Student',NULL,NULL,'Y'),(0000050574,00002512,0000001934,'Student',NULL,NULL,'Y'),(0000050575,00002512,0000002009,'Student',NULL,NULL,'Y'),(0000050576,00002512,0000001992,'Student',NULL,NULL,'Y'),(0000050577,00002512,0000001974,'Student',NULL,NULL,'Y'),(0000050578,00002512,0000001995,'Student',NULL,NULL,'Y'),(0000050579,00002512,0000001983,'Student',NULL,NULL,'Y'),(0000050580,00002512,0000001870,'Student',NULL,NULL,'Y'),(0000050581,00002512,0000001901,'Student',NULL,NULL,'Y'),(0000050582,00002512,0000001914,'Student',NULL,NULL,'Y'),(0000050583,00002512,0000001980,'Student',NULL,NULL,'Y'),(0000050584,00002512,0000001864,'Student',NULL,NULL,'Y'),(0000050585,00002512,0000002006,'Student',NULL,NULL,'Y'),(0000050586,00002512,0000001878,'Student',NULL,NULL,'Y'),(0000050587,00002512,0000001882,'Student',NULL,NULL,'Y'),(0000050588,00002512,0000001897,'Student',NULL,NULL,'Y'),(0000050589,00002512,0000002113,'Student',NULL,NULL,'Y'),(0000050590,00002512,0000002280,'Student',NULL,NULL,'Y'),(0000050591,00002512,0000002327,'Student',NULL,NULL,'Y'),(0000050592,00002512,0000002491,'Student',NULL,NULL,'Y'),(0000050593,00002512,0000002532,'Student',NULL,NULL,'Y'),(0000050594,00002512,0000002495,'Student',NULL,NULL,'Y'),(0000050595,00002511,0000002012,'Student',NULL,NULL,'Y'),(0000050596,00002511,0000001891,'Student',NULL,NULL,'Y'),(0000050597,00002511,0000001888,'Student',NULL,NULL,'Y'),(0000050598,00002511,0000001905,'Student',NULL,NULL,'Y'),(0000050599,00002511,0000001924,'Student',NULL,NULL,'Y'),(0000050600,00002511,0000002056,'Student',NULL,NULL,'Y'),(0000050601,00002511,0000001977,'Student',NULL,NULL,'Y'),(0000050602,00002511,0000001885,'Student',NULL,NULL,'Y'),(0000050603,00002511,0000001955,'Student',NULL,NULL,'Y'),(0000050604,00002511,0000001986,'Student',NULL,NULL,'Y'),(0000050605,00002511,0000002000,'Student',NULL,NULL,'Y'),(0000050606,00002511,0000001913,'Student',NULL,NULL,'Y'),(0000050607,00002511,0000001898,'Student',NULL,NULL,'Y'),(0000050608,00002511,0000002037,'Student',NULL,NULL,'Y'),(0000050609,00002511,0000001921,'Student',NULL,NULL,'Y'),(0000050610,00002511,0000001918,'Student',NULL,NULL,'Y'),(0000050611,00002511,0000001964,'Student',NULL,NULL,'Y'),(0000050612,00002511,0000001946,'Student',NULL,NULL,'Y'),(0000050613,00002511,0000002135,'Student',NULL,NULL,'Y'),(0000050614,00002511,0000002141,'Student',NULL,NULL,'Y'),(0000050615,00002511,0000002389,'Student',NULL,NULL,'Y'),(0000050616,00002511,0000001937,'Student',NULL,NULL,'Y'),(0000050617,00002511,0000002555,'Student',NULL,NULL,'Y'),(0000050618,00002513,0000002116,'Student',NULL,NULL,'Y'),(0000050619,00002513,0000001928,'Student',NULL,NULL,'Y'),(0000050620,00002513,0000001894,'Student',NULL,NULL,'Y'),(0000050621,00002513,0000001875,'Student',NULL,NULL,'Y'),(0000050622,00002513,0000002093,'Student',NULL,NULL,'Y'),(0000050623,00002513,0000001904,'Student',NULL,NULL,'Y'),(0000050624,00002513,0000001989,'Student',NULL,NULL,'Y'),(0000050625,00002513,0000002019,'Student',NULL,NULL,'Y'),(0000050626,00002513,0000002022,'Student',NULL,NULL,'Y'),(0000050627,00002513,0000002040,'Student',NULL,NULL,'Y'),(0000050628,00002513,0000001911,'Student',NULL,NULL,'Y'),(0000050629,00002513,0000001970,'Student',NULL,NULL,'Y'),(0000050630,00002513,0000001960,'Student',NULL,NULL,'Y'),(0000050631,00002513,0000002029,'Student',NULL,NULL,'Y'),(0000050632,00002513,0000001879,'Student',NULL,NULL,'Y'),(0000050633,00002513,0000002079,'Student',NULL,NULL,'Y'),(0000050634,00002513,0000002076,'Student',NULL,NULL,'Y'),(0000050635,00002513,0000002123,'Student',NULL,NULL,'Y'),(0000050636,00002513,0000002129,'Student',NULL,NULL,'Y'),(0000050637,00002513,0000001931,'Student',NULL,NULL,'Y'),(0000050638,00002513,0000002404,'Student',NULL,NULL,'Y'),(0000050639,00002513,0000001925,'Student',NULL,NULL,'Y'),(0000050640,00002305,0000001593,'Student',NULL,NULL,'Y'),(0000050641,00002305,0000001642,'Student',NULL,NULL,'Y'),(0000050642,00002305,0000001639,'Student',NULL,NULL,'Y'),(0000050643,00002305,0000001744,'Student',NULL,NULL,'Y'),(0000050644,00002305,0000001686,'Student',NULL,NULL,'Y'),(0000050645,00002305,0000001591,'Student',NULL,NULL,'Y'),(0000050646,00002305,0000001600,'Student',NULL,NULL,'Y'),(0000050647,00002305,0000001791,'Student',NULL,NULL,'Y'),(0000050648,00002305,0000001730,'Student',NULL,NULL,'Y'),(0000050649,00002305,0000001801,'Student',NULL,NULL,'Y'),(0000050650,00002305,0000001761,'Student',NULL,NULL,'Y'),(0000050651,00002305,0000001779,'Student',NULL,NULL,'Y'),(0000050652,00002305,0000001721,'Student',NULL,NULL,'Y'),(0000050653,00002305,0000002033,'Student',NULL,NULL,'Y'),(0000050654,00002305,0000002097,'Student',NULL,NULL,'Y'),(0000050655,00002305,0000002309,'Student',NULL,NULL,'Y'),(0000050656,00002305,0000002156,'Student',NULL,NULL,'Y'),(0000050657,00002305,0000002719,'Student',NULL,NULL,'Y'),(0000050658,00002305,0000002737,'Student',NULL,NULL,'Y'),(0000050659,00002304,0000001645,'Student',NULL,NULL,'Y'),(0000050660,00002304,0000001700,'Student',NULL,NULL,'Y'),(0000050661,00002304,0000001617,'Student',NULL,NULL,'Y'),(0000050662,00002304,0000001735,'Student',NULL,NULL,'Y'),(0000050663,00002304,0000001612,'Student',NULL,NULL,'Y'),(0000050664,00002304,0000001706,'Student',NULL,NULL,'Y'),(0000050665,00002304,0000001627,'Student',NULL,NULL,'Y'),(0000050666,00002304,0000001773,'Student',NULL,NULL,'Y'),(0000050667,00002304,0000001739,'Student',NULL,NULL,'Y'),(0000050668,00002304,0000001677,'Student',NULL,NULL,'Y'),(0000050669,00002304,0000001828,'Student',NULL,NULL,'Y'),(0000050670,00002304,0000001848,'Student',NULL,NULL,'Y'),(0000050671,00002304,0000002035,'Student',NULL,NULL,'Y'),(0000050672,00002304,0000002066,'Student',NULL,NULL,'Y'),(0000050673,00002304,0000002087,'Student',NULL,NULL,'Y'),(0000050674,00002304,0000002081,'Student',NULL,NULL,'Y'),(0000050675,00002304,0000002401,'Student',NULL,NULL,'Y'),(0000050676,00002304,0000002488,'Student',NULL,NULL,'Y'),(0000050677,00002304,0000002060,'Student',NULL,NULL,'Y'),(0000050678,00002304,0000002673,'Student',NULL,NULL,'Y'),(0000050679,00002584,0000001858,'Student',NULL,NULL,'Y'),(0000050680,00002584,0000001796,'Student',NULL,NULL,'Y'),(0000050681,00002584,0000001667,'Student',NULL,NULL,'Y'),(0000050682,00002584,0000001753,'Student',NULL,NULL,'Y'),(0000050683,00002584,0000001713,'Student',NULL,NULL,'Y'),(0000050684,00002584,0000001654,'Student',NULL,NULL,'Y'),(0000050685,00002584,0000001616,'Student',NULL,NULL,'Y'),(0000050686,00002584,0000001609,'Student',NULL,NULL,'Y'),(0000050687,00002584,0000001657,'Student',NULL,NULL,'Y'),(0000050688,00002584,0000001621,'Student',NULL,NULL,'Y'),(0000050689,00002584,0000001628,'Student',NULL,NULL,'Y'),(0000050690,00002584,0000001603,'Student',NULL,NULL,'Y'),(0000050691,00002584,0000001831,'Student',NULL,NULL,'Y'),(0000050692,00002584,0000002063,'Student',NULL,NULL,'Y'),(0000050693,00002584,0000002386,'Student',NULL,NULL,'Y'),(0000050694,00002584,0000002441,'Student',NULL,NULL,'Y'),(0000050695,00002584,0000002548,'Student',NULL,NULL,'Y'),(0000050696,00002584,0000002723,'Student',NULL,NULL,'Y'),(0000050734,00002480,0000002163,'Student',NULL,NULL,'Y'),(0000050735,00002480,0000002360,'Student',NULL,NULL,'Y'),(0000050736,00002480,0000002247,'Student',NULL,NULL,'Y'),(0000050737,00002480,0000002200,'Student',NULL,NULL,'Y'),(0000050738,00002480,0000002203,'Student',NULL,NULL,'Y'),(0000050739,00002480,0000002296,'Student',NULL,NULL,'Y'),(0000050740,00002480,0000002271,'Student',NULL,NULL,'Y'),(0000050741,00002480,0000002231,'Student',NULL,NULL,'Y'),(0000050742,00002480,0000002265,'Student',NULL,NULL,'Y'),(0000050743,00002480,0000002364,'Student',NULL,NULL,'Y'),(0000050744,00002480,0000002374,'Student',NULL,NULL,'Y'),(0000050745,00002480,0000002529,'Student',NULL,NULL,'Y'),(0000050746,00002480,0000002511,'Student',NULL,NULL,'Y'),(0000050747,00002480,0000002523,'Student',NULL,NULL,'Y'),(0000050748,00002514,0000002123,'Student',NULL,NULL,'Y'),(0000050749,00002514,0000002019,'Student',NULL,NULL,'Y'),(0000050750,00002514,0000001882,'Student',NULL,NULL,'Y'),(0000050751,00002514,0000001937,'Student',NULL,NULL,'Y'),(0000050752,00002514,0000001960,'Student',NULL,NULL,'Y'),(0000050753,00002514,0000002076,'Student',NULL,NULL,'Y'),(0000050754,00002514,0000002006,'Student',NULL,NULL,'Y'),(0000050755,00002514,0000001986,'Student',NULL,NULL,'Y'),(0000050756,00002307,0000001858,'Student',NULL,NULL,'Y'),(0000050757,00002307,0000001686,'Student',NULL,NULL,'Y'),(0000050758,00002307,0000001730,'Student',NULL,NULL,'Y'),(0000050759,00002307,0000001627,'Student',NULL,NULL,'Y'),(0000050760,00002307,0000001831,'Student',NULL,NULL,'Y'),(0000050761,00002307,0000002087,'Student',NULL,NULL,'Y'),(0000050762,00002307,0000002060,'Student',NULL,NULL,'Y'),(0000050763,00002332,0000001692,'Student',NULL,NULL,'Y'),(0000050764,00002332,0000001710,'Student',NULL,NULL,'Y'),(0000050765,00002332,0000001471,'Student',NULL,NULL,'Y'),(0000050766,00002332,0000001399,'Student',NULL,NULL,'Y'),(0000050767,00002332,0000001374,'Student',NULL,NULL,'Y'),(0000050768,00002332,0000001416,'Student',NULL,NULL,'Y'),(0000050769,00002399,0000002184,'Student',NULL,NULL,'Y'),(0000050770,00002585,0000001022,'Student',NULL,NULL,'Y'),(0000050771,00002585,0000002184,'Student',NULL,NULL,'Y'),(0000050772,00002400,0000000614,'Student',NULL,NULL,'Y'),(0000050773,00002400,0000000640,'Student',NULL,NULL,'Y'),(0000050774,00002400,0000000649,'Student',NULL,NULL,'Y'),(0000050775,00002400,0000001514,'Student',NULL,NULL,'Y'),(0000050776,00002400,0000000934,'Student',NULL,NULL,'Y'),(0000050777,00002401,0000000678,'Student',NULL,NULL,'Y'),(0000050778,00002401,0000001066,'Student',NULL,NULL,'Y'),(0000050779,00002401,0000000681,'Student',NULL,NULL,'Y'),(0000050780,00002401,0000000614,'Student',NULL,NULL,'Y'),(0000050781,00002401,0000000640,'Student',NULL,NULL,'Y'),(0000050782,00002401,0000000649,'Student',NULL,NULL,'Y'),(0000050783,00002401,0000001514,'Student',NULL,NULL,'Y'),(0000050784,00002401,0000000934,'Student',NULL,NULL,'Y'),(0000050785,00002402,0000000905,'Student',NULL,NULL,'Y'),(0000050786,00002402,0000000928,'Student',NULL,NULL,'Y'),(0000050787,00002402,0000000931,'Student',NULL,NULL,'Y'),(0000050788,00002402,0000000876,'Student',NULL,NULL,'Y'),(0000050789,00002402,0000001016,'Student',NULL,NULL,'Y'),(0000050790,00002402,0000001022,'Student',NULL,NULL,'Y'),(0000050791,00002402,0000000922,'Student',NULL,NULL,'Y'),(0000050792,00002402,0000000925,'Student',NULL,NULL,'Y'),(0000050793,00002402,0000000964,'Student',NULL,NULL,'Y'),(0000050794,00002402,0000002184,'Student',NULL,NULL,'Y'),(0000050795,00002402,0000000897,'Student',NULL,NULL,'Y'),(0000050796,00002402,0000001819,'Student',NULL,NULL,'Y'),(0000050797,00002402,0000001008,'Student',NULL,NULL,'Y'),(0000050798,00002402,0000000937,'Student',NULL,NULL,'Y'),(0000050799,00002402,0000002392,'Student',NULL,NULL,'Y'),(0000050800,00002402,0000001019,'Student',NULL,NULL,'Y'),(0000050801,00002402,0000000934,'Student',NULL,NULL,'Y'),(0000050802,00002402,0000000913,'Student',NULL,NULL,'Y'),(0000050803,00002319,0000001424,'Student',NULL,NULL,'Y'),(0000050804,00002331,0000001424,'Student',NULL,NULL,'Y'),(0000050806,00002319,0000001520,'Student',NULL,NULL,'Y'),(0000050807,00002331,0000001520,'Student',NULL,NULL,'Y'),(0000050809,00002319,0000001471,'Student',NULL,NULL,'Y'),(0000050810,00002331,0000001471,'Student',NULL,NULL,'Y'),(0000050812,00002319,0000001538,'Student',NULL,NULL,'Y'),(0000050813,00002331,0000001538,'Student',NULL,NULL,'Y'),(0000050815,00002319,0000001358,'Student',NULL,NULL,'Y'),(0000050816,00002331,0000001358,'Student',NULL,NULL,'Y'),(0000050818,00002319,0000001352,'Student',NULL,NULL,'Y'),(0000050819,00002331,0000001352,'Student',NULL,NULL,'Y'),(0000050821,00002319,0000001486,'Student',NULL,NULL,'Y'),(0000050822,00002331,0000001486,'Student',NULL,NULL,'Y'),(0000050824,00002319,0000001393,'Student',NULL,NULL,'Y'),(0000050825,00002331,0000001393,'Student',NULL,NULL,'Y'),(0000050827,00002319,0000001367,'Student',NULL,NULL,'Y'),(0000050828,00002331,0000001367,'Student',NULL,NULL,'Y'),(0000050830,00002319,0000001845,'Student',NULL,NULL,'Y'),(0000050831,00002331,0000001845,'Student',NULL,NULL,'Y'),(0000050833,00002319,0000002357,'Student',NULL,NULL,'Y'),(0000050834,00002331,0000002357,'Student',NULL,NULL,'Y'),(0000050836,00002319,0000001355,'Student',NULL,NULL,'Y'),(0000050837,00002331,0000001355,'Student',NULL,NULL,'Y'),(0000050839,00002319,0000002407,'Student',NULL,NULL,'Y'),(0000050840,00002331,0000002407,'Student',NULL,NULL,'Y'),(0000050842,00002319,0000001465,'Student',NULL,NULL,'Y'),(0000050843,00002331,0000001465,'Student',NULL,NULL,'Y'),(0000050845,00002319,0000001692,'Student',NULL,NULL,'Y'),(0000050846,00002331,0000001692,'Student',NULL,NULL,'Y'),(0000050848,00002319,0000001416,'Student',NULL,NULL,'Y'),(0000050849,00002331,0000001416,'Student',NULL,NULL,'Y'),(0000050851,00002320,0000001427,'Student',NULL,NULL,'Y'),(0000050852,00002330,0000001427,'Student',NULL,NULL,'Y'),(0000050854,00002320,0000001430,'Student',NULL,NULL,'Y'),(0000050855,00002330,0000001430,'Student',NULL,NULL,'Y'),(0000050857,00002320,0000001440,'Student',NULL,NULL,'Y'),(0000050858,00002330,0000001440,'Student',NULL,NULL,'Y'),(0000050860,00002320,0000001492,'Student',NULL,NULL,'Y'),(0000050861,00002330,0000001492,'Student',NULL,NULL,'Y'),(0000050863,00002320,0000001391,'Student',NULL,NULL,'Y'),(0000050864,00002330,0000001391,'Student',NULL,NULL,'Y'),(0000050866,00002320,0000001477,'Student',NULL,NULL,'Y'),(0000050867,00002330,0000001477,'Student',NULL,NULL,'Y'),(0000050869,00002320,0000001585,'Student',NULL,NULL,'Y'),(0000050870,00002330,0000001585,'Student',NULL,NULL,'Y'),(0000050872,00002320,0000001377,'Student',NULL,NULL,'Y'),(0000050873,00002330,0000001377,'Student',NULL,NULL,'Y'),(0000050875,00002320,0000002444,'Student',NULL,NULL,'Y'),(0000050876,00002330,0000002444,'Student',NULL,NULL,'Y'),(0000050878,00002320,0000002490,'Student',NULL,NULL,'Y'),(0000050879,00002330,0000002490,'Student',NULL,NULL,'Y'),(0000050881,00002320,0000001410,'Student',NULL,NULL,'Y'),(0000050882,00002330,0000001410,'Student',NULL,NULL,'Y'),(0000050884,00002320,0000002316,'Student',NULL,NULL,'Y'),(0000050885,00002330,0000002316,'Student',NULL,NULL,'Y'),(0000050887,00002320,0000002306,'Student',NULL,NULL,'Y'),(0000050888,00002330,0000002306,'Student',NULL,NULL,'Y'),(0000050890,00002320,0000001374,'Student',NULL,NULL,'Y'),(0000050891,00002330,0000001374,'Student',NULL,NULL,'Y'),(0000050893,00002320,0000002286,'Student',NULL,NULL,'Y'),(0000050894,00002330,0000002286,'Student',NULL,NULL,'Y'),(0000050896,00002320,0000002084,'Student',NULL,NULL,'Y'),(0000050897,00002330,0000002084,'Student',NULL,NULL,'Y'),(0000050899,00002328,0000001424,'Student',NULL,NULL,'Y'),(0000050900,00002328,0000001520,'Student',NULL,NULL,'Y'),(0000050901,00002328,0000001471,'Student',NULL,NULL,'Y'),(0000050902,00002328,0000001538,'Student',NULL,NULL,'Y'),(0000050903,00002328,0000001358,'Student',NULL,NULL,'Y'),(0000050904,00002328,0000001352,'Student',NULL,NULL,'Y'),(0000050905,00002328,0000001486,'Student',NULL,NULL,'Y'),(0000050906,00002328,0000001393,'Student',NULL,NULL,'Y'),(0000050907,00002328,0000001367,'Student',NULL,NULL,'Y'),(0000050908,00002328,0000001845,'Student',NULL,NULL,'Y'),(0000050909,00002328,0000002357,'Student',NULL,NULL,'Y'),(0000050910,00002328,0000001355,'Student',NULL,NULL,'Y'),(0000050911,00002328,0000002407,'Student',NULL,NULL,'Y'),(0000050912,00002328,0000001465,'Student',NULL,NULL,'Y'),(0000050913,00002328,0000001692,'Student',NULL,NULL,'Y'),(0000050914,00002328,0000001416,'Student',NULL,NULL,'Y'),(0000050915,00002329,0000001427,'Student',NULL,NULL,'Y'),(0000050916,00002329,0000001430,'Student',NULL,NULL,'Y'),(0000050917,00002329,0000001440,'Student',NULL,NULL,'Y'),(0000050918,00002329,0000001492,'Student',NULL,NULL,'Y'),(0000050919,00002329,0000001391,'Student',NULL,NULL,'Y'),(0000050920,00002329,0000001477,'Student',NULL,NULL,'Y'),(0000050921,00002329,0000001585,'Student',NULL,NULL,'Y'),(0000050922,00002329,0000001377,'Student',NULL,NULL,'Y'),(0000050923,00002329,0000002444,'Student',NULL,NULL,'Y'),(0000050924,00002329,0000002490,'Student',NULL,NULL,'Y'),(0000050925,00002329,0000001410,'Student',NULL,NULL,'Y'),(0000050926,00002329,0000002316,'Student',NULL,NULL,'Y'),(0000050927,00002329,0000002306,'Student',NULL,NULL,'Y'),(0000050928,00002329,0000001374,'Student',NULL,NULL,'Y'),(0000050929,00002329,0000002286,'Student',NULL,NULL,'Y'),(0000050930,00002329,0000002084,'Student',NULL,NULL,'Y'),(0000050933,00002285,0000002347,'Teacher',NULL,NULL,'Y'),(0000050934,00002282,0000000140,'Teacher',NULL,NULL,'Y'),(0000050935,00002409,0000002469,'Student',NULL,NULL,'Y'),(0000050936,00002412,0000002469,'Student',NULL,NULL,'Y'),(0000050937,00002423,0000002469,'Student',NULL,NULL,'Y'),(0000050938,00002426,0000002469,'Student',NULL,NULL,'Y'),(0000050939,00002429,0000002469,'Student',NULL,NULL,'Y'),(0000050940,00002437,0000002469,'Student',NULL,NULL,'Y'),(0000050941,00002440,0000002469,'Student',NULL,NULL,'Y'),(0000050942,00002526,0000002469,'Student',NULL,NULL,'Y'),(0000050950,00002409,0000002695,'Student',NULL,NULL,'Y'),(0000050951,00002412,0000002695,'Student',NULL,NULL,'Y'),(0000050952,00002423,0000002695,'Student',NULL,NULL,'Y'),(0000050953,00002426,0000002695,'Student',NULL,NULL,'Y'),(0000050954,00002429,0000002695,'Student',NULL,NULL,'Y'),(0000050955,00002437,0000002695,'Student',NULL,NULL,'Y'),(0000050956,00002440,0000002695,'Student',NULL,NULL,'Y'),(0000050957,00002526,0000002695,'Student',NULL,NULL,'Y'),(0000050965,00002409,0000002450,'Student',NULL,NULL,'Y'),(0000050966,00002412,0000002450,'Student',NULL,NULL,'Y'),(0000050967,00002423,0000002450,'Student',NULL,NULL,'Y'),(0000050968,00002426,0000002450,'Student',NULL,NULL,'Y'),(0000050969,00002429,0000002450,'Student',NULL,NULL,'Y'),(0000050970,00002437,0000002450,'Student',NULL,NULL,'Y'),(0000050971,00002440,0000002450,'Student',NULL,NULL,'Y'),(0000050972,00002526,0000002450,'Student',NULL,NULL,'Y'),(0000050980,00002409,0000002459,'Student',NULL,NULL,'Y'),(0000050981,00002412,0000002459,'Student',NULL,NULL,'Y'),(0000050982,00002423,0000002459,'Student',NULL,NULL,'Y'),(0000050983,00002426,0000002459,'Student',NULL,NULL,'Y'),(0000050984,00002429,0000002459,'Student',NULL,NULL,'Y'),(0000050985,00002437,0000002459,'Student',NULL,NULL,'Y'),(0000050986,00002440,0000002459,'Student',NULL,NULL,'Y'),(0000050987,00002526,0000002459,'Student',NULL,NULL,'Y'),(0000050995,00002409,0000002611,'Student',NULL,NULL,'Y'),(0000050996,00002412,0000002611,'Student',NULL,NULL,'Y'),(0000050997,00002423,0000002611,'Student',NULL,NULL,'Y'),(0000050998,00002426,0000002611,'Student',NULL,NULL,'Y'),(0000050999,00002429,0000002611,'Student',NULL,NULL,'Y'),(0000051000,00002437,0000002611,'Student',NULL,NULL,'Y'),(0000051001,00002440,0000002611,'Student',NULL,NULL,'Y'),(0000051002,00002526,0000002611,'Student',NULL,NULL,'Y'),(0000051010,00002409,0000002679,'Student',NULL,NULL,'Y'),(0000051011,00002412,0000002679,'Student',NULL,NULL,'Y'),(0000051012,00002423,0000002679,'Student',NULL,NULL,'Y'),(0000051013,00002426,0000002679,'Student',NULL,NULL,'Y'),(0000051014,00002429,0000002679,'Student',NULL,NULL,'Y'),(0000051015,00002437,0000002679,'Student',NULL,NULL,'Y'),(0000051016,00002440,0000002679,'Student',NULL,NULL,'Y'),(0000051017,00002526,0000002679,'Student',NULL,NULL,'Y'),(0000051025,00002409,0000002447,'Student',NULL,NULL,'Y'),(0000051026,00002412,0000002447,'Student',NULL,NULL,'Y'),(0000051027,00002423,0000002447,'Student',NULL,NULL,'Y'),(0000051028,00002426,0000002447,'Student',NULL,NULL,'Y'),(0000051029,00002429,0000002447,'Student',NULL,NULL,'Y'),(0000051030,00002437,0000002447,'Student',NULL,NULL,'Y'),(0000051031,00002440,0000002447,'Student',NULL,NULL,'Y'),(0000051032,00002526,0000002447,'Student',NULL,NULL,'Y'),(0000051040,00002409,0000002683,'Student',NULL,NULL,'Y'),(0000051041,00002412,0000002683,'Student',NULL,NULL,'Y'),(0000051042,00002423,0000002683,'Student',NULL,NULL,'Y'),(0000051043,00002426,0000002683,'Student',NULL,NULL,'Y'),(0000051044,00002429,0000002683,'Student',NULL,NULL,'Y'),(0000051045,00002437,0000002683,'Student',NULL,NULL,'Y'),(0000051046,00002440,0000002683,'Student',NULL,NULL,'Y'),(0000051047,00002526,0000002683,'Student',NULL,NULL,'Y'),(0000051055,00002409,0000002760,'Student',NULL,NULL,'Y'),(0000051056,00002412,0000002760,'Student',NULL,NULL,'Y'),(0000051057,00002423,0000002760,'Student',NULL,NULL,'Y'),(0000051058,00002426,0000002760,'Student',NULL,NULL,'Y'),(0000051059,00002429,0000002760,'Student',NULL,NULL,'Y'),(0000051060,00002437,0000002760,'Student',NULL,NULL,'Y'),(0000051061,00002440,0000002760,'Student',NULL,NULL,'Y'),(0000051062,00002526,0000002760,'Student',NULL,NULL,'Y'),(0000051070,00002409,0000002614,'Student',NULL,NULL,'Y'),(0000051071,00002412,0000002614,'Student',NULL,NULL,'Y'),(0000051072,00002423,0000002614,'Student',NULL,NULL,'Y'),(0000051073,00002426,0000002614,'Student',NULL,NULL,'Y'),(0000051074,00002429,0000002614,'Student',NULL,NULL,'Y'),(0000051075,00002437,0000002614,'Student',NULL,NULL,'Y'),(0000051076,00002440,0000002614,'Student',NULL,NULL,'Y'),(0000051077,00002526,0000002614,'Student',NULL,NULL,'Y'),(0000051085,00002409,0000002485,'Student',NULL,NULL,'Y'),(0000051086,00002412,0000002485,'Student',NULL,NULL,'Y'),(0000051087,00002423,0000002485,'Student',NULL,NULL,'Y'),(0000051088,00002426,0000002485,'Student',NULL,NULL,'Y'),(0000051089,00002429,0000002485,'Student',NULL,NULL,'Y'),(0000051090,00002437,0000002485,'Student',NULL,NULL,'Y'),(0000051091,00002440,0000002485,'Student',NULL,NULL,'Y'),(0000051092,00002526,0000002485,'Student',NULL,NULL,'Y'),(0000051100,00002409,0000002472,'Student',NULL,NULL,'Y'),(0000051101,00002412,0000002472,'Student',NULL,NULL,'Y'),(0000051102,00002423,0000002472,'Student',NULL,NULL,'Y'),(0000051103,00002426,0000002472,'Student',NULL,NULL,'Y'),(0000051104,00002429,0000002472,'Student',NULL,NULL,'Y'),(0000051105,00002437,0000002472,'Student',NULL,NULL,'Y'),(0000051106,00002440,0000002472,'Student',NULL,NULL,'Y'),(0000051107,00002526,0000002472,'Student',NULL,NULL,'Y'),(0000051115,00002409,0000002610,'Student',NULL,NULL,'Y'),(0000051116,00002412,0000002610,'Student',NULL,NULL,'Y'),(0000051117,00002423,0000002610,'Student',NULL,NULL,'Y'),(0000051118,00002426,0000002610,'Student',NULL,NULL,'Y'),(0000051119,00002429,0000002610,'Student',NULL,NULL,'Y'),(0000051120,00002437,0000002610,'Student',NULL,NULL,'Y'),(0000051121,00002440,0000002610,'Student',NULL,NULL,'Y'),(0000051122,00002526,0000002610,'Student',NULL,NULL,'Y'),(0000051130,00002409,0000002636,'Student',NULL,NULL,'Y'),(0000051131,00002412,0000002636,'Student',NULL,NULL,'Y'),(0000051132,00002423,0000002636,'Student',NULL,NULL,'Y'),(0000051133,00002426,0000002636,'Student',NULL,NULL,'Y'),(0000051134,00002429,0000002636,'Student',NULL,NULL,'Y'),(0000051135,00002437,0000002636,'Student',NULL,NULL,'Y'),(0000051136,00002440,0000002636,'Student',NULL,NULL,'Y'),(0000051137,00002526,0000002636,'Student',NULL,NULL,'Y'),(0000051145,00002409,0000002627,'Student',NULL,NULL,'Y'),(0000051146,00002412,0000002627,'Student',NULL,NULL,'Y'),(0000051147,00002423,0000002627,'Student',NULL,NULL,'Y'),(0000051148,00002426,0000002627,'Student',NULL,NULL,'Y'),(0000051149,00002429,0000002627,'Student',NULL,NULL,'Y'),(0000051150,00002437,0000002627,'Student',NULL,NULL,'Y'),(0000051151,00002440,0000002627,'Student',NULL,NULL,'Y'),(0000051152,00002526,0000002627,'Student',NULL,NULL,'Y'),(0000051160,00002409,0000002754,'Student',NULL,NULL,'Y'),(0000051161,00002412,0000002754,'Student',NULL,NULL,'Y'),(0000051162,00002423,0000002754,'Student',NULL,NULL,'Y'),(0000051163,00002426,0000002754,'Student',NULL,NULL,'Y'),(0000051164,00002429,0000002754,'Student',NULL,NULL,'Y'),(0000051165,00002437,0000002754,'Student',NULL,NULL,'Y'),(0000051166,00002440,0000002754,'Student',NULL,NULL,'Y'),(0000051167,00002526,0000002754,'Student',NULL,NULL,'Y'),(0000051175,00002409,0000002615,'Student',NULL,NULL,'Y'),(0000051176,00002412,0000002615,'Student',NULL,NULL,'Y'),(0000051177,00002423,0000002615,'Student',NULL,NULL,'Y'),(0000051178,00002426,0000002615,'Student',NULL,NULL,'Y'),(0000051179,00002429,0000002615,'Student',NULL,NULL,'Y'),(0000051180,00002437,0000002615,'Student',NULL,NULL,'Y'),(0000051181,00002440,0000002615,'Student',NULL,NULL,'Y'),(0000051182,00002526,0000002615,'Student',NULL,NULL,'Y'),(0000051190,00002409,0000002601,'Student',NULL,NULL,'Y'),(0000051191,00002412,0000002601,'Student',NULL,NULL,'Y'),(0000051192,00002423,0000002601,'Student',NULL,NULL,'Y'),(0000051193,00002426,0000002601,'Student',NULL,NULL,'Y'),(0000051194,00002429,0000002601,'Student',NULL,NULL,'Y'),(0000051195,00002437,0000002601,'Student',NULL,NULL,'Y'),(0000051196,00002440,0000002601,'Student',NULL,NULL,'Y'),(0000051197,00002526,0000002601,'Student',NULL,NULL,'Y'),(0000051205,00002409,0000002746,'Student',NULL,NULL,'Y'),(0000051206,00002412,0000002746,'Student',NULL,NULL,'Y'),(0000051207,00002423,0000002746,'Student',NULL,NULL,'Y'),(0000051208,00002426,0000002746,'Student',NULL,NULL,'Y'),(0000051209,00002429,0000002746,'Student',NULL,NULL,'Y'),(0000051210,00002437,0000002746,'Student',NULL,NULL,'Y'),(0000051211,00002440,0000002746,'Student',NULL,NULL,'Y'),(0000051212,00002526,0000002746,'Student',NULL,NULL,'Y'),(0000051220,00002409,0000002482,'Student',NULL,NULL,'Y'),(0000051221,00002412,0000002482,'Student',NULL,NULL,'Y'),(0000051222,00002423,0000002482,'Student',NULL,NULL,'Y'),(0000051223,00002426,0000002482,'Student',NULL,NULL,'Y'),(0000051224,00002429,0000002482,'Student',NULL,NULL,'Y'),(0000051225,00002437,0000002482,'Student',NULL,NULL,'Y'),(0000051226,00002440,0000002482,'Student',NULL,NULL,'Y'),(0000051227,00002526,0000002482,'Student',NULL,NULL,'Y'),(0000051235,00002409,0000002715,'Student',NULL,NULL,'Y'),(0000051236,00002412,0000002715,'Student',NULL,NULL,'Y'),(0000051237,00002423,0000002715,'Student',NULL,NULL,'Y'),(0000051238,00002426,0000002715,'Student',NULL,NULL,'Y'),(0000051239,00002429,0000002715,'Student',NULL,NULL,'Y'),(0000051240,00002437,0000002715,'Student',NULL,NULL,'Y'),(0000051241,00002440,0000002715,'Student',NULL,NULL,'Y'),(0000051242,00002526,0000002715,'Student',NULL,NULL,'Y'),(0000051250,00002408,0000002430,'Student',NULL,NULL,'Y'),(0000051251,00002411,0000002430,'Student',NULL,NULL,'Y'),(0000051252,00002422,0000002430,'Student',NULL,NULL,'Y'),(0000051253,00002425,0000002430,'Student',NULL,NULL,'Y'),(0000051254,00002428,0000002430,'Student',NULL,NULL,'Y'),(0000051255,00002436,0000002430,'Student',NULL,NULL,'Y'),(0000051256,00002439,0000002430,'Student',NULL,NULL,'Y'),(0000051257,00002529,0000002430,'Student',NULL,NULL,'Y'),(0000051295,00002408,0000002630,'Student',NULL,NULL,'Y'),(0000051296,00002411,0000002630,'Student',NULL,NULL,'Y'),(0000051297,00002422,0000002630,'Student',NULL,NULL,'Y'),(0000051298,00002425,0000002630,'Student',NULL,NULL,'Y'),(0000051299,00002428,0000002630,'Student',NULL,NULL,'Y'),(0000051300,00002436,0000002630,'Student',NULL,NULL,'Y'),(0000051301,00002439,0000002630,'Student',NULL,NULL,'Y'),(0000051302,00002529,0000002630,'Student',NULL,NULL,'Y'),(0000051310,00002408,0000002657,'Student',NULL,NULL,'Y'),(0000051311,00002411,0000002657,'Student',NULL,NULL,'Y'),(0000051312,00002422,0000002657,'Student',NULL,NULL,'Y'),(0000051313,00002425,0000002657,'Student',NULL,NULL,'Y'),(0000051314,00002428,0000002657,'Student',NULL,NULL,'Y'),(0000051315,00002436,0000002657,'Student',NULL,NULL,'Y'),(0000051316,00002439,0000002657,'Student',NULL,NULL,'Y'),(0000051317,00002529,0000002657,'Student',NULL,NULL,'Y'),(0000051325,00002408,0000002460,'Student',NULL,NULL,'Y'),(0000051326,00002411,0000002460,'Student',NULL,NULL,'Y'),(0000051327,00002422,0000002460,'Student',NULL,NULL,'Y'),(0000051328,00002425,0000002460,'Student',NULL,NULL,'Y'),(0000051329,00002428,0000002460,'Student',NULL,NULL,'Y'),(0000051330,00002436,0000002460,'Student',NULL,NULL,'Y'),(0000051331,00002439,0000002460,'Student',NULL,NULL,'Y'),(0000051332,00002529,0000002460,'Student',NULL,NULL,'Y'),(0000051340,00002408,0000002621,'Student',NULL,NULL,'Y'),(0000051341,00002411,0000002621,'Student',NULL,NULL,'Y'),(0000051342,00002422,0000002621,'Student',NULL,NULL,'Y'),(0000051343,00002425,0000002621,'Student',NULL,NULL,'Y'),(0000051344,00002428,0000002621,'Student',NULL,NULL,'Y'),(0000051345,00002436,0000002621,'Student',NULL,NULL,'Y'),(0000051346,00002439,0000002621,'Student',NULL,NULL,'Y'),(0000051347,00002529,0000002621,'Student',NULL,NULL,'Y'),(0000051355,00002408,0000002692,'Student',NULL,NULL,'Y'),(0000051356,00002411,0000002692,'Student',NULL,NULL,'Y'),(0000051357,00002422,0000002692,'Student',NULL,NULL,'Y'),(0000051358,00002425,0000002692,'Student',NULL,NULL,'Y'),(0000051359,00002428,0000002692,'Student',NULL,NULL,'Y'),(0000051360,00002436,0000002692,'Student',NULL,NULL,'Y'),(0000051361,00002439,0000002692,'Student',NULL,NULL,'Y'),(0000051362,00002529,0000002692,'Student',NULL,NULL,'Y'),(0000051370,00002408,0000002607,'Student',NULL,NULL,'Y'),(0000051371,00002411,0000002607,'Student',NULL,NULL,'Y'),(0000051372,00002422,0000002607,'Student',NULL,NULL,'Y'),(0000051373,00002425,0000002607,'Student',NULL,NULL,'Y'),(0000051374,00002428,0000002607,'Student',NULL,NULL,'Y'),(0000051375,00002436,0000002607,'Student',NULL,NULL,'Y'),(0000051376,00002439,0000002607,'Student',NULL,NULL,'Y'),(0000051377,00002529,0000002607,'Student',NULL,NULL,'Y'),(0000051385,00002408,0000002633,'Student',NULL,NULL,'Y'),(0000051386,00002411,0000002633,'Student',NULL,NULL,'Y'),(0000051387,00002422,0000002633,'Student',NULL,NULL,'Y'),(0000051388,00002425,0000002633,'Student',NULL,NULL,'Y'),(0000051389,00002428,0000002633,'Student',NULL,NULL,'Y'),(0000051390,00002436,0000002633,'Student',NULL,NULL,'Y'),(0000051391,00002439,0000002633,'Student',NULL,NULL,'Y'),(0000051392,00002529,0000002633,'Student',NULL,NULL,'Y'),(0000051400,00002408,0000002426,'Student',NULL,NULL,'Y'),(0000051401,00002411,0000002426,'Student',NULL,NULL,'Y'),(0000051402,00002422,0000002426,'Student',NULL,NULL,'Y'),(0000051403,00002425,0000002426,'Student',NULL,NULL,'Y'),(0000051404,00002428,0000002426,'Student',NULL,NULL,'Y'),(0000051405,00002436,0000002426,'Student',NULL,NULL,'Y'),(0000051406,00002439,0000002426,'Student',NULL,NULL,'Y'),(0000051407,00002529,0000002426,'Student',NULL,NULL,'Y'),(0000051415,00002408,0000002652,'Student',NULL,NULL,'Y'),(0000051416,00002411,0000002652,'Student',NULL,NULL,'Y'),(0000051417,00002422,0000002652,'Student',NULL,NULL,'Y'),(0000051418,00002425,0000002652,'Student',NULL,NULL,'Y'),(0000051419,00002428,0000002652,'Student',NULL,NULL,'Y'),(0000051420,00002436,0000002652,'Student',NULL,NULL,'Y'),(0000051421,00002439,0000002652,'Student',NULL,NULL,'Y'),(0000051422,00002529,0000002652,'Student',NULL,NULL,'Y'),(0000051430,00002408,0000002699,'Student',NULL,NULL,'Y'),(0000051431,00002411,0000002699,'Student',NULL,NULL,'Y'),(0000051432,00002422,0000002699,'Student',NULL,NULL,'Y'),(0000051433,00002425,0000002699,'Student',NULL,NULL,'Y'),(0000051434,00002428,0000002699,'Student',NULL,NULL,'Y'),(0000051435,00002436,0000002699,'Student',NULL,NULL,'Y'),(0000051436,00002439,0000002699,'Student',NULL,NULL,'Y'),(0000051437,00002529,0000002699,'Student',NULL,NULL,'Y'),(0000051445,00002408,0000002642,'Student',NULL,NULL,'Y'),(0000051446,00002411,0000002642,'Student',NULL,NULL,'Y'),(0000051447,00002422,0000002642,'Student',NULL,NULL,'Y'),(0000051448,00002425,0000002642,'Student',NULL,NULL,'Y'),(0000051449,00002428,0000002642,'Student',NULL,NULL,'Y'),(0000051450,00002436,0000002642,'Student',NULL,NULL,'Y'),(0000051451,00002439,0000002642,'Student',NULL,NULL,'Y'),(0000051452,00002529,0000002642,'Student',NULL,NULL,'Y'),(0000051460,00002408,0000002453,'Student',NULL,NULL,'Y'),(0000051461,00002411,0000002453,'Student',NULL,NULL,'Y'),(0000051462,00002422,0000002453,'Student',NULL,NULL,'Y'),(0000051463,00002425,0000002453,'Student',NULL,NULL,'Y'),(0000051464,00002428,0000002453,'Student',NULL,NULL,'Y'),(0000051465,00002436,0000002453,'Student',NULL,NULL,'Y'),(0000051466,00002439,0000002453,'Student',NULL,NULL,'Y'),(0000051467,00002529,0000002453,'Student',NULL,NULL,'Y'),(0000051490,00002408,0000002743,'Student',NULL,NULL,'Y'),(0000051491,00002411,0000002743,'Student',NULL,NULL,'Y'),(0000051492,00002422,0000002743,'Student',NULL,NULL,'Y'),(0000051493,00002425,0000002743,'Student',NULL,NULL,'Y'),(0000051494,00002428,0000002743,'Student',NULL,NULL,'Y'),(0000051495,00002436,0000002743,'Student',NULL,NULL,'Y'),(0000051496,00002439,0000002743,'Student',NULL,NULL,'Y'),(0000051497,00002529,0000002743,'Student',NULL,NULL,'Y'),(0000051505,00002408,0000002645,'Student',NULL,NULL,'Y'),(0000051506,00002411,0000002645,'Student',NULL,NULL,'Y'),(0000051507,00002422,0000002645,'Student',NULL,NULL,'Y'),(0000051508,00002425,0000002645,'Student',NULL,NULL,'Y'),(0000051509,00002428,0000002645,'Student',NULL,NULL,'Y'),(0000051510,00002436,0000002645,'Student',NULL,NULL,'Y'),(0000051511,00002439,0000002645,'Student',NULL,NULL,'Y'),(0000051512,00002529,0000002645,'Student',NULL,NULL,'Y'),(0000051520,00002408,0000002476,'Student',NULL,NULL,'Y'),(0000051521,00002411,0000002476,'Student',NULL,NULL,'Y'),(0000051522,00002422,0000002476,'Student',NULL,NULL,'Y'),(0000051523,00002425,0000002476,'Student',NULL,NULL,'Y'),(0000051524,00002428,0000002476,'Student',NULL,NULL,'Y'),(0000051525,00002436,0000002476,'Student',NULL,NULL,'Y'),(0000051526,00002439,0000002476,'Student',NULL,NULL,'Y'),(0000051527,00002529,0000002476,'Student',NULL,NULL,'Y'),(0000051535,00002408,0000002663,'Student',NULL,NULL,'Y'),(0000051536,00002411,0000002663,'Student',NULL,NULL,'Y'),(0000051537,00002422,0000002663,'Student',NULL,NULL,'Y'),(0000051538,00002425,0000002663,'Student',NULL,NULL,'Y'),(0000051539,00002428,0000002663,'Student',NULL,NULL,'Y'),(0000051540,00002436,0000002663,'Student',NULL,NULL,'Y'),(0000051541,00002439,0000002663,'Student',NULL,NULL,'Y'),(0000051542,00002529,0000002663,'Student',NULL,NULL,'Y'),(0000051550,00002408,0000002651,'Student',NULL,NULL,'Y'),(0000051551,00002411,0000002651,'Student',NULL,NULL,'Y'),(0000051552,00002422,0000002651,'Student',NULL,NULL,'Y'),(0000051553,00002425,0000002651,'Student',NULL,NULL,'Y'),(0000051554,00002428,0000002651,'Student',NULL,NULL,'Y'),(0000051555,00002436,0000002651,'Student',NULL,NULL,'Y'),(0000051556,00002439,0000002651,'Student',NULL,NULL,'Y'),(0000051557,00002529,0000002651,'Student',NULL,NULL,'Y'),(0000051565,00002408,0000002563,'Student',NULL,NULL,'Y'),(0000051566,00002411,0000002563,'Student',NULL,NULL,'Y'),(0000051567,00002422,0000002563,'Student',NULL,NULL,'Y'),(0000051568,00002425,0000002563,'Student',NULL,NULL,'Y'),(0000051569,00002428,0000002563,'Student',NULL,NULL,'Y'),(0000051570,00002436,0000002563,'Student',NULL,NULL,'Y'),(0000051571,00002439,0000002563,'Student',NULL,NULL,'Y'),(0000051572,00002529,0000002563,'Student',NULL,NULL,'Y'),(0000051580,00002408,0000002696,'Student',NULL,NULL,'Y'),(0000051581,00002411,0000002696,'Student',NULL,NULL,'Y'),(0000051582,00002422,0000002696,'Student',NULL,NULL,'Y'),(0000051583,00002425,0000002696,'Student',NULL,NULL,'Y'),(0000051584,00002428,0000002696,'Student',NULL,NULL,'Y'),(0000051585,00002436,0000002696,'Student',NULL,NULL,'Y'),(0000051586,00002439,0000002696,'Student',NULL,NULL,'Y'),(0000051587,00002529,0000002696,'Student',NULL,NULL,'Y'),(0000051595,00002407,0000002749,'Student',NULL,NULL,'Y'),(0000051596,00002410,0000002749,'Student',NULL,NULL,'Y'),(0000051597,00002421,0000002749,'Student',NULL,NULL,'Y'),(0000051598,00002424,0000002749,'Student',NULL,NULL,'Y'),(0000051599,00002427,0000002749,'Student',NULL,NULL,'Y'),(0000051600,00002435,0000002749,'Student',NULL,NULL,'Y'),(0000051601,00002438,0000002749,'Student',NULL,NULL,'Y'),(0000051602,00002527,0000002749,'Student',NULL,NULL,'Y'),(0000051610,00002407,0000002580,'Student',NULL,NULL,'Y'),(0000051611,00002410,0000002580,'Student',NULL,NULL,'Y'),(0000051612,00002421,0000002580,'Student',NULL,NULL,'Y'),(0000051613,00002424,0000002580,'Student',NULL,NULL,'Y'),(0000051614,00002427,0000002580,'Student',NULL,NULL,'Y'),(0000051615,00002435,0000002580,'Student',NULL,NULL,'Y'),(0000051616,00002438,0000002580,'Student',NULL,NULL,'Y'),(0000051617,00002527,0000002580,'Student',NULL,NULL,'Y'),(0000051625,00002407,0000002624,'Student',NULL,NULL,'Y'),(0000051626,00002410,0000002624,'Student',NULL,NULL,'Y'),(0000051627,00002421,0000002624,'Student',NULL,NULL,'Y'),(0000051628,00002424,0000002624,'Student',NULL,NULL,'Y'),(0000051629,00002427,0000002624,'Student',NULL,NULL,'Y'),(0000051630,00002435,0000002624,'Student',NULL,NULL,'Y'),(0000051631,00002438,0000002624,'Student',NULL,NULL,'Y'),(0000051632,00002527,0000002624,'Student',NULL,NULL,'Y'),(0000051640,00002407,0000002654,'Student',NULL,NULL,'Y'),(0000051641,00002410,0000002654,'Student',NULL,NULL,'Y'),(0000051642,00002421,0000002654,'Student',NULL,NULL,'Y'),(0000051643,00002424,0000002654,'Student',NULL,NULL,'Y'),(0000051644,00002427,0000002654,'Student',NULL,NULL,'Y'),(0000051645,00002435,0000002654,'Student',NULL,NULL,'Y'),(0000051646,00002438,0000002654,'Student',NULL,NULL,'Y'),(0000051647,00002527,0000002654,'Student',NULL,NULL,'Y'),(0000051655,00002407,0000002666,'Student',NULL,NULL,'Y'),(0000051656,00002410,0000002666,'Student',NULL,NULL,'Y'),(0000051657,00002421,0000002666,'Student',NULL,NULL,'Y'),(0000051658,00002424,0000002666,'Student',NULL,NULL,'Y'),(0000051659,00002427,0000002666,'Student',NULL,NULL,'Y'),(0000051660,00002435,0000002666,'Student',NULL,NULL,'Y'),(0000051661,00002438,0000002666,'Student',NULL,NULL,'Y'),(0000051662,00002527,0000002666,'Student',NULL,NULL,'Y'),(0000051670,00002407,0000002466,'Student',NULL,NULL,'Y'),(0000051671,00002410,0000002466,'Student',NULL,NULL,'Y'),(0000051672,00002421,0000002466,'Student',NULL,NULL,'Y'),(0000051673,00002424,0000002466,'Student',NULL,NULL,'Y'),(0000051674,00002427,0000002466,'Student',NULL,NULL,'Y'),(0000051675,00002435,0000002466,'Student',NULL,NULL,'Y'),(0000051676,00002438,0000002466,'Student',NULL,NULL,'Y'),(0000051677,00002527,0000002466,'Student',NULL,NULL,'Y'),(0000051685,00002407,0000002686,'Student',NULL,NULL,'Y'),(0000051686,00002410,0000002686,'Student',NULL,NULL,'Y'),(0000051687,00002421,0000002686,'Student',NULL,NULL,'Y'),(0000051688,00002424,0000002686,'Student',NULL,NULL,'Y'),(0000051689,00002427,0000002686,'Student',NULL,NULL,'Y'),(0000051690,00002435,0000002686,'Student',NULL,NULL,'Y'),(0000051691,00002438,0000002686,'Student',NULL,NULL,'Y'),(0000051692,00002527,0000002686,'Student',NULL,NULL,'Y'),(0000051700,00002407,0000002726,'Student',NULL,NULL,'Y'),(0000051701,00002410,0000002726,'Student',NULL,NULL,'Y'),(0000051702,00002421,0000002726,'Student',NULL,NULL,'Y'),(0000051703,00002424,0000002726,'Student',NULL,NULL,'Y'),(0000051704,00002427,0000002726,'Student',NULL,NULL,'Y'),(0000051705,00002435,0000002726,'Student',NULL,NULL,'Y'),(0000051706,00002438,0000002726,'Student',NULL,NULL,'Y'),(0000051707,00002527,0000002726,'Student',NULL,NULL,'Y'),(0000051715,00002407,0000002586,'Student',NULL,NULL,'Y'),(0000051716,00002410,0000002586,'Student',NULL,NULL,'Y'),(0000051717,00002421,0000002586,'Student',NULL,NULL,'Y'),(0000051718,00002424,0000002586,'Student',NULL,NULL,'Y'),(0000051719,00002427,0000002586,'Student',NULL,NULL,'Y'),(0000051720,00002435,0000002586,'Student',NULL,NULL,'Y'),(0000051721,00002438,0000002586,'Student',NULL,NULL,'Y'),(0000051722,00002527,0000002586,'Student',NULL,NULL,'Y'),(0000051730,00002407,0000002639,'Student',NULL,NULL,'Y'),(0000051731,00002410,0000002639,'Student',NULL,NULL,'Y'),(0000051732,00002421,0000002639,'Student',NULL,NULL,'Y'),(0000051733,00002424,0000002639,'Student',NULL,NULL,'Y'),(0000051734,00002427,0000002639,'Student',NULL,NULL,'Y'),(0000051735,00002435,0000002639,'Student',NULL,NULL,'Y'),(0000051736,00002438,0000002639,'Student',NULL,NULL,'Y'),(0000051737,00002527,0000002639,'Student',NULL,NULL,'Y'),(0000051745,00002407,0000002473,'Student',NULL,NULL,'Y'),(0000051746,00002410,0000002473,'Student',NULL,NULL,'Y'),(0000051747,00002421,0000002473,'Student',NULL,NULL,'Y'),(0000051748,00002424,0000002473,'Student',NULL,NULL,'Y'),(0000051749,00002427,0000002473,'Student',NULL,NULL,'Y'),(0000051750,00002435,0000002473,'Student',NULL,NULL,'Y'),(0000051751,00002438,0000002473,'Student',NULL,NULL,'Y'),(0000051752,00002527,0000002473,'Student',NULL,NULL,'Y'),(0000051760,00002407,0000002433,'Student',NULL,NULL,'Y'),(0000051761,00002410,0000002433,'Student',NULL,NULL,'Y'),(0000051762,00002421,0000002433,'Student',NULL,NULL,'Y'),(0000051763,00002424,0000002433,'Student',NULL,NULL,'Y'),(0000051764,00002427,0000002433,'Student',NULL,NULL,'Y'),(0000051765,00002435,0000002433,'Student',NULL,NULL,'Y'),(0000051766,00002438,0000002433,'Student',NULL,NULL,'Y'),(0000051767,00002527,0000002433,'Student',NULL,NULL,'Y'),(0000051775,00002407,0000002711,'Student',NULL,NULL,'Y'),(0000051776,00002410,0000002711,'Student',NULL,NULL,'Y'),(0000051777,00002421,0000002711,'Student',NULL,NULL,'Y'),(0000051778,00002424,0000002711,'Student',NULL,NULL,'Y'),(0000051779,00002427,0000002711,'Student',NULL,NULL,'Y'),(0000051780,00002435,0000002711,'Student',NULL,NULL,'Y'),(0000051781,00002438,0000002711,'Student',NULL,NULL,'Y'),(0000051782,00002527,0000002711,'Student',NULL,NULL,'Y'),(0000051790,00002407,0000002436,'Student',NULL,NULL,'Y'),(0000051791,00002410,0000002436,'Student',NULL,NULL,'Y'),(0000051792,00002421,0000002436,'Student',NULL,NULL,'Y'),(0000051793,00002424,0000002436,'Student',NULL,NULL,'Y'),(0000051794,00002427,0000002436,'Student',NULL,NULL,'Y'),(0000051795,00002435,0000002436,'Student',NULL,NULL,'Y'),(0000051796,00002438,0000002436,'Student',NULL,NULL,'Y'),(0000051797,00002527,0000002436,'Student',NULL,NULL,'Y'),(0000051805,00002407,0000002479,'Student',NULL,NULL,'Y'),(0000051806,00002410,0000002479,'Student',NULL,NULL,'Y'),(0000051807,00002421,0000002479,'Student',NULL,NULL,'Y'),(0000051808,00002424,0000002479,'Student',NULL,NULL,'Y'),(0000051809,00002427,0000002479,'Student',NULL,NULL,'Y'),(0000051810,00002435,0000002479,'Student',NULL,NULL,'Y'),(0000051811,00002438,0000002479,'Student',NULL,NULL,'Y'),(0000051812,00002527,0000002479,'Student',NULL,NULL,'Y'),(0000051820,00002407,0000002427,'Student',NULL,NULL,'Y'),(0000051821,00002410,0000002427,'Student',NULL,NULL,'Y'),(0000051822,00002421,0000002427,'Student',NULL,NULL,'Y'),(0000051823,00002424,0000002427,'Student',NULL,NULL,'Y'),(0000051824,00002427,0000002427,'Student',NULL,NULL,'Y'),(0000051825,00002435,0000002427,'Student',NULL,NULL,'Y'),(0000051826,00002438,0000002427,'Student',NULL,NULL,'Y'),(0000051827,00002527,0000002427,'Student',NULL,NULL,'Y'),(0000051835,00002407,0000002689,'Student',NULL,NULL,'Y'),(0000051836,00002410,0000002689,'Student',NULL,NULL,'Y'),(0000051837,00002421,0000002689,'Student',NULL,NULL,'Y'),(0000051838,00002424,0000002689,'Student',NULL,NULL,'Y'),(0000051839,00002427,0000002689,'Student',NULL,NULL,'Y'),(0000051840,00002435,0000002689,'Student',NULL,NULL,'Y'),(0000051841,00002438,0000002689,'Student',NULL,NULL,'Y'),(0000051842,00002527,0000002689,'Student',NULL,NULL,'Y'),(0000051850,00002407,0000002708,'Student',NULL,NULL,'Y'),(0000051851,00002410,0000002708,'Student',NULL,NULL,'Y'),(0000051852,00002421,0000002708,'Student',NULL,NULL,'Y'),(0000051853,00002424,0000002708,'Student',NULL,NULL,'Y'),(0000051854,00002427,0000002708,'Student',NULL,NULL,'Y'),(0000051855,00002435,0000002708,'Student',NULL,NULL,'Y'),(0000051856,00002438,0000002708,'Student',NULL,NULL,'Y'),(0000051857,00002527,0000002708,'Student',NULL,NULL,'Y'),(0000051865,00002407,0000002670,'Student',NULL,NULL,'Y'),(0000051866,00002410,0000002670,'Student',NULL,NULL,'Y'),(0000051867,00002421,0000002670,'Student',NULL,NULL,'Y'),(0000051868,00002424,0000002670,'Student',NULL,NULL,'Y'),(0000051869,00002427,0000002670,'Student',NULL,NULL,'Y'),(0000051870,00002435,0000002670,'Student',NULL,NULL,'Y'),(0000051871,00002438,0000002670,'Student',NULL,NULL,'Y'),(0000051872,00002527,0000002670,'Student',NULL,NULL,'Y'),(0000051880,00002407,0000002576,'Student',NULL,NULL,'Y'),(0000051881,00002410,0000002576,'Student',NULL,NULL,'Y'),(0000051882,00002421,0000002576,'Student',NULL,NULL,'Y'),(0000051883,00002424,0000002576,'Student',NULL,NULL,'Y'),(0000051884,00002427,0000002576,'Student',NULL,NULL,'Y'),(0000051885,00002435,0000002576,'Student',NULL,NULL,'Y'),(0000051886,00002438,0000002576,'Student',NULL,NULL,'Y'),(0000051887,00002527,0000002576,'Student',NULL,NULL,'Y'),(0000051895,00002407,0000002566,'Student',NULL,NULL,'Y'),(0000051896,00002410,0000002566,'Student',NULL,NULL,'Y'),(0000051897,00002421,0000002566,'Student',NULL,NULL,'Y'),(0000051898,00002424,0000002566,'Student',NULL,NULL,'Y'),(0000051899,00002427,0000002566,'Student',NULL,NULL,'Y'),(0000051900,00002435,0000002566,'Student',NULL,NULL,'Y'),(0000051901,00002438,0000002566,'Student',NULL,NULL,'Y'),(0000051902,00002527,0000002566,'Student',NULL,NULL,'Y'),(0000051910,00002518,0000002618,'Student',NULL,NULL,'Y'),(0000051911,00002519,0000002618,'Student',NULL,NULL,'Y'),(0000051912,00002547,0000002618,'Student',NULL,NULL,'Y'),(0000051913,00002548,0000002618,'Student',NULL,NULL,'Y'),(0000051914,00002554,0000002618,'Student',NULL,NULL,'Y'),(0000051915,00002580,0000002618,'Student',NULL,NULL,'Y'),(0000051916,00002583,0000002618,'Student',NULL,NULL,'Y'),(0000051917,00002530,0000002618,'Student',NULL,NULL,'Y'),(0000051925,00002518,0000002573,'Student',NULL,NULL,'Y'),(0000051926,00002519,0000002573,'Student',NULL,NULL,'Y'),(0000051927,00002547,0000002573,'Student',NULL,NULL,'Y'),(0000051928,00002548,0000002573,'Student',NULL,NULL,'Y'),(0000051929,00002554,0000002573,'Student',NULL,NULL,'Y'),(0000051930,00002580,0000002573,'Student',NULL,NULL,'Y'),(0000051931,00002583,0000002573,'Student',NULL,NULL,'Y'),(0000051932,00002530,0000002573,'Student',NULL,NULL,'Y'),(0000051940,00002518,0000002592,'Student',NULL,NULL,'Y'),(0000051941,00002519,0000002592,'Student',NULL,NULL,'Y'),(0000051942,00002547,0000002592,'Student',NULL,NULL,'Y'),(0000051943,00002548,0000002592,'Student',NULL,NULL,'Y'),(0000051944,00002554,0000002592,'Student',NULL,NULL,'Y'),(0000051945,00002580,0000002592,'Student',NULL,NULL,'Y'),(0000051946,00002583,0000002592,'Student',NULL,NULL,'Y'),(0000051947,00002530,0000002592,'Student',NULL,NULL,'Y'),(0000051955,00002518,0000002583,'Student',NULL,NULL,'Y'),(0000051956,00002519,0000002583,'Student',NULL,NULL,'Y'),(0000051957,00002547,0000002583,'Student',NULL,NULL,'Y'),(0000051958,00002548,0000002583,'Student',NULL,NULL,'Y'),(0000051959,00002554,0000002583,'Student',NULL,NULL,'Y'),(0000051960,00002580,0000002583,'Student',NULL,NULL,'Y'),(0000051961,00002583,0000002583,'Student',NULL,NULL,'Y'),(0000051962,00002530,0000002583,'Student',NULL,NULL,'Y'),(0000051970,00002518,0000002705,'Student',NULL,NULL,'Y'),(0000051971,00002519,0000002705,'Student',NULL,NULL,'Y'),(0000051972,00002547,0000002705,'Student',NULL,NULL,'Y'),(0000051973,00002548,0000002705,'Student',NULL,NULL,'Y'),(0000051974,00002554,0000002705,'Student',NULL,NULL,'Y'),(0000051975,00002580,0000002705,'Student',NULL,NULL,'Y'),(0000051976,00002583,0000002705,'Student',NULL,NULL,'Y'),(0000051977,00002530,0000002705,'Student',NULL,NULL,'Y'),(0000051985,00002518,0000002660,'Student',NULL,NULL,'Y'),(0000051986,00002519,0000002660,'Student',NULL,NULL,'Y'),(0000051987,00002547,0000002660,'Student',NULL,NULL,'Y'),(0000051988,00002548,0000002660,'Student',NULL,NULL,'Y'),(0000051989,00002554,0000002660,'Student',NULL,NULL,'Y'),(0000051990,00002580,0000002660,'Student',NULL,NULL,'Y'),(0000051991,00002583,0000002660,'Student',NULL,NULL,'Y'),(0000051992,00002530,0000002660,'Student',NULL,NULL,'Y'),(0000052000,00002518,0000002598,'Student',NULL,NULL,'Y'),(0000052001,00002519,0000002598,'Student',NULL,NULL,'Y'),(0000052002,00002547,0000002598,'Student',NULL,NULL,'Y'),(0000052003,00002548,0000002598,'Student',NULL,NULL,'Y'),(0000052004,00002554,0000002598,'Student',NULL,NULL,'Y'),(0000052005,00002580,0000002598,'Student',NULL,NULL,'Y'),(0000052006,00002583,0000002598,'Student',NULL,NULL,'Y'),(0000052007,00002530,0000002598,'Student',NULL,NULL,'Y'),(0000052015,00002518,0000002589,'Student',NULL,NULL,'Y'),(0000052016,00002519,0000002589,'Student',NULL,NULL,'Y'),(0000052017,00002547,0000002589,'Student',NULL,NULL,'Y'),(0000052018,00002548,0000002589,'Student',NULL,NULL,'Y'),(0000052019,00002554,0000002589,'Student',NULL,NULL,'Y'),(0000052020,00002580,0000002589,'Student',NULL,NULL,'Y'),(0000052021,00002583,0000002589,'Student',NULL,NULL,'Y'),(0000052022,00002530,0000002589,'Student',NULL,NULL,'Y'),(0000052030,00002518,0000002604,'Student',NULL,NULL,'Y'),(0000052031,00002519,0000002604,'Student',NULL,NULL,'Y'),(0000052032,00002547,0000002604,'Student',NULL,NULL,'Y'),(0000052033,00002548,0000002604,'Student',NULL,NULL,'Y'),(0000052034,00002554,0000002604,'Student',NULL,NULL,'Y'),(0000052035,00002580,0000002604,'Student',NULL,NULL,'Y'),(0000052036,00002583,0000002604,'Student',NULL,NULL,'Y'),(0000052037,00002530,0000002604,'Student',NULL,NULL,'Y'),(0000052045,00002518,0000002425,'Student',NULL,NULL,'Y'),(0000052046,00002519,0000002425,'Student',NULL,NULL,'Y'),(0000052047,00002547,0000002425,'Student',NULL,NULL,'Y'),(0000052048,00002548,0000002425,'Student',NULL,NULL,'Y'),(0000052049,00002554,0000002425,'Student',NULL,NULL,'Y'),(0000052050,00002580,0000002425,'Student',NULL,NULL,'Y'),(0000052051,00002583,0000002425,'Student',NULL,NULL,'Y'),(0000052052,00002530,0000002425,'Student',NULL,NULL,'Y'),(0000052060,00002518,0000002676,'Student',NULL,NULL,'Y'),(0000052061,00002519,0000002676,'Student',NULL,NULL,'Y'),(0000052062,00002547,0000002676,'Student',NULL,NULL,'Y'),(0000052063,00002548,0000002676,'Student',NULL,NULL,'Y'),(0000052064,00002554,0000002676,'Student',NULL,NULL,'Y'),(0000052065,00002580,0000002676,'Student',NULL,NULL,'Y'),(0000052066,00002583,0000002676,'Student',NULL,NULL,'Y'),(0000052067,00002530,0000002676,'Student',NULL,NULL,'Y'),(0000052075,00002518,0000002595,'Student',NULL,NULL,'Y'),(0000052076,00002519,0000002595,'Student',NULL,NULL,'Y'),(0000052077,00002547,0000002595,'Student',NULL,NULL,'Y'),(0000052078,00002548,0000002595,'Student',NULL,NULL,'Y'),(0000052079,00002554,0000002595,'Student',NULL,NULL,'Y'),(0000052080,00002580,0000002595,'Student',NULL,NULL,'Y'),(0000052081,00002583,0000002595,'Student',NULL,NULL,'Y'),(0000052082,00002530,0000002595,'Student',NULL,NULL,'Y'),(0000052090,00002518,0000002700,'Student',NULL,NULL,'Y'),(0000052091,00002519,0000002700,'Student',NULL,NULL,'Y'),(0000052092,00002547,0000002700,'Student',NULL,NULL,'Y'),(0000052093,00002548,0000002700,'Student',NULL,NULL,'Y'),(0000052094,00002554,0000002700,'Student',NULL,NULL,'Y'),(0000052095,00002580,0000002700,'Student',NULL,NULL,'Y'),(0000052096,00002583,0000002700,'Student',NULL,NULL,'Y'),(0000052097,00002530,0000002700,'Student',NULL,NULL,'Y'),(0000052105,00002518,0000002463,'Student',NULL,NULL,'Y'),(0000052106,00002519,0000002463,'Student',NULL,NULL,'Y'),(0000052107,00002547,0000002463,'Student',NULL,NULL,'Y'),(0000052108,00002548,0000002463,'Student',NULL,NULL,'Y'),(0000052109,00002554,0000002463,'Student',NULL,NULL,'Y'),(0000052110,00002580,0000002463,'Student',NULL,NULL,'Y'),(0000052111,00002583,0000002463,'Student',NULL,NULL,'Y'),(0000052112,00002530,0000002463,'Student',NULL,NULL,'Y'),(0000052120,00002518,0000002648,'Student',NULL,NULL,'Y'),(0000052121,00002519,0000002648,'Student',NULL,NULL,'Y'),(0000052122,00002547,0000002648,'Student',NULL,NULL,'Y'),(0000052123,00002548,0000002648,'Student',NULL,NULL,'Y'),(0000052124,00002554,0000002648,'Student',NULL,NULL,'Y'),(0000052125,00002580,0000002648,'Student',NULL,NULL,'Y'),(0000052126,00002583,0000002648,'Student',NULL,NULL,'Y'),(0000052127,00002530,0000002648,'Student',NULL,NULL,'Y'),(0000052135,00002518,0000002761,'Student',NULL,NULL,'Y'),(0000052136,00002519,0000002761,'Student',NULL,NULL,'Y'),(0000052137,00002547,0000002761,'Student',NULL,NULL,'Y'),(0000052138,00002548,0000002761,'Student',NULL,NULL,'Y'),(0000052139,00002554,0000002761,'Student',NULL,NULL,'Y'),(0000052140,00002580,0000002761,'Student',NULL,NULL,'Y'),(0000052141,00002583,0000002761,'Student',NULL,NULL,'Y'),(0000052142,00002530,0000002761,'Student',NULL,NULL,'Y'),(0000052150,00002518,0000002714,'Student',NULL,NULL,'Y'),(0000052151,00002519,0000002714,'Student',NULL,NULL,'Y'),(0000052152,00002547,0000002714,'Student',NULL,NULL,'Y'),(0000052153,00002548,0000002714,'Student',NULL,NULL,'Y'),(0000052154,00002554,0000002714,'Student',NULL,NULL,'Y'),(0000052155,00002580,0000002714,'Student',NULL,NULL,'Y'),(0000052156,00002583,0000002714,'Student',NULL,NULL,'Y'),(0000052157,00002530,0000002714,'Student',NULL,NULL,'Y'),(0000052165,00002518,0000002680,'Student',NULL,NULL,'Y'),(0000052166,00002519,0000002680,'Student',NULL,NULL,'Y'),(0000052167,00002547,0000002680,'Student',NULL,NULL,'Y'),(0000052168,00002548,0000002680,'Student',NULL,NULL,'Y'),(0000052169,00002554,0000002680,'Student',NULL,NULL,'Y'),(0000052170,00002580,0000002680,'Student',NULL,NULL,'Y'),(0000052171,00002583,0000002680,'Student',NULL,NULL,'Y'),(0000052172,00002530,0000002680,'Student',NULL,NULL,'Y'),(0000052180,00002407,0000002570,'Student',NULL,NULL,'Y'),(0000052181,00002410,0000002570,'Student',NULL,NULL,'Y'),(0000052182,00002421,0000002570,'Student',NULL,NULL,'Y'),(0000052183,00002424,0000002570,'Student',NULL,NULL,'Y'),(0000052184,00002427,0000002570,'Student',NULL,NULL,'Y'),(0000052185,00002435,0000002570,'Student',NULL,NULL,'Y'),(0000052186,00002438,0000002570,'Student',NULL,NULL,'Y'),(0000052187,00002527,0000002570,'Student',NULL,NULL,'Y'),(0000052195,00002408,0000002702,'Student',NULL,NULL,'Y'),(0000052196,00002411,0000002702,'Student',NULL,NULL,'Y'),(0000052197,00002422,0000002702,'Student',NULL,NULL,'Y'),(0000052198,00002425,0000002702,'Student',NULL,NULL,'Y'),(0000052199,00002428,0000002702,'Student',NULL,NULL,'Y'),(0000052200,00002436,0000002702,'Student',NULL,NULL,'Y'),(0000052201,00002439,0000002702,'Student',NULL,NULL,'Y'),(0000052202,00002529,0000002702,'Student',NULL,NULL,'Y'),(0000052213,00002484,0000002113,'Student',NULL,NULL,'Y'),(0000052214,00002484,0000001992,'Student',NULL,NULL,'Y'),(0000052215,00002484,0000001970,'Student',NULL,NULL,'Y'),(0000052216,00002484,0000002012,'Student',NULL,NULL,'Y'),(0000052217,00002484,0000001986,'Student',NULL,NULL,'Y'),(0000052218,00002484,0000002116,'Student',NULL,NULL,'Y'),(0000052219,00002484,0000002135,'Student',NULL,NULL,'Y'),(0000052220,00002484,0000002532,'Student',NULL,NULL,'Y'),(0000052221,00002484,0000002495,'Student',NULL,NULL,'Y'),(0000052222,00002507,0000001925,'Student',NULL,NULL,'Y'),(0000052223,00002507,0000001955,'Student',NULL,NULL,'Y'),(0000052224,00002507,0000001878,'Student',NULL,NULL,'Y'),(0000052225,00002507,0000001924,'Student',NULL,NULL,'Y'),(0000052226,00002507,0000001891,'Student',NULL,NULL,'Y'),(0000052227,00002507,0000001983,'Student',NULL,NULL,'Y'),(0000052228,00002507,0000002056,'Student',NULL,NULL,'Y'),(0000052229,00002507,0000001995,'Student',NULL,NULL,'Y'),(0000052230,00002507,0000001870,'Student',NULL,NULL,'Y'),(0000052231,00002507,0000001879,'Student',NULL,NULL,'Y'),(0000052232,00002507,0000002006,'Student',NULL,NULL,'Y'),(0000052233,00002507,0000001864,'Student',NULL,NULL,'Y'),(0000052234,00002507,0000002040,'Student',NULL,NULL,'Y'),(0000052235,00002507,0000002037,'Student',NULL,NULL,'Y'),(0000052236,00002507,0000001977,'Student',NULL,NULL,'Y'),(0000052237,00002507,0000001905,'Student',NULL,NULL,'Y'),(0000052238,00002507,0000001894,'Student',NULL,NULL,'Y'),(0000052239,00002507,0000001918,'Student',NULL,NULL,'Y'),(0000052240,00002507,0000001934,'Student',NULL,NULL,'Y'),(0000052241,00002507,0000001897,'Student',NULL,NULL,'Y'),(0000052242,00002507,0000002389,'Student',NULL,NULL,'Y'),(0000052243,00002507,0000002022,'Student',NULL,NULL,'Y'),(0000052244,00002507,0000002404,'Student',NULL,NULL,'Y'),(0000052245,00002507,0000002029,'Student',NULL,NULL,'Y'),(0000052246,00002507,0000001980,'Student',NULL,NULL,'Y'),(0000052247,00002507,0000001928,'Student',NULL,NULL,'Y'),(0000052248,00002507,0000001989,'Student',NULL,NULL,'Y'),(0000052249,00002507,0000002123,'Student',NULL,NULL,'Y'),(0000052250,00002507,0000001974,'Student',NULL,NULL,'Y'),(0000052251,00002507,0000001901,'Student',NULL,NULL,'Y'),(0000052252,00002507,0000001911,'Student',NULL,NULL,'Y'),(0000052253,00002493,0000001946,'Student',NULL,NULL,'Y'),(0000052254,00002493,0000002079,'Student',NULL,NULL,'Y'),(0000052255,00002493,0000001915,'Student',NULL,NULL,'Y'),(0000052256,00002493,0000001921,'Student',NULL,NULL,'Y'),(0000052257,00002493,0000001914,'Student',NULL,NULL,'Y'),(0000052258,00002493,0000001960,'Student',NULL,NULL,'Y'),(0000052259,00002493,0000002555,'Student',NULL,NULL,'Y'),(0000052260,00002493,0000001882,'Student',NULL,NULL,'Y'),(0000052261,00002493,0000001913,'Student',NULL,NULL,'Y'),(0000052262,00002493,0000002491,'Student',NULL,NULL,'Y'),(0000052263,00002493,0000001964,'Student',NULL,NULL,'Y'),(0000052264,00002493,0000001937,'Student',NULL,NULL,'Y'),(0000052265,00002493,0000002009,'Student',NULL,NULL,'Y'),(0000052266,00002493,0000002076,'Student',NULL,NULL,'Y'),(0000052267,00002493,0000002129,'Student',NULL,NULL,'Y'),(0000052268,00002493,0000002000,'Student',NULL,NULL,'Y'),(0000052269,00002493,0000001904,'Student',NULL,NULL,'Y'),(0000052270,00002493,0000002093,'Student',NULL,NULL,'Y'),(0000052271,00002493,0000002280,'Student',NULL,NULL,'Y'),(0000052272,00002493,0000001898,'Student',NULL,NULL,'Y'),(0000052273,00002493,0000002327,'Student',NULL,NULL,'Y'),(0000052274,00002493,0000002019,'Student',NULL,NULL,'Y'),(0000052275,00002493,0000001931,'Student',NULL,NULL,'Y'),(0000052276,00002280,0000001639,'Student',NULL,NULL,'Y'),(0000052277,00002280,0000001744,'Student',NULL,NULL,'Y'),(0000052278,00002280,0000001700,'Student',NULL,NULL,'Y'),(0000052279,00002280,0000001730,'Student',NULL,NULL,'Y'),(0000052280,00002280,0000002033,'Student',NULL,NULL,'Y'),(0000052281,00002280,0000002764,'Student',NULL,NULL,'Y'),(0000052282,00002286,0000001642,'Student',NULL,NULL,'Y'),(0000052283,00002286,0000001753,'Student',NULL,NULL,'Y'),(0000052284,00002286,0000001609,'Student',NULL,NULL,'Y'),(0000052285,00002286,0000001621,'Student',NULL,NULL,'Y'),(0000052286,00002286,0000002401,'Student',NULL,NULL,'Y'),(0000052287,00002286,0000001645,'Student',NULL,NULL,'Y'),(0000052288,00002286,0000001628,'Student',NULL,NULL,'Y'),(0000052289,00002286,0000001686,'Student',NULL,NULL,'Y'),(0000052290,00002286,0000001831,'Student',NULL,NULL,'Y'),(0000052291,00002286,0000001773,'Student',NULL,NULL,'Y'),(0000052292,00002286,0000002066,'Student',NULL,NULL,'Y'),(0000052293,00002286,0000001612,'Student',NULL,NULL,'Y'),(0000052294,00002286,0000001616,'Student',NULL,NULL,'Y'),(0000052295,00002286,0000002309,'Student',NULL,NULL,'Y'),(0000052296,00002286,0000001761,'Student',NULL,NULL,'Y'),(0000052297,00002286,0000001848,'Student',NULL,NULL,'Y'),(0000052298,00002286,0000002313,'Student',NULL,NULL,'Y'),(0000052299,00002286,0000002386,'Student',NULL,NULL,'Y'),(0000052300,00002286,0000001801,'Student',NULL,NULL,'Y'),(0000052301,00002286,0000001667,'Student',NULL,NULL,'Y'),(0000052302,00002286,0000001735,'Student',NULL,NULL,'Y'),(0000052303,00002286,0000001796,'Student',NULL,NULL,'Y'),(0000052304,00002286,0000002719,'Student',NULL,NULL,'Y'),(0000052305,00002287,0000001753,'Student',NULL,NULL,'Y'),(0000052306,00002524,0000001654,'Student',NULL,NULL,'Y'),(0000052307,00002287,0000001739,'Student',NULL,NULL,'Y'),(0000052308,00002524,0000002401,'Student',NULL,NULL,'Y'),(0000052309,00002287,0000001645,'Student',NULL,NULL,'Y'),(0000052310,00002524,0000001593,'Student',NULL,NULL,'Y'),(0000052311,00002287,0000002063,'Student',NULL,NULL,'Y'),(0000052312,00002524,0000001831,'Student',NULL,NULL,'Y'),(0000052313,00002287,0000001858,'Student',NULL,NULL,'Y'),(0000052314,00002524,0000001591,'Student',NULL,NULL,'Y'),(0000052315,00002287,0000001773,'Student',NULL,NULL,'Y'),(0000052316,00002524,0000002066,'Student',NULL,NULL,'Y'),(0000052317,00002287,0000001677,'Student',NULL,NULL,'Y'),(0000052318,00002524,0000001612,'Student',NULL,NULL,'Y'),(0000052319,00002287,0000001616,'Student',NULL,NULL,'Y'),(0000052320,00002524,0000001779,'Student',NULL,NULL,'Y'),(0000052321,00002287,0000001761,'Student',NULL,NULL,'Y'),(0000052322,00002524,0000001600,'Student',NULL,NULL,'Y'),(0000052323,00002287,0000001828,'Student',NULL,NULL,'Y'),(0000052324,00002524,0000002033,'Student',NULL,NULL,'Y'),(0000052325,00002287,0000002156,'Student',NULL,NULL,'Y'),(0000052326,00002524,0000001657,'Student',NULL,NULL,'Y'),(0000052327,00002287,0000001791,'Student',NULL,NULL,'Y'),(0000052328,00002524,0000002097,'Student',NULL,NULL,'Y'),(0000052329,00002287,0000002035,'Student',NULL,NULL,'Y'),(0000052330,00002524,0000001794,'Student',NULL,NULL,'Y'),(0000052331,00002287,0000001603,'Student',NULL,NULL,'Y'),(0000052332,00002524,0000002386,'Student',NULL,NULL,'Y'),(0000052333,00002287,0000001667,'Student',NULL,NULL,'Y'),(0000052334,00002524,0000001713,'Student',NULL,NULL,'Y'),(0000052335,00002287,0000002441,'Student',NULL,NULL,'Y'),(0000052336,00002524,0000001735,'Student',NULL,NULL,'Y'),(0000052337,00002287,0000001796,'Student',NULL,NULL,'Y'),(0000052338,00002524,0000002548,'Student',NULL,NULL,'Y'),(0000052339,00002287,0000002060,'Student',NULL,NULL,'Y'),(0000052340,00002293,0000001642,'Student',NULL,NULL,'Y'),(0000052341,00002293,0000001721,'Student',NULL,NULL,'Y'),(0000052342,00002293,0000001639,'Student',NULL,NULL,'Y'),(0000052343,00002293,0000001627,'Student',NULL,NULL,'Y'),(0000052344,00002293,0000001628,'Student',NULL,NULL,'Y'),(0000052345,00002293,0000001686,'Student',NULL,NULL,'Y'),(0000052346,00002293,0000001730,'Student',NULL,NULL,'Y'),(0000052347,00002293,0000002309,'Student',NULL,NULL,'Y'),(0000052348,00002293,0000001848,'Student',NULL,NULL,'Y'),(0000052349,00002294,0000001609,'Student',NULL,NULL,'Y'),(0000052350,00002294,0000001621,'Student',NULL,NULL,'Y'),(0000052351,00002294,0000002087,'Student',NULL,NULL,'Y'),(0000052352,00002294,0000001744,'Student',NULL,NULL,'Y'),(0000052353,00002294,0000001700,'Student',NULL,NULL,'Y'),(0000052354,00002294,0000002081,'Student',NULL,NULL,'Y'),(0000052355,00002294,0000002313,'Student',NULL,NULL,'Y'),(0000052356,00002294,0000001801,'Student',NULL,NULL,'Y'),(0000052357,00002294,0000002764,'Student',NULL,NULL,'Y'),(0000052358,00002301,0000001721,'Student',NULL,NULL,'Y'),(0000052359,00002301,0000001654,'Student',NULL,NULL,'Y'),(0000052360,00002301,0000001739,'Student',NULL,NULL,'Y'),(0000052361,00002301,0000002087,'Student',NULL,NULL,'Y'),(0000052362,00002301,0000001627,'Student',NULL,NULL,'Y'),(0000052363,00002301,0000001593,'Student',NULL,NULL,'Y'),(0000052364,00002301,0000002063,'Student',NULL,NULL,'Y'),(0000052365,00002301,0000002081,'Student',NULL,NULL,'Y'),(0000052366,00002301,0000001858,'Student',NULL,NULL,'Y'),(0000052367,00002301,0000001591,'Student',NULL,NULL,'Y'),(0000052368,00002301,0000001677,'Student',NULL,NULL,'Y'),(0000052369,00002301,0000001779,'Student',NULL,NULL,'Y'),(0000052370,00002301,0000001600,'Student',NULL,NULL,'Y'),(0000052371,00002301,0000001828,'Student',NULL,NULL,'Y'),(0000052372,00002301,0000002156,'Student',NULL,NULL,'Y'),(0000052373,00002301,0000001657,'Student',NULL,NULL,'Y'),(0000052374,00002301,0000001791,'Student',NULL,NULL,'Y'),(0000052375,00002301,0000002097,'Student',NULL,NULL,'Y'),(0000052376,00002301,0000002035,'Student',NULL,NULL,'Y'),(0000052377,00002301,0000001794,'Student',NULL,NULL,'Y'),(0000052378,00002301,0000001603,'Student',NULL,NULL,'Y'),(0000052379,00002301,0000001713,'Student',NULL,NULL,'Y'),(0000052380,00002301,0000002441,'Student',NULL,NULL,'Y'),(0000052381,00002301,0000002548,'Student',NULL,NULL,'Y'),(0000052382,00002365,0000000934,'Student',NULL,NULL,'Y'),(0000052383,00002366,0000000934,'Student',NULL,NULL,'Y'),(0000052384,00002336,0000001233,'Student',NULL,NULL,'Y'),(0000052385,00002336,0000001275,'Student',NULL,NULL,'Y'),(0000052386,00002336,0000001160,'Student',NULL,NULL,'Y'),(0000052387,00002336,0000002411,'Student',NULL,NULL,'Y'),(0000052388,00002336,0000001276,'Student',NULL,NULL,'Y'),(0000052389,00002336,0000001157,'Student',NULL,NULL,'Y'),(0000052390,00002336,0000001528,'Student',NULL,NULL,'Y'),(0000052391,00002336,0000001548,'Student',NULL,NULL,'Y'),(0000052392,00002336,0000001201,'Student',NULL,NULL,'Y'),(0000052393,00002336,0000001814,'Student',NULL,NULL,'Y'),(0000052394,00002336,0000001193,'Student',NULL,NULL,'Y'),(0000052395,00002336,0000001178,'Student',NULL,NULL,'Y'),(0000052396,00002336,0000001254,'Student',NULL,NULL,'Y'),(0000052397,00002336,0000002120,'Student',NULL,NULL,'Y'),(0000052398,00002336,0000001154,'Student',NULL,NULL,'Y'),(0000052399,00002336,0000001163,'Student',NULL,NULL,'Y'),(0000052400,00002336,0000001214,'Student',NULL,NULL,'Y'),(0000052401,00002336,0000001251,'Student',NULL,NULL,'Y'),(0000052402,00002336,0000001257,'Student',NULL,NULL,'Y'),(0000052403,00002336,0000001204,'Student',NULL,NULL,'Y'),(0000052404,00002336,0000001242,'Student',NULL,NULL,'Y'),(0000052405,00002337,0000002138,'Student',NULL,NULL,'Y'),(0000052406,00002337,0000001191,'Student',NULL,NULL,'Y'),(0000052407,00002337,0000002145,'Student',NULL,NULL,'Y'),(0000052408,00002337,0000001680,'Student',NULL,NULL,'Y'),(0000052409,00002339,0000001154,'Student',NULL,NULL,'Y'),(0000052410,00002339,0000001214,'Student',NULL,NULL,'Y'),(0000052411,00002339,0000001233,'Student',NULL,NULL,'Y'),(0000052412,00002339,0000001160,'Student',NULL,NULL,'Y'),(0000052413,00002339,0000002090,'Student',NULL,NULL,'Y'),(0000052414,00002339,0000001276,'Student',NULL,NULL,'Y'),(0000052415,00002339,0000001201,'Student',NULL,NULL,'Y'),(0000052416,00002339,0000001814,'Student',NULL,NULL,'Y'),(0000052417,00002339,0000002120,'Student',NULL,NULL,'Y'),(0000052418,00002339,0000001179,'Student',NULL,NULL,'Y'),(0000052419,00002339,0000001251,'Student',NULL,NULL,'Y'),(0000052420,00002340,0000001154,'Student',NULL,NULL,'N'),(0000052421,00002340,0000001214,'Student',NULL,NULL,'N'),(0000052422,00002340,0000001233,'Student',NULL,NULL,'N'),(0000052423,00002340,0000001160,'Student',NULL,NULL,'N'),(0000052424,00002340,0000002090,'Student',NULL,NULL,'N'),(0000052425,00002340,0000001276,'Student',NULL,NULL,'N'),(0000052426,00002340,0000001201,'Student',NULL,NULL,'N'),(0000052427,00002340,0000001814,'Student',NULL,NULL,'N'),(0000052428,00002340,0000002120,'Student',NULL,NULL,'N'),(0000052429,00002340,0000001179,'Student',NULL,NULL,'N'),(0000052430,00002340,0000001251,'Student',NULL,NULL,'N'),(0000052431,00002341,0000002090,'Student',NULL,NULL,'Y'),(0000052432,00002341,0000002411,'Student',NULL,NULL,'Y'),(0000052433,00002341,0000002353,'Student',NULL,NULL,'Y'),(0000052434,00002341,0000002145,'Student',NULL,NULL,'Y'),(0000052435,00002341,0000001214,'Student',NULL,NULL,'Y'),(0000052436,00002341,0000001201,'Student',NULL,NULL,'Y'),(0000052437,00002341,0000001814,'Student',NULL,NULL,'Y'),(0000052438,00002342,0000001236,'Student',NULL,NULL,'Y'),(0000052439,00002523,0000001233,'Student',NULL,NULL,'Y'),(0000052440,00002342,0000001257,'Student',NULL,NULL,'Y'),(0000052441,00002523,0000001204,'Student',NULL,NULL,'Y'),(0000052442,00002342,0000001245,'Student',NULL,NULL,'Y'),(0000052443,00002523,0000001200,'Student',NULL,NULL,'Y'),(0000052444,00002342,0000002103,'Student',NULL,NULL,'Y'),(0000052445,00002523,0000001163,'Student',NULL,NULL,'Y'),(0000052446,00002342,0000001548,'Student',NULL,NULL,'Y'),(0000052447,00002523,0000001254,'Student',NULL,NULL,'Y'),(0000052448,00002342,0000001275,'Student',NULL,NULL,'Y'),(0000052449,00002523,0000001191,'Student',NULL,NULL,'Y'),(0000052450,00002342,0000001157,'Student',NULL,NULL,'Y'),(0000052451,00002523,0000001226,'Student',NULL,NULL,'Y'),(0000052452,00002342,0000001259,'Student',NULL,NULL,'Y'),(0000052453,00002523,0000001179,'Student',NULL,NULL,'Y'),(0000052454,00002342,0000001178,'Student',NULL,NULL,'Y'),(0000052455,00002523,0000002120,'Student',NULL,NULL,'Y'),(0000052456,00002342,0000001154,'Student',NULL,NULL,'Y'),(0000052457,00002523,0000001160,'Student',NULL,NULL,'Y'),(0000052458,00002342,0000001276,'Student',NULL,NULL,'Y'),(0000052459,00002523,0000001528,'Student',NULL,NULL,'Y'),(0000052460,00002342,0000001251,'Student',NULL,NULL,'Y'),(0000052461,00002343,0000001191,'Student',NULL,NULL,'Y'),(0000052462,00002343,0000001179,'Student',NULL,NULL,'Y'),(0000052463,00002343,0000002103,'Student',NULL,NULL,'Y'),(0000052464,00002525,0000001191,'Student',NULL,NULL,'N'),(0000052465,00002525,0000001179,'Student',NULL,NULL,'N'),(0000052466,00002525,0000002103,'Student',NULL,NULL,'N'),(0000052467,00002525,0000001226,'Student',NULL,NULL,'Y'),(0000052468,00002525,0000001814,'Student',NULL,NULL,'Y'),(0000052469,00002525,0000001236,'Student',NULL,NULL,'Y'),(0000052470,00002525,0000002353,'Student',NULL,NULL,'Y'),(0000052471,00002525,0000001259,'Student',NULL,NULL,'Y'),(0000052472,00002344,0000001254,'Student',NULL,NULL,'Y'),(0000052474,00002344,0000001257,'Student',NULL,NULL,'Y'),(0000052475,00002546,0000001680,'Student',NULL,NULL,'Y'),(0000052476,00002344,0000001163,'Student',NULL,NULL,'Y'),(0000052477,00002546,0000002353,'Student',NULL,NULL,'Y'),(0000052478,00002344,0000001275,'Student',NULL,NULL,'Y'),(0000052479,00002546,0000001204,'Student',NULL,NULL,'Y'),(0000052480,00002344,0000001191,'Student',NULL,NULL,'Y'),(0000052481,00002546,0000001242,'Student',NULL,NULL,'Y'),(0000052482,00002344,0000001179,'Student',NULL,NULL,'Y'),(0000052483,00002546,0000001233,'Student',NULL,NULL,'Y'),(0000052485,00002546,0000001160,'Student',NULL,NULL,'Y'),(0000052486,00002344,0000001276,'Student',NULL,NULL,'Y'),(0000052487,00002546,0000001157,'Student',NULL,NULL,'Y'),(0000052488,00002344,0000001245,'Student',NULL,NULL,'Y'),(0000052489,00002546,0000001528,'Student',NULL,NULL,'Y'),(0000052490,00002344,0000001548,'Student',NULL,NULL,'Y'),(0000052491,00002546,0000001193,'Student',NULL,NULL,'Y'),(0000052492,00002345,0000001259,'Student',NULL,NULL,'Y'),(0000052493,00002345,0000001201,'Student',NULL,NULL,'Y'),(0000052494,00002345,0000002100,'Student',NULL,NULL,'Y'),(0000052495,00002345,0000002145,'Student',NULL,NULL,'Y'),(0000052496,00002345,0000001200,'Student',NULL,NULL,'Y'),(0000052497,00002345,0000002103,'Student',NULL,NULL,'Y'),(0000052498,00002345,0000001814,'Student',NULL,NULL,'Y'),(0000052499,00002345,0000001251,'Student',NULL,NULL,'Y'),(0000052500,00002345,0000001236,'Student',NULL,NULL,'Y'),(0000052501,00002345,0000002411,'Student',NULL,NULL,'Y'),(0000052502,00002345,0000002090,'Student',NULL,NULL,'Y'),(0000052503,00002345,0000001226,'Student',NULL,NULL,'Y'),(0000052504,00002345,0000001214,'Student',NULL,NULL,'Y'),(0000052505,00002345,0000001178,'Student',NULL,NULL,'Y'),(0000052506,00002346,0000001160,'Student',NULL,NULL,'Y'),(0000052507,00002346,0000001276,'Student',NULL,NULL,'Y'),(0000052508,00002346,0000001680,'Student',NULL,NULL,'Y'),(0000052509,00002346,0000001214,'Student',NULL,NULL,'Y'),(0000052510,00002346,0000001251,'Student',NULL,NULL,'Y'),(0000052511,00002346,0000002120,'Student',NULL,NULL,'Y'),(0000052512,00002346,0000001528,'Student',NULL,NULL,'Y'),(0000052513,00002346,0000001201,'Student',NULL,NULL,'Y'),(0000052514,00002346,0000001193,'Student',NULL,NULL,'Y'),(0000052515,00002346,0000001233,'Student',NULL,NULL,'Y'),(0000052516,00002346,0000001257,'Student',NULL,NULL,'Y'),(0000052517,00002346,0000001179,'Student',NULL,NULL,'Y'),(0000052518,00002346,0000001163,'Student',NULL,NULL,'Y'),(0000052519,00002346,0000001548,'Student',NULL,NULL,'Y'),(0000052520,00002348,0000001204,'Student',NULL,NULL,'Y'),(0000052521,00002348,0000001245,'Student',NULL,NULL,'Y'),(0000052522,00002348,0000001226,'Student',NULL,NULL,'Y'),(0000052523,00002348,0000001528,'Student',NULL,NULL,'Y'),(0000052524,00002348,0000001193,'Student',NULL,NULL,'Y'),(0000052525,00002348,0000001236,'Student',NULL,NULL,'Y'),(0000052526,00002348,0000001680,'Student',NULL,NULL,'Y'),(0000052527,00002348,0000001259,'Student',NULL,NULL,'Y'),(0000052528,00002349,0000001204,'Student',NULL,NULL,'N'),(0000052529,00002349,0000001245,'Student',NULL,NULL,'N'),(0000052530,00002349,0000001226,'Student',NULL,NULL,'N'),(0000052531,00002349,0000001528,'Student',NULL,NULL,'N'),(0000052532,00002349,0000001193,'Student',NULL,NULL,'N'),(0000052533,00002349,0000001236,'Student',NULL,NULL,'N'),(0000052534,00002349,0000001680,'Student',NULL,NULL,'N'),(0000052535,00002349,0000001259,'Student',NULL,NULL,'N'),(0000052536,00002551,0000001245,'Student',NULL,NULL,'Y'),(0000052537,00002350,0000001245,'Student',NULL,NULL,'N'),(0000052538,00002350,0000001154,'Student',NULL,NULL,'Y'),(0000052539,00002350,0000001254,'Student',NULL,NULL,'Y'),(0000052540,00002577,0000001200,'Student',NULL,NULL,'Y'),(0000052541,00002577,0000001226,'Student',NULL,NULL,'Y'),(0000052542,00002577,0000001259,'Student',NULL,NULL,'Y'),(0000052543,00002577,0000001251,'Student',NULL,NULL,'Y'),(0000052544,00002577,0000001236,'Student',NULL,NULL,'Y'),(0000052545,00002577,0000002103,'Student',NULL,NULL,'Y'),(0000052546,00002578,0000002120,'Student',NULL,NULL,'Y'),(0000052547,00002578,0000002090,'Student',NULL,NULL,'Y'),(0000052548,00002578,0000001157,'Student',NULL,NULL,'Y'),(0000052549,00002578,0000001242,'Student',NULL,NULL,'Y'),(0000052550,00002578,0000001179,'Student',NULL,NULL,'Y'),(0000052551,00002578,0000001233,'Student',NULL,NULL,'Y'),(0000052552,00002578,0000001257,'Student',NULL,NULL,'Y'),(0000052553,00002578,0000001154,'Student',NULL,NULL,'Y'),(0000052554,00002578,0000001160,'Student',NULL,NULL,'Y'),(0000052555,00002578,0000001276,'Student',NULL,NULL,'Y'),(0000052556,00002578,0000001245,'Student',NULL,NULL,'Y'),(0000052557,00002578,0000001163,'Student',NULL,NULL,'Y'),(0000052558,00002578,0000001214,'Student',NULL,NULL,'Y'),(0000052559,00002578,0000001275,'Student',NULL,NULL,'Y'),(0000052560,00002578,0000001204,'Student',NULL,NULL,'Y'),(0000052561,00002578,0000001201,'Student',NULL,NULL,'Y'),(0000052562,00002578,0000001814,'Student',NULL,NULL,'Y'),(0000052563,00002579,0000001254,'Student',NULL,NULL,'Y'),(0000052564,00002579,0000001191,'Student',NULL,NULL,'Y'),(0000052565,00002579,0000002411,'Student',NULL,NULL,'Y'),(0000052566,00002579,0000002145,'Student',NULL,NULL,'Y'),(0000052567,00002579,0000001528,'Student',NULL,NULL,'Y'),(0000052568,00002579,0000001193,'Student',NULL,NULL,'Y'),(0000052569,00002579,0000001178,'Student',NULL,NULL,'Y'),(0000052570,00002579,0000001680,'Student',NULL,NULL,'Y'),(0000052571,00002579,0000001548,'Student',NULL,NULL,'Y'),(0000052572,00002579,0000002100,'Student',NULL,NULL,'Y'),(0000052573,00002579,0000002138,'Student',NULL,NULL,'Y'),(0000052574,00002359,0000001236,'Student',NULL,NULL,'Y'),(0000052575,00002359,0000002103,'Student',NULL,NULL,'Y'),(0000052576,00002359,0000001200,'Student',NULL,NULL,'Y'),(0000052577,00002359,0000001259,'Student',NULL,NULL,'Y'),(0000052578,00002359,0000001226,'Student',NULL,NULL,'Y'),(0000052579,00002360,0000001236,'Student',NULL,NULL,'N'),(0000052580,00002360,0000002103,'Student',NULL,NULL,'N'),(0000052581,00002360,0000001200,'Student',NULL,NULL,'N'),(0000052582,00002360,0000001259,'Student',NULL,NULL,'N'),(0000052583,00002360,0000001226,'Student',NULL,NULL,'N'),(0000052584,00002360,0000001275,'Student',NULL,NULL,'Y'),(0000052585,00002360,0000001157,'Student',NULL,NULL,'Y'),(0000052586,00002360,0000001245,'Student',NULL,NULL,'Y'),(0000052587,00002360,0000001242,'Student',NULL,NULL,'Y'),(0000052588,00002360,0000002138,'Student',NULL,NULL,'Y'),(0000052589,00002361,0000002145,'Student',NULL,NULL,'Y'),(0000052590,00002361,0000001257,'Student',NULL,NULL,'Y'),(0000052591,00002361,0000001157,'Student',NULL,NULL,'Y'),(0000052592,00002361,0000001548,'Student',NULL,NULL,'Y'),(0000052593,00002361,0000001178,'Student',NULL,NULL,'Y'),(0000052594,00002361,0000001275,'Student',NULL,NULL,'Y'),(0000052595,00002361,0000002411,'Student',NULL,NULL,'Y'),(0000052596,00002361,0000001200,'Student',NULL,NULL,'Y'),(0000052597,00002361,0000001163,'Student',NULL,NULL,'Y'),(0000052598,00002582,0000002145,'Student',NULL,NULL,'N'),(0000052599,00002582,0000001257,'Student',NULL,NULL,'N'),(0000052600,00002582,0000001157,'Student',NULL,NULL,'N'),(0000052601,00002582,0000001548,'Student',NULL,NULL,'N'),(0000052602,00002582,0000001178,'Student',NULL,NULL,'N'),(0000052603,00002582,0000001275,'Student',NULL,NULL,'N'),(0000052604,00002582,0000002411,'Student',NULL,NULL,'N'),(0000052605,00002582,0000001200,'Student',NULL,NULL,'N'),(0000052606,00002582,0000001163,'Student',NULL,NULL,'N'),(0000052607,00002582,0000002353,'Student',NULL,NULL,'Y'),(0000052608,00002582,0000001204,'Student',NULL,NULL,'Y'),(0000052609,00002582,0000002090,'Student',NULL,NULL,'Y'),(0000052610,00002582,0000001242,'Student',NULL,NULL,'Y'),(0000052611,00002582,0000002103,'Student',NULL,NULL,'Y'),(0000052612,00002582,0000002100,'Student',NULL,NULL,'Y'),(0000052613,00002363,0000001242,'Student',NULL,NULL,'Y'),(0000052614,00002363,0000001680,'Student',NULL,NULL,'Y'),(0000052615,00002364,0000001242,'Student',NULL,NULL,'N'),(0000052616,00002364,0000001680,'Student',NULL,NULL,'N'),(0000052617,00002364,0000001193,'Student',NULL,NULL,'Y'),(0000052618,00002365,0000001254,'Student',NULL,NULL,'Y'),(0000052619,00002365,0000001191,'Student',NULL,NULL,'Y'),(0000052620,00002366,0000001254,'Student',NULL,NULL,'N'),(0000052621,00002366,0000001191,'Student',NULL,NULL,'N'),(0000052622,00002587,0000002145,'Student',NULL,NULL,'Y'),(0000052623,00002587,0000002090,'Student',NULL,NULL,'Y'),(0000052624,00002587,0000001178,'Student',NULL,NULL,'Y'),(0000052625,00002588,0000002145,'Student',NULL,NULL,'N'),(0000052626,00002588,0000002090,'Student',NULL,NULL,'N'),(0000052627,00002588,0000001178,'Student',NULL,NULL,'N'),(0000052628,00002588,0000002411,'Student',NULL,NULL,'Y'),(0000052629,00002588,0000001200,'Student',NULL,NULL,'Y'),(0000052630,00002414,0000002472,'Student',NULL,NULL,'Y'),(0000052631,00002414,0000002615,'Student',NULL,NULL,'Y'),(0000052632,00002414,0000002683,'Student',NULL,NULL,'Y'),(0000052633,00002414,0000002636,'Student',NULL,NULL,'Y'),(0000052634,00002414,0000002450,'Student',NULL,NULL,'Y'),(0000052635,00002414,0000002485,'Student',NULL,NULL,'Y'),(0000052636,00002414,0000002754,'Student',NULL,NULL,'Y'),(0000052637,00002414,0000002695,'Student',NULL,NULL,'Y'),(0000052638,00002414,0000002614,'Student',NULL,NULL,'Y'),(0000052639,00002414,0000002459,'Student',NULL,NULL,'Y'),(0000052640,00002414,0000002482,'Student',NULL,NULL,'Y'),(0000052641,00002414,0000002447,'Student',NULL,NULL,'Y'),(0000052642,00002414,0000002611,'Student',NULL,NULL,'Y'),(0000052643,00002414,0000002679,'Student',NULL,NULL,'Y'),(0000052644,00002414,0000002760,'Student',NULL,NULL,'Y'),(0000052645,00002414,0000002746,'Student',NULL,NULL,'Y'),(0000052646,00002414,0000002601,'Student',NULL,NULL,'Y'),(0000052647,00002414,0000002627,'Student',NULL,NULL,'Y'),(0000052648,00002414,0000002715,'Student',NULL,NULL,'Y'),(0000052649,00002414,0000002610,'Student',NULL,NULL,'Y'),(0000052650,00002414,0000002469,'Student',NULL,NULL,'Y'),(0000052651,00002414,0000002645,'Student',NULL,NULL,'Y'),(0000052652,00002414,0000002453,'Student',NULL,NULL,'Y'),(0000052653,00002414,0000002460,'Student',NULL,NULL,'Y'),(0000052654,00002414,0000002633,'Student',NULL,NULL,'Y'),(0000052655,00002414,0000002607,'Student',NULL,NULL,'Y'),(0000052656,00002414,0000002430,'Student',NULL,NULL,'Y'),(0000052657,00002414,0000002696,'Student',NULL,NULL,'Y'),(0000052658,00002414,0000002692,'Student',NULL,NULL,'Y'),(0000052659,00002414,0000002563,'Student',NULL,NULL,'Y'),(0000052660,00002414,0000002652,'Student',NULL,NULL,'Y'),(0000052661,00002414,0000002743,'Student',NULL,NULL,'Y'),(0000052662,00002414,0000002476,'Student',NULL,NULL,'Y'),(0000052663,00002414,0000002699,'Student',NULL,NULL,'Y'),(0000052664,00002414,0000002426,'Student',NULL,NULL,'Y'),(0000052665,00002414,0000002630,'Student',NULL,NULL,'Y'),(0000052666,00002414,0000002642,'Student',NULL,NULL,'Y'),(0000052667,00002414,0000002702,'Student',NULL,NULL,'Y'),(0000052668,00002414,0000002651,'Student',NULL,NULL,'Y'),(0000052669,00002414,0000002657,'Student',NULL,NULL,'Y'),(0000052670,00002414,0000002663,'Student',NULL,NULL,'Y'),(0000052671,00002414,0000002621,'Student',NULL,NULL,'Y'),(0000052672,00002414,0000002566,'Student',NULL,NULL,'Y'),(0000052673,00002414,0000002427,'Student',NULL,NULL,'Y'),(0000052674,00002414,0000002726,'Student',NULL,NULL,'Y'),(0000052675,00002414,0000002639,'Student',NULL,NULL,'Y'),(0000052676,00002414,0000002666,'Student',NULL,NULL,'Y'),(0000052677,00002414,0000002479,'Student',NULL,NULL,'Y'),(0000052678,00002414,0000002708,'Student',NULL,NULL,'Y'),(0000052679,00002414,0000002576,'Student',NULL,NULL,'Y'),(0000052680,00002414,0000002686,'Student',NULL,NULL,'Y'),(0000052681,00002414,0000002433,'Student',NULL,NULL,'Y'),(0000052682,00002414,0000002689,'Student',NULL,NULL,'Y'),(0000052683,00002414,0000002436,'Student',NULL,NULL,'Y'),(0000052684,00002414,0000002570,'Student',NULL,NULL,'Y'),(0000052685,00002414,0000002580,'Student',NULL,NULL,'Y'),(0000052686,00002414,0000002654,'Student',NULL,NULL,'Y'),(0000052687,00002414,0000002586,'Student',NULL,NULL,'Y'),(0000052688,00002414,0000002466,'Student',NULL,NULL,'Y'),(0000052689,00002414,0000002670,'Student',NULL,NULL,'Y'),(0000052690,00002414,0000002749,'Student',NULL,NULL,'Y'),(0000052691,00002414,0000002711,'Student',NULL,NULL,'Y'),(0000052692,00002414,0000002473,'Student',NULL,NULL,'Y'),(0000052693,00002414,0000002624,'Student',NULL,NULL,'Y'),(0000052694,00002414,0000002714,'Student',NULL,NULL,'Y'),(0000052695,00002414,0000002705,'Student',NULL,NULL,'Y'),(0000052696,00002414,0000002700,'Student',NULL,NULL,'Y'),(0000052697,00002414,0000002604,'Student',NULL,NULL,'Y'),(0000052698,00002414,0000002648,'Student',NULL,NULL,'Y'),(0000052699,00002414,0000002660,'Student',NULL,NULL,'Y'),(0000052700,00002414,0000002425,'Student',NULL,NULL,'Y'),(0000052701,00002414,0000002598,'Student',NULL,NULL,'Y'),(0000052702,00002414,0000002573,'Student',NULL,NULL,'Y'),(0000052703,00002414,0000002592,'Student',NULL,NULL,'Y'),(0000052704,00002414,0000002676,'Student',NULL,NULL,'Y'),(0000052705,00002414,0000002463,'Student',NULL,NULL,'Y'),(0000052706,00002414,0000002680,'Student',NULL,NULL,'Y'),(0000052707,00002414,0000002589,'Student',NULL,NULL,'Y'),(0000052708,00002414,0000002595,'Student',NULL,NULL,'Y'),(0000052709,00002414,0000002583,'Student',NULL,NULL,'Y'),(0000052710,00002414,0000002761,'Student',NULL,NULL,'Y'),(0000052711,00002414,0000002618,'Student',NULL,NULL,'Y'),(0000052712,00002292,0000001642,'Student',NULL,NULL,'Y'),(0000052713,00002292,0000001639,'Student',NULL,NULL,'Y'),(0000052714,00002292,0000001744,'Student',NULL,NULL,'Y'),(0000052715,00002292,0000001721,'Student',NULL,NULL,'Y'),(0000052716,00002292,0000002719,'Student',NULL,NULL,'Y'),(0000052717,00002292,0000001686,'Student',NULL,NULL,'Y'),(0000052718,00002292,0000001591,'Student',NULL,NULL,'Y'),(0000052719,00002292,0000002033,'Student',NULL,NULL,'Y'),(0000052720,00002292,0000002309,'Student',NULL,NULL,'Y'),(0000052721,00002292,0000001600,'Student',NULL,NULL,'Y'),(0000052722,00002292,0000001791,'Student',NULL,NULL,'Y'),(0000052723,00002292,0000001730,'Student',NULL,NULL,'Y'),(0000052724,00002292,0000002156,'Student',NULL,NULL,'Y'),(0000052725,00002292,0000002737,'Student',NULL,NULL,'Y'),(0000052726,00002292,0000001801,'Student',NULL,NULL,'Y'),(0000052727,00002292,0000001761,'Student',NULL,NULL,'Y'),(0000052728,00002292,0000002097,'Student',NULL,NULL,'Y'),(0000052729,00002292,0000001779,'Student',NULL,NULL,'Y'),(0000052730,00002291,0000001645,'Student',NULL,NULL,'Y'),(0000052731,00002291,0000002081,'Student',NULL,NULL,'Y'),(0000052732,00002291,0000002060,'Student',NULL,NULL,'Y'),(0000052733,00002291,0000001848,'Student',NULL,NULL,'Y'),(0000052734,00002291,0000002035,'Student',NULL,NULL,'Y'),(0000052735,00002291,0000001700,'Student',NULL,NULL,'Y'),(0000052736,00002291,0000001617,'Student',NULL,NULL,'Y'),(0000052737,00002291,0000002673,'Student',NULL,NULL,'Y'),(0000052738,00002291,0000001735,'Student',NULL,NULL,'Y'),(0000052739,00002291,0000001612,'Student',NULL,NULL,'Y'),(0000052740,00002291,0000001706,'Student',NULL,NULL,'Y'),(0000052741,00002291,0000002488,'Student',NULL,NULL,'Y'),(0000052742,00002291,0000002087,'Student',NULL,NULL,'Y'),(0000052743,00002291,0000001627,'Student',NULL,NULL,'Y'),(0000052744,00002291,0000002401,'Student',NULL,NULL,'Y'),(0000052745,00002291,0000001773,'Student',NULL,NULL,'Y'),(0000052746,00002291,0000001739,'Student',NULL,NULL,'Y'),(0000052747,00002291,0000002066,'Student',NULL,NULL,'Y'),(0000052748,00002291,0000001828,'Student',NULL,NULL,'Y'),(0000052749,00002291,0000001677,'Student',NULL,NULL,'Y'),(0000052750,00002545,0000002386,'Student',NULL,NULL,'Y'),(0000052751,00002545,0000002063,'Student',NULL,NULL,'Y'),(0000052752,00002545,0000001753,'Student',NULL,NULL,'Y'),(0000052753,00002545,0000001713,'Student',NULL,NULL,'Y'),(0000052754,00002545,0000002441,'Student',NULL,NULL,'Y'),(0000052755,00002545,0000001654,'Student',NULL,NULL,'Y'),(0000052756,00002545,0000001858,'Student',NULL,NULL,'Y'),(0000052757,00002545,0000002548,'Student',NULL,NULL,'Y'),(0000052758,00002545,0000001831,'Student',NULL,NULL,'Y'),(0000052759,00002545,0000001796,'Student',NULL,NULL,'Y'),(0000052760,00002545,0000001667,'Student',NULL,NULL,'Y'),(0000052761,00002545,0000001616,'Student',NULL,NULL,'Y'),(0000052762,00002545,0000001609,'Student',NULL,NULL,'Y'),(0000052763,00002545,0000001657,'Student',NULL,NULL,'Y'),(0000052764,00002545,0000001621,'Student',NULL,NULL,'Y'),(0000052765,00002545,0000001628,'Student',NULL,NULL,'Y'),(0000052766,00002545,0000001603,'Student',NULL,NULL,'Y'),(0000052767,00002545,0000002723,'Student',NULL,NULL,'Y'),(0000052768,00002347,0000001276,'Student',NULL,NULL,'Y'),(0000052769,00002347,0000001157,'Student',NULL,NULL,'Y'),(0000052770,00002347,0000001275,'Student',NULL,NULL,'Y'),(0000052771,00002347,0000002100,'Student',NULL,NULL,'Y'),(0000052772,00002347,0000001251,'Student',NULL,NULL,'Y'),(0000052773,00002347,0000001236,'Student',NULL,NULL,'Y'),(0000052774,00002347,0000001257,'Student',NULL,NULL,'Y'),(0000052775,00002347,0000001163,'Student',NULL,NULL,'Y'),(0000052776,00002347,0000001191,'Student',NULL,NULL,'Y'),(0000052777,00002347,0000001226,'Student',NULL,NULL,'Y'),(0000052778,00002347,0000002138,'Student',NULL,NULL,'Y'),(0000052779,00002347,0000001160,'Student',NULL,NULL,'Y'),(0000052780,00002347,0000002145,'Student',NULL,NULL,'Y'),(0000052781,00002347,0000001178,'Student',NULL,NULL,'Y'),(0000052782,00002347,0000002411,'Student',NULL,NULL,'Y'),(0000052783,00002347,0000001214,'Student',NULL,NULL,'Y'),(0000052784,00002347,0000001204,'Student',NULL,NULL,'Y'),(0000052785,00002347,0000001245,'Student',NULL,NULL,'Y'),(0000052786,00002347,0000002120,'Student',NULL,NULL,'Y'),(0000052787,00002347,0000001200,'Student',NULL,NULL,'Y'),(0000052788,00002347,0000001680,'Student',NULL,NULL,'Y'),(0000052789,00002347,0000001193,'Student',NULL,NULL,'Y'),(0000052790,00002347,0000001154,'Student',NULL,NULL,'Y'),(0000052791,00002347,0000001259,'Student',NULL,NULL,'Y'),(0000052792,00002347,0000001233,'Student',NULL,NULL,'Y'),(0000052793,00002347,0000001548,'Student',NULL,NULL,'Y'),(0000052794,00002347,0000001814,'Student',NULL,NULL,'Y'),(0000052795,00002347,0000001254,'Student',NULL,NULL,'Y'),(0000052796,00002347,0000001242,'Student',NULL,NULL,'Y'),(0000052797,00002347,0000001528,'Student',NULL,NULL,'Y'),(0000052798,00002347,0000001201,'Student',NULL,NULL,'Y'),(0000052799,00002347,0000002103,'Student',NULL,NULL,'Y'),(0000052800,00002347,0000002090,'Student',NULL,NULL,'Y'),(0000052801,00002347,0000001179,'Student',NULL,NULL,'Y'),(0000052802,00002338,0000001276,'Student',NULL,NULL,'Y'),(0000052803,00002338,0000001157,'Student',NULL,NULL,'Y'),(0000052804,00002338,0000001275,'Student',NULL,NULL,'Y'),(0000052805,00002338,0000002100,'Student',NULL,NULL,'Y'),(0000052806,00002338,0000001251,'Student',NULL,NULL,'Y'),(0000052807,00002338,0000001236,'Student',NULL,NULL,'Y'),(0000052808,00002338,0000001257,'Student',NULL,NULL,'Y'),(0000052809,00002338,0000001163,'Student',NULL,NULL,'Y'),(0000052810,00002338,0000001191,'Student',NULL,NULL,'Y'),(0000052811,00002338,0000001226,'Student',NULL,NULL,'Y'),(0000052812,00002338,0000002138,'Student',NULL,NULL,'Y'),(0000052813,00002338,0000001160,'Student',NULL,NULL,'Y'),(0000052814,00002338,0000002145,'Student',NULL,NULL,'Y'),(0000052815,00002338,0000001178,'Student',NULL,NULL,'Y'),(0000052816,00002338,0000002411,'Student',NULL,NULL,'Y'),(0000052817,00002338,0000001214,'Student',NULL,NULL,'Y'),(0000052818,00002338,0000001204,'Student',NULL,NULL,'Y'),(0000052819,00002338,0000001245,'Student',NULL,NULL,'Y'),(0000052820,00002338,0000002120,'Student',NULL,NULL,'Y'),(0000052821,00002338,0000001200,'Student',NULL,NULL,'Y'),(0000052822,00002338,0000001680,'Student',NULL,NULL,'Y'),(0000052823,00002338,0000001193,'Student',NULL,NULL,'Y'),(0000052824,00002338,0000001154,'Student',NULL,NULL,'Y'),(0000052825,00002338,0000001259,'Student',NULL,NULL,'Y'),(0000052826,00002338,0000001233,'Student',NULL,NULL,'Y'),(0000052827,00002338,0000001548,'Student',NULL,NULL,'Y'),(0000052828,00002338,0000001814,'Student',NULL,NULL,'Y'),(0000052829,00002338,0000001254,'Student',NULL,NULL,'Y'),(0000052830,00002338,0000001242,'Student',NULL,NULL,'Y'),(0000052831,00002338,0000001528,'Student',NULL,NULL,'Y'),(0000052832,00002338,0000001201,'Student',NULL,NULL,'Y'),(0000052833,00002338,0000002103,'Student',NULL,NULL,'Y'),(0000052834,00002338,0000002090,'Student',NULL,NULL,'Y'),(0000052835,00002338,0000001179,'Student',NULL,NULL,'Y'),(0000052836,00002557,0000002472,'Student',NULL,NULL,'Y'),(0000052837,00002557,0000002615,'Student',NULL,NULL,'Y'),(0000052838,00002557,0000002683,'Student',NULL,NULL,'Y'),(0000052839,00002557,0000002636,'Student',NULL,NULL,'Y'),(0000052840,00002557,0000002450,'Student',NULL,NULL,'Y'),(0000052841,00002557,0000002485,'Student',NULL,NULL,'Y'),(0000052842,00002557,0000002754,'Student',NULL,NULL,'Y'),(0000052843,00002557,0000002695,'Student',NULL,NULL,'Y'),(0000052844,00002557,0000002614,'Student',NULL,NULL,'Y'),(0000052845,00002557,0000002459,'Student',NULL,NULL,'Y'),(0000052846,00002557,0000002482,'Student',NULL,NULL,'Y'),(0000052847,00002557,0000002447,'Student',NULL,NULL,'Y'),(0000052848,00002557,0000002611,'Student',NULL,NULL,'Y'),(0000052849,00002557,0000002679,'Student',NULL,NULL,'Y'),(0000052850,00002557,0000002760,'Student',NULL,NULL,'Y'),(0000052851,00002557,0000002746,'Student',NULL,NULL,'Y'),(0000052852,00002557,0000002601,'Student',NULL,NULL,'Y'),(0000052853,00002557,0000002627,'Student',NULL,NULL,'Y'),(0000052854,00002557,0000002715,'Student',NULL,NULL,'Y'),(0000052855,00002557,0000002610,'Student',NULL,NULL,'Y'),(0000052856,00002557,0000002469,'Student',NULL,NULL,'Y'),(0000052857,00002559,0000002645,'Student',NULL,NULL,'Y'),(0000052858,00002559,0000002453,'Student',NULL,NULL,'Y'),(0000052859,00002559,0000002460,'Student',NULL,NULL,'Y'),(0000052860,00002559,0000002633,'Student',NULL,NULL,'Y'),(0000052861,00002559,0000002607,'Student',NULL,NULL,'Y'),(0000052862,00002559,0000002430,'Student',NULL,NULL,'Y'),(0000052863,00002559,0000002696,'Student',NULL,NULL,'Y'),(0000052864,00002559,0000002692,'Student',NULL,NULL,'Y'),(0000052865,00002559,0000002563,'Student',NULL,NULL,'Y'),(0000052866,00002559,0000002652,'Student',NULL,NULL,'Y'),(0000052867,00002559,0000002743,'Student',NULL,NULL,'Y'),(0000052868,00002559,0000002476,'Student',NULL,NULL,'Y'),(0000052869,00002559,0000002699,'Student',NULL,NULL,'Y'),(0000052870,00002559,0000002426,'Student',NULL,NULL,'Y'),(0000052871,00002559,0000002630,'Student',NULL,NULL,'Y'),(0000052872,00002559,0000002642,'Student',NULL,NULL,'Y'),(0000052873,00002559,0000002702,'Student',NULL,NULL,'Y'),(0000052874,00002559,0000002651,'Student',NULL,NULL,'Y'),(0000052875,00002559,0000002657,'Student',NULL,NULL,'Y'),(0000052876,00002559,0000002663,'Student',NULL,NULL,'Y'),(0000052877,00002559,0000002621,'Student',NULL,NULL,'Y'),(0000052878,00002558,0000002566,'Student',NULL,NULL,'Y'),(0000052879,00002558,0000002427,'Student',NULL,NULL,'Y'),(0000052880,00002558,0000002726,'Student',NULL,NULL,'Y'),(0000052881,00002558,0000002639,'Student',NULL,NULL,'Y'),(0000052882,00002558,0000002666,'Student',NULL,NULL,'Y'),(0000052883,00002558,0000002479,'Student',NULL,NULL,'Y'),(0000052884,00002558,0000002708,'Student',NULL,NULL,'Y'),(0000052885,00002558,0000002576,'Student',NULL,NULL,'Y'),(0000052886,00002558,0000002686,'Student',NULL,NULL,'Y'),(0000052887,00002558,0000002433,'Student',NULL,NULL,'Y'),(0000052888,00002558,0000002689,'Student',NULL,NULL,'Y'),(0000052889,00002558,0000002436,'Student',NULL,NULL,'Y'),(0000052890,00002558,0000002570,'Student',NULL,NULL,'Y'),(0000052891,00002558,0000002580,'Student',NULL,NULL,'Y'),(0000052892,00002558,0000002654,'Student',NULL,NULL,'Y'),(0000052893,00002558,0000002586,'Student',NULL,NULL,'Y'),(0000052894,00002558,0000002466,'Student',NULL,NULL,'Y'),(0000052895,00002558,0000002670,'Student',NULL,NULL,'Y'),(0000052896,00002558,0000002749,'Student',NULL,NULL,'Y'),(0000052897,00002558,0000002711,'Student',NULL,NULL,'Y'),(0000052898,00002558,0000002473,'Student',NULL,NULL,'Y'),(0000052899,00002558,0000002624,'Student',NULL,NULL,'Y'),(0000052900,00002560,0000002714,'Student',NULL,NULL,'Y'),(0000052901,00002560,0000002705,'Student',NULL,NULL,'Y'),(0000052902,00002560,0000002700,'Student',NULL,NULL,'Y'),(0000052903,00002560,0000002604,'Student',NULL,NULL,'Y'),(0000052904,00002560,0000002648,'Student',NULL,NULL,'Y'),(0000052905,00002560,0000002660,'Student',NULL,NULL,'Y'),(0000052906,00002560,0000002425,'Student',NULL,NULL,'Y'),(0000052907,00002560,0000002598,'Student',NULL,NULL,'Y'),(0000052908,00002560,0000002573,'Student',NULL,NULL,'Y'),(0000052909,00002560,0000002592,'Student',NULL,NULL,'Y'),(0000052910,00002560,0000002676,'Student',NULL,NULL,'Y'),(0000052911,00002560,0000002463,'Student',NULL,NULL,'Y'),(0000052912,00002560,0000002680,'Student',NULL,NULL,'Y'),(0000052913,00002560,0000002589,'Student',NULL,NULL,'Y'),(0000052914,00002560,0000002595,'Student',NULL,NULL,'Y'),(0000052915,00002560,0000002583,'Student',NULL,NULL,'Y'),(0000052916,00002560,0000002761,'Student',NULL,NULL,'Y'),(0000052917,00002560,0000002618,'Student',NULL,NULL,'Y'),(0000052918,00002328,0000001396,'Student',NULL,NULL,'Y'),(0000052919,00002328,0000001571,'Student',NULL,NULL,'Y'),(0000052920,00002328,0000001403,'Student',NULL,NULL,'Y'),(0000052921,00002328,0000001399,'Student',NULL,NULL,'Y'),(0000052922,00002328,0000001400,'Student',NULL,NULL,'Y'),(0000052923,00002328,0000001483,'Student',NULL,NULL,'Y'),(0000052924,00002328,0000001507,'Student',NULL,NULL,'Y'),(0000052925,00002328,0000001867,'Student',NULL,NULL,'Y'),(0000052926,00002328,0000001631,'Student',NULL,NULL,'Y'),(0000052927,00002328,0000001710,'Student',NULL,NULL,'Y'),(0000052928,00002329,0000001445,'Student',NULL,NULL,'Y'),(0000052929,00002329,0000002729,'Student',NULL,NULL,'Y'),(0000052930,00002329,0000002380,'Student',NULL,NULL,'Y'),(0000052931,00002329,0000001388,'Student',NULL,NULL,'Y'),(0000052932,00002329,0000002398,'Student',NULL,NULL,'Y'),(0000052933,00002329,0000001364,'Student',NULL,NULL,'Y'),(0000052934,00002331,0000001396,'Student',NULL,NULL,'Y'),(0000052935,00002331,0000001571,'Student',NULL,NULL,'Y'),(0000052936,00002331,0000001403,'Student',NULL,NULL,'Y'),(0000052937,00002331,0000001399,'Student',NULL,NULL,'Y'),(0000052938,00002331,0000001400,'Student',NULL,NULL,'Y'),(0000052939,00002331,0000001483,'Student',NULL,NULL,'Y'),(0000052940,00002331,0000001507,'Student',NULL,NULL,'Y'),(0000052941,00002331,0000001867,'Student',NULL,NULL,'Y'),(0000052942,00002331,0000001631,'Student',NULL,NULL,'Y'),(0000052943,00002331,0000001710,'Student',NULL,NULL,'Y'),(0000052944,00002330,0000001445,'Student',NULL,NULL,'Y'),(0000052945,00002330,0000002729,'Student',NULL,NULL,'Y'),(0000052946,00002330,0000002380,'Student',NULL,NULL,'Y'),(0000052947,00002330,0000001388,'Student',NULL,NULL,'Y'),(0000052948,00002330,0000002398,'Student',NULL,NULL,'Y'),(0000052949,00002330,0000001364,'Student',NULL,NULL,'Y'),(0000052950,00002319,0000001396,'Student',NULL,NULL,'Y'),(0000052951,00002319,0000001571,'Student',NULL,NULL,'Y'),(0000052952,00002319,0000001403,'Student',NULL,NULL,'Y'),(0000052953,00002319,0000001399,'Student',NULL,NULL,'Y'),(0000052954,00002319,0000001400,'Student',NULL,NULL,'Y'),(0000052955,00002319,0000001483,'Student',NULL,NULL,'Y'),(0000052956,00002319,0000001507,'Student',NULL,NULL,'Y'),(0000052957,00002319,0000001867,'Student',NULL,NULL,'Y'),(0000052958,00002319,0000001631,'Student',NULL,NULL,'Y'),(0000052959,00002319,0000001710,'Student',NULL,NULL,'Y'),(0000052960,00002320,0000001445,'Student',NULL,NULL,'Y'),(0000052961,00002320,0000002729,'Student',NULL,NULL,'Y'),(0000052962,00002320,0000002380,'Student',NULL,NULL,'Y'),(0000052963,00002320,0000001388,'Student',NULL,NULL,'Y'),(0000052964,00002320,0000002398,'Student',NULL,NULL,'Y'),(0000052965,00002320,0000001364,'Student',NULL,NULL,'Y'),(0000052966,00002587,0000001200,'Student',NULL,NULL,'N'),(0000052967,00002546,0000001154,'Student',NULL,NULL,'Y'),(0000052968,00002344,0000002120,'Student',NULL,NULL,'Y');

--
